INSERT INTO `prescription_details` (`id`, `prescription_id`, `product_id`, `name`, `instruction`, `created_at`, `updated_at`) VALUES
(4600, 1388, 20, 'KM001 - Acne 1 - Krim Malam', NULL, '2020-04-20 14:00:48', NULL),
(4601, 1388, 64, 'FW001 - FW Acne Hijau - Facial Wash', NULL, '2020-04-20 14:00:48', NULL),
(4602, 1388, 38, 'T003 - Toner Acne - Toner', NULL, '2020-04-20 14:00:48', NULL),
(4603, 1389, 3, 'KS003 - Cream Iritasi - Krim Siang', 'krim postderma', '2020-04-20 16:35:32', NULL),
(4604, 1389, 38, 'T003 - Toner Acne - Toner', NULL, '2020-04-20 16:35:32', NULL),
(4605, 1390, 8, 'KS004 - Derma Moist Cream - Krim Siang', NULL, '2020-04-20 16:40:40', NULL),
(4606, 1390, 37, 'T002 - Sooting Water - Toner', NULL, '2020-04-20 16:40:40', NULL),
(4607, 1390, 6, 'KS001 - Acne Sunscreen - Krim Siang', NULL, '2020-04-20 16:40:40', NULL),
(4608, 1390, 69, 'FW006 - PHA FW Sensitif - Facial Wash', NULL, '2020-04-20 16:40:40', NULL),
(4613, 1391, 55, 'OB006 - Mazthione - Obat', NULL, '2020-04-21 11:53:04', NULL),
(4614, 1391, 56, 'OB007 - Prove C - Obat', NULL, '2020-04-21 11:53:04', NULL),
(4617, 1392, 22, 'KM005 - Radiance Whitening Night - Krim Malam', NULL, '2020-04-21 12:18:27', NULL),
(4618, 1392, 56, 'OB007 - Prove C - Obat', '2x1', '2020-04-21 12:18:27', NULL),
(4622, 1393, 30, 'KM009 - White 1 - Krim Malam', NULL, '2020-04-21 12:20:39', NULL),
(4623, 1393, 82, 'SR003 - Serum Anti Aging - Serum', 'serum HPS', '2020-04-21 12:20:39', NULL),
(4624, 1393, 140, 'KS014 - Sunscreen Whitening - Krim Siang', 'spf 50', '2020-04-21 12:20:39', NULL),
(4625, 1394, 32, 'KM010 - White 1+ - Krim Malam', NULL, '2020-04-21 12:47:10', NULL),
(4626, 1394, 36, 'T001 - Light Essence - Toner', NULL, '2020-04-21 12:47:10', NULL),
(4631, 1395, 67, 'FW004 - FW NTD - Facial Wash', NULL, '2020-04-21 12:58:08', NULL),
(4632, 1395, 6, 'KS001 - Acne Sunscreen - Krim Siang', NULL, '2020-04-21 12:58:08', NULL),
(4633, 1395, 8, 'KS004 - Derma Moist Cream - Krim Siang', 'serum HPS', '2020-04-21 12:58:08', NULL),
(4634, 1395, 58, 'OB009 - Pure Skin - Obat', '30 tablet', '2020-04-21 12:58:08', NULL),
(4635, 1396, 51, 'OB002 - Calorease - Obat', '1 box simfix', '2020-04-21 14:24:38', NULL),
(4641, 1397, 140, 'KS014 - Sunscreen Whitening - Krim Siang', NULL, '2020-04-21 15:23:03', NULL),
(4642, 1397, 22, 'KM005 - Radiance Whitening Night - Krim Malam', NULL, '2020-04-21 15:23:03', NULL),
(4643, 1397, 89, 'SR010 - Serum Vitamin C - Serum', NULL, '2020-04-21 15:23:03', NULL),
(4644, 1397, 142, 'CL001 - Cleansing Milk Green Tea - Cleansing', 'glowing buble skin', '2020-04-21 15:23:03', NULL),
(4645, 1397, 36, 'T001 - Light Essence - Toner', NULL, '2020-04-21 15:23:03', NULL),
(4646, 1398, 6, 'KS001 - Acne Sunscreen - Krim Siang', NULL, '2020-04-21 15:25:21', NULL),
(4647, 1398, 38, 'T003 - Toner Acne - Toner', NULL, '2020-04-21 15:25:21', NULL),
(4648, 1399, 6, 'KS001 - Acne Sunscreen - Krim Siang', NULL, '2020-04-21 15:29:37', NULL),
(4649, 1399, 33, 'KM012 - White Acne - Krim Malam', NULL, '2020-04-21 15:29:37', NULL),
(4650, 1399, 64, 'FW001 - FW Acne Hijau - Facial Wash', NULL, '2020-04-21 15:29:37', NULL),
(4651, 1399, 38, 'T003 - Toner Acne - Toner', NULL, '2020-04-21 15:29:37', NULL),
(4652, 1399, 81, 'SR002 - Serum Anti Acne - Serum', NULL, '2020-04-21 15:29:37', NULL),
(4653, 1400, 33, 'KM012 - White Acne - Krim Malam', NULL, '2020-04-23 11:21:38', NULL),
(4654, 1400, 6, 'KS001 - Acne Sunscreen - Krim Siang', NULL, '2020-04-23 11:21:38', NULL),
(4655, 1400, 89, 'SR010 - Serum Vitamin C - Serum', NULL, '2020-04-23 11:21:38', NULL),
(4656, 1400, 38, 'T003 - Toner Acne - Toner', NULL, '2020-04-23 11:21:38', NULL),
(4657, 1401, 140, 'KS014 - Sunscreen Whitening - Krim Siang', NULL, '2020-04-23 13:49:58', NULL),
(4658, 1401, 40, 'T005 - Toner Green Tea - Toner', NULL, '2020-04-23 13:49:58', NULL),
(4659, 1401, 89, 'SR010 - Serum Vitamin C - Serum', 'maskr vit c', '2020-04-23 13:49:58', NULL),
(4660, 1401, 142, 'CL001 - Cleansing Milk Green Tea - Cleansing', 'glowing buble skin', '2020-04-23 13:49:58', NULL),
(4661, 1402, 30, 'KM009 - White 1 - Krim Malam', NULL, '2020-04-23 14:02:45', NULL),
(4662, 1402, 41, 'KT001 - Biotopix Eyebags - Krim Tambahan', NULL, '2020-04-23 14:02:45', NULL),
(4663, 1402, 36, 'T001 - Light Essence - Toner', NULL, '2020-04-23 14:02:45', NULL),
(4664, 1402, 66, 'FW003 - FW Brightening - Facial Wash', NULL, '2020-04-23 14:02:45', NULL),
(4665, 1402, 60, 'OB011 - Glowing Capsule - Obat', NULL, '2020-04-23 14:02:45', NULL),
(4666, 1402, 19, 'KS013 - Sunscreen Pink S - Krim Siang', 'glowing suncreen', '2020-04-23 14:02:45', NULL),
(4667, 1403, 56, 'OB007 - Prove C - Obat', NULL, '2020-04-23 14:10:12', NULL),
(4668, 1403, 53, 'OB004 - Fair Skin - Obat', NULL, '2020-04-23 14:10:12', NULL),
(4669, 1403, 28, 'KM007 - Totol Flek - Krim Malam', NULL, '2020-04-23 14:10:12', NULL),
(4670, 1404, 29, 'KM008 - Totol Jerawat - Krim Malam', NULL, '2020-04-23 14:16:20', NULL),
(4671, 1404, 58, 'OB009 - Pure Skin - Obat', NULL, '2020-04-23 14:16:20', NULL),
(4672, 1404, 54, 'OB005 - Isotretinoin - Obat', NULL, '2020-04-23 14:16:20', NULL),
(4674, 1405, 8, 'KS004 - Derma Moist Cream - Krim Siang', NULL, '2020-04-23 14:22:41', NULL),
(4675, 1406, 138, 'KM011 - white 2 - Krim Malam', NULL, '2020-04-25 10:26:23', NULL),
(4676, 1407, 8, 'KS004 - Derma Moist Cream - Krim Siang', NULL, '2020-04-25 10:29:13', NULL),
(4678, 1408, 22, 'KM005 - Radiance Whitening Night - Krim Malam', NULL, '2020-04-25 10:48:59', NULL),
(4681, 1409, 35, 'KM013 - WP 4 - Krim Malam', 'translucent night cream', '2020-04-25 11:02:33', NULL),
(4682, 1409, 89, 'SR010 - Serum Vitamin C - Serum', 'serum DNA salmon', '2020-04-25 11:02:33', NULL),
(4683, 1410, 69, 'FW006 - PHA FW Sensitif - Facial Wash', NULL, '2020-04-25 11:24:25', NULL),
(4684, 1410, 14, 'KS009 - SB Sensitif - Krim Siang', NULL, '2020-04-25 11:24:25', NULL),
(4685, 1410, 30, 'KM009 - White 1 - Krim Malam', NULL, '2020-04-25 11:24:25', NULL),
(4686, 1410, 3, 'KS003 - Cream Iritasi - Krim Siang', NULL, '2020-04-25 11:24:25', NULL),
(4688, 1411, 8, 'KS004 - Derma Moist Cream - Krim Siang', NULL, '2020-04-25 11:39:40', NULL),
(4690, 1412, 148, 'KM18 - translucent night cream - Krim Malam', 'hanya dibagian totol saja', '2020-04-25 12:02:20', NULL),
(4696, 1413, 6, 'KS001 - Acne Sunscreen - Krim Siang', NULL, '2020-04-25 12:17:40', NULL),
(4697, 1413, 33, 'KM012 - White Acne - Krim Malam', 'acne 5G', '2020-04-25 12:17:40', NULL),
(4698, 1413, 38, 'T003 - Toner Acne - Toner', 'pore essence', '2020-04-25 12:17:40', NULL),
(4699, 1413, 3, 'KS003 - Cream Iritasi - Krim Siang', 'serum HPS', '2020-04-25 12:17:40', NULL),
(4700, 1413, 58, 'OB009 - Pure Skin - Obat', 'simzen', '2020-04-25 12:17:40', NULL),
(4701, 1414, 6, 'KS001 - Acne Sunscreen - Krim Siang', NULL, '2020-04-25 12:24:21', NULL),
(4702, 1414, 64, 'FW001 - FW Acne Hijau - Facial Wash', NULL, '2020-04-25 12:24:21', NULL),
(4703, 1414, 8, 'KS004 - Derma Moist Cream - Krim Siang', 'acne 5G', '2020-04-25 12:24:21', NULL),
(4704, 1415, 33, 'KM012 - White Acne - Krim Malam', NULL, '2020-04-25 13:54:07', NULL),
(4705, 1415, 60, 'OB011 - Glowing Capsule - Obat', NULL, '2020-04-25 13:54:07', NULL),
(4706, 1415, 56, 'OB007 - Prove C - Obat', NULL, '2020-04-25 13:54:07', NULL),
(4707, 1416, 6, 'KS001 - Acne Sunscreen - Krim Siang', NULL, '2020-04-25 15:36:25', NULL),
(4708, 1416, 33, 'KM012 - White Acne - Krim Malam', NULL, '2020-04-25 15:36:25', NULL),
(4709, 1416, 64, 'FW001 - FW Acne Hijau - Facial Wash', NULL, '2020-04-25 15:36:25', NULL),
(4710, 1416, 38, 'T003 - Toner Acne - Toner', NULL, '2020-04-25 15:36:25', NULL),
(4711, 1417, 33, 'KM012 - White Acne - Krim Malam', NULL, '2020-04-27 11:04:27', NULL),
(4712, 1417, 6, 'KS001 - Acne Sunscreen - Krim Siang', NULL, '2020-04-27 11:04:27', NULL),
(4713, 1417, 38, 'T003 - Toner Acne - Toner', NULL, '2020-04-27 11:04:27', NULL),
(4714, 1417, 69, 'FW006 - PHA FW Sensitif - Facial Wash', NULL, '2020-04-27 11:04:27', NULL),
(4715, 1417, 89, 'SR010 - Serum Vitamin C - Serum', NULL, '2020-04-27 11:04:27', NULL),
(4716, 1418, 50, 'OB001 - Asta Plus - Obat', NULL, '2020-04-27 11:36:22', NULL),
(4717, 1418, 60, 'OB011 - Glowing Capsule - Obat', NULL, '2020-04-27 11:36:22', NULL),
(4721, 1419, 8, 'KS004 - Derma Moist Cream - Krim Siang', 'serum HPS', '2020-04-27 11:44:55', NULL),
(4722, 1419, 56, 'OB007 - Prove C - Obat', NULL, '2020-04-27 11:44:55', NULL),
(4723, 1419, 69, 'FW006 - PHA FW Sensitif - Facial Wash', NULL, '2020-04-27 11:44:55', NULL),
(4728, 1420, 30, 'KM009 - White 1 - Krim Malam', 'serm DNA salmon', '2020-04-27 11:55:16', NULL),
(4729, 1420, 36, 'T001 - Light Essence - Toner', NULL, '2020-04-27 11:55:16', NULL),
(4730, 1420, 60, 'OB011 - Glowing Capsule - Obat', '20', '2020-04-27 11:55:16', NULL),
(4731, 1420, 141, 'KS011 - SPF 50 Whitening - Krim Siang', NULL, '2020-04-27 11:55:16', NULL),
(4732, 1420, 66, 'FW003 - FW Brightening - Facial Wash', NULL, '2020-04-27 11:55:16', NULL),
(4733, 1421, 33, 'KM012 - White Acne - Krim Malam', NULL, '2020-04-27 12:15:43', NULL),
(4734, 1421, 6, 'KS001 - Acne Sunscreen - Krim Siang', NULL, '2020-04-27 12:15:43', NULL),
(4735, 1421, 38, 'T003 - Toner Acne - Toner', NULL, '2020-04-27 12:15:43', NULL),
(4736, 1421, 64, 'FW001 - FW Acne Hijau - Facial Wash', NULL, '2020-04-27 12:15:43', NULL),
(4737, 1421, 84, 'SR005 - Serum Fruit Acid - Serum', NULL, '2020-04-27 12:15:43', NULL),
(4738, 1422, 138, 'KM011 - white 2 - Krim Malam', NULL, '2020-04-27 12:30:20', NULL),
(4739, 1423, 20, 'KM001 - Acne 1 - Krim Malam', 'ACNE HERB', '2020-04-27 14:45:24', NULL),
(4740, 1423, 12, 'KS005 - SB Acne - Krim Siang', 'ACNE CARE SERUM', '2020-04-27 14:45:24', NULL),
(4741, 1423, 38, 'T003 - Toner Acne - Toner', NULL, '2020-04-27 14:45:24', NULL),
(4742, 1423, 64, 'FW001 - FW Acne Hijau - Facial Wash', NULL, '2020-04-27 14:45:24', NULL),
(4743, 1423, 29, 'KM008 - Totol Jerawat - Krim Malam', NULL, '2020-04-27 14:45:24', NULL),
(4744, 1424, 138, 'KM011 - white 2 - Krim Malam', NULL, '2020-04-28 12:20:44', NULL),
(4745, 1424, 140, 'KS014 - Sunscreen Whitening - Krim Siang', NULL, '2020-04-28 12:20:44', NULL),
(4746, 1424, 89, 'SR010 - Serum Vitamin C - Serum', NULL, '2020-04-28 12:20:44', NULL),
(4747, 1424, 142, 'CL001 - Cleansing Milk Green Tea - Cleansing', NULL, '2020-04-28 12:20:44', NULL),
(4748, 1424, 40, 'T005 - Toner Green Tea - Toner', NULL, '2020-04-28 12:20:44', NULL),
(4749, 1424, 66, 'FW003 - FW Brightening - Facial Wash', NULL, '2020-04-28 12:20:44', NULL),
(4750, 1425, 8, 'KS004 - Derma Moist Cream - Krim Siang', 'hps', '2020-04-28 12:30:16', NULL),
(4751, 1425, 14, 'KS009 - SB Sensitif - Krim Siang', 'shooting water', '2020-04-28 12:30:16', NULL),
(4752, 1425, 69, 'FW006 - PHA FW Sensitif - Facial Wash', 'prove c 1x1', '2020-04-28 12:30:16', NULL),
(4753, 1426, 3, 'KS003 - Cream Iritasi - Krim Siang', 'hps', '2020-04-28 12:58:25', NULL),
(4754, 1427, 32, 'KM010 - White 1+ - Krim Malam', 'shooting water', '2020-04-29 13:28:52', NULL),
(4755, 1427, 14, 'KS009 - SB Sensitif - Krim Siang', NULL, '2020-04-29 13:28:52', NULL),
(4756, 1427, 69, 'FW006 - PHA FW Sensitif - Facial Wash', NULL, '2020-04-29 13:28:52', NULL),
(4757, 1427, 8, 'KS006 - Derma Moist Cream - Krim Siang', NULL, '2020-04-29 13:28:52', NULL),
(4758, 1428, 89, 'SR008 - Serum Vitamin C - Serum', NULL, '2020-04-29 13:29:42', NULL),
(4759, 1429, 138, 'KM013 - White 2 - Krim Malam', NULL, '2020-04-29 15:47:17', NULL),
(4760, 1429, 149, 'KS015 - Premium Sunscreen whitening - Krim Siang', NULL, '2020-04-29 15:47:17', NULL),
(4761, 1429, 89, 'SR008 - Serum Vitamin C - Serum', NULL, '2020-04-29 15:47:17', NULL),
(4762, 1429, 40, 'T004 - Toner Green Tea - Toner', NULL, '2020-04-29 15:47:17', NULL),
(4763, 1429, 142, 'CL001 - Cleansing Milk Green Tea - Cleansing', NULL, '2020-04-29 15:47:17', NULL),
(4764, 1429, 69, 'FW006 - PHA FW Sensitif - Facial Wash', NULL, '2020-04-29 15:47:17', NULL),
(4765, 1430, 3, 'KS001 - Cream Iritasi - Krim Siang', 'LANJUT', '2020-04-29 15:56:56', NULL),
(4766, 1431, 33, 'KM011 - White Acne - Krim Malam', NULL, '2020-04-29 16:00:39', NULL),
(4767, 1431, 6, 'KS004 - Acne Sunscreen - Krim Siang', NULL, '2020-04-29 16:00:39', NULL),
(4768, 1431, 81, 'SR001 - Serum Acne Care - Serum', NULL, '2020-04-29 16:00:39', NULL),
(4769, 1431, 38, 'T003 - Toner Acne - Toner', NULL, '2020-04-29 16:00:39', NULL),
(4770, 1431, 64, 'FW001 - FW Acne Hijau - Facial Wash', NULL, '2020-04-29 16:00:39', NULL),
(4771, 1432, 30, 'KM009 - White 1 - Krim Malam', NULL, '2020-04-30 10:34:32', NULL),
(4772, 1432, 140, 'KS013 - Sunscreen Brightening - Krim Siang', NULL, '2020-04-30 10:34:32', NULL),
(4773, 1432, 66, 'FW003 - FW Brightening - Facial Wash', NULL, '2020-04-30 10:34:32', NULL),
(4774, 1432, 36, 'T001 - Light Essence - Toner', NULL, '2020-04-30 10:34:32', NULL),
(4775, 1432, 142, 'CL001 - Cleansing Milk Green Tea - Cleansing', NULL, '2020-04-30 10:34:32', NULL),
(4776, 1432, 154, 'SR009 - DNA Salmon - Serum', NULL, '2020-04-30 10:34:32', NULL),
(4777, 1433, 165, 'OB014 - Simfix - Obat', '2x1', '2020-04-30 11:32:24', NULL),
(4779, 1435, 30, 'KM009 - White 1 - Krim Malam', NULL, '2020-04-30 11:36:49', NULL),
(4780, 1435, 66, 'FW003 - FW Brightening - Facial Wash', NULL, '2020-04-30 11:36:49', NULL),
(4782, 1435, 40, 'T004 - Toner Green Tea - Toner', NULL, '2020-04-30 11:36:49', NULL),
(4784, 1435, 142, 'CL001 - Cleansing Milk Green Tea - Cleansing', NULL, '2020-04-30 11:36:49', NULL),
(4786, 1435, 89, 'SR008 - Serum Vitamin C - Serum', NULL, '2020-04-30 11:36:49', NULL),
(4788, 1436, 32, 'KM010 - White 1+ - Krim Malam', 'day lotion pagi dan malam', '2020-04-30 11:39:40', NULL),
(4794, 1437, 8, 'KS006 - Derma Moist Cream - Krim Siang', NULL, '2020-04-30 11:54:34', NULL),
(4795, 1437, 6, 'KS004 - Acne Sunscreen - Krim Siang', NULL, '2020-04-30 11:54:34', NULL),
(4796, 1437, 29, 'KM008 - Totol Jerawat - Krim Malam', NULL, '2020-04-30 11:54:34', NULL),
(4797, 1437, 33, 'KM011 - White Acne - Krim Malam', NULL, '2020-04-30 11:54:34', NULL),
(4798, 1437, 69, 'FW006 - PHA FW Sensitif - Facial Wash', NULL, '2020-04-30 11:54:34', NULL),
(4799, 1438, 6, 'KS004 - Acne Sunscreen - Krim Siang', NULL, '2020-04-30 12:19:03', NULL),
(4800, 1438, 33, 'KM011 - White Acne - Krim Malam', NULL, '2020-04-30 12:19:03', NULL),
(4801, 1438, 8, 'KS006 - Derma Moist Cream - Krim Siang', NULL, '2020-04-30 12:19:03', NULL),
(4802, 1438, 64, 'FW001 - FW Acne Hijau - Facial Wash', NULL, '2020-04-30 12:19:03', NULL),
(4803, 1438, 155, 'SR010 - Serum HPS - Serum', NULL, '2020-04-30 12:19:03', NULL),
(4804, 1439, 68, 'FW005 - FW NTO - Facial Wash', NULL, '2020-04-30 12:37:09', NULL),
(4805, 1439, 6, 'KS004 - Acne Sunscreen - Krim Siang', 'acne 5G', '2020-04-30 12:37:09', NULL),
(4806, 1439, 153, 'T005 - Pore Essence - Toner', 'alfacid scrub', '2020-04-30 12:37:09', NULL),
(4807, 1440, 89, 'SR008 - Serum Vitamin C - Serum', '+serum C+', '2020-04-30 12:42:40', NULL),
(4808, 1440, 148, 'KM019 - Translucent Night Cream - Krim Malam', 'totol flek', '2020-04-30 12:42:40', NULL),
(4813, 1441, 6, 'KS004 - Acne Sunscreen - Krim Siang', NULL, '2020-04-30 13:08:20', NULL),
(4814, 1441, 33, 'KM011 - White Acne - Krim Malam', NULL, '2020-04-30 13:08:20', NULL),
(4815, 1441, 38, 'T003 - Toner Acne - Toner', NULL, '2020-04-30 13:08:20', NULL),
(4816, 1441, 81, 'SR001 - Serum Acne Care - Serum', NULL, '2020-04-30 13:08:20', NULL),
(4817, 1442, 12, 'KS007 - SB Acne - Krim Siang', NULL, '2020-04-30 13:46:37', NULL),
(4818, 1442, 20, 'KM001 - Acne 1 - Krim Malam', NULL, '2020-04-30 13:46:37', NULL),
(4819, 1442, 64, 'FW001 - FW Acne Hijau - Facial Wash', NULL, '2020-04-30 13:46:37', NULL),
(4820, 1442, 38, 'T003 - Toner Acne - Toner', NULL, '2020-04-30 13:46:37', NULL),
(4821, 1442, 81, 'SR001 - Serum Acne Care - Serum', NULL, '2020-04-30 13:46:37', NULL),
(4822, 1442, 58, 'OB009 - Pure Skin - Obat', '2x1', '2020-04-30 13:46:37', NULL),
(4823, 1443, 20, 'KM001 - Acne 1 - Krim Malam', 'Acne 5G', '2020-04-30 13:55:41', NULL),
(4824, 1443, 55, 'OB006 - Mazthione - Obat', 'glowing capsule', '2020-04-30 13:55:41', NULL),
(4825, 1444, 35, 'KM012 - WP 4 - Krim Malam', NULL, '2020-04-30 14:00:10', NULL),
(4826, 1444, 8, 'KS006 - Derma Moist Cream - Krim Siang', NULL, '2020-04-30 14:00:10', NULL),
(4827, 1444, 140, 'KS013 - Sunscreen Brightening - Krim Siang', NULL, '2020-04-30 14:00:10', NULL),
(4828, 1444, 40, 'T004 - Toner Green Tea - Toner', NULL, '2020-04-30 14:00:10', NULL),
(4829, 1445, 148, 'KM019 - Translucent Night Cream - Krim Malam', NULL, '2020-04-30 14:52:12', NULL),
(4830, 1446, 6, 'KS004 - Acne Sunscreen - Krim Siang', NULL, '2020-04-30 14:57:53', NULL),
(4831, 1446, 33, 'KM011 - White Acne - Krim Malam', NULL, '2020-04-30 14:57:53', NULL),
(4832, 1446, 153, 'T005 - Pore Essence - Toner', NULL, '2020-04-30 14:57:53', NULL),
(4833, 1446, 84, 'SR003 - Serum Fruit Acid - Serum', NULL, '2020-04-30 14:57:53', NULL),
(4834, 1447, 6, 'KS004 - Acne Sunscreen - Krim Siang', NULL, '2020-05-01 10:59:47', NULL),
(4835, 1447, 33, 'KM011 - White Acne - Krim Malam', NULL, '2020-05-01 10:59:47', NULL),
(4836, 1447, 64, 'FW001 - FW Acne Hijau - Facial Wash', NULL, '2020-05-01 10:59:47', NULL),
(4837, 1447, 38, 'T003 - Toner Acne - Toner', NULL, '2020-05-01 10:59:47', NULL),
(4838, 1447, 8, 'KS006 - Derma Moist Cream - Krim Siang', NULL, '2020-05-01 10:59:47', NULL),
(4839, 1448, 6, 'KS004 - Acne Sunscreen - Krim Siang', NULL, '2020-05-01 11:11:51', NULL),
(4840, 1448, 33, 'KM011 - White Acne - Krim Malam', NULL, '2020-05-01 11:11:51', NULL),
(4841, 1448, 64, 'FW001 - FW Acne Hijau - Facial Wash', 'alfacid scrub', '2020-05-01 11:11:51', NULL),
(4842, 1449, 6, 'KS004 - Acne Sunscreen - Krim Siang', NULL, '2020-05-01 11:57:57', NULL),
(4843, 1449, 152, 'OB013 - Acne Herb - Obat', NULL, '2020-05-01 11:57:57', NULL),
(4844, 1449, 155, 'SR010 - Serum HPS - Serum', NULL, '2020-05-01 11:57:57', NULL),
(4845, 1449, 29, 'KM008 - Totol Jerawat - Krim Malam', NULL, '2020-05-01 11:57:57', NULL),
(4846, 1449, 33, 'KM011 - White Acne - Krim Malam', NULL, '2020-05-01 11:57:57', NULL),
(4847, 1449, 153, 'T005 - Pore Essence - Toner', NULL, '2020-05-01 11:57:57', NULL),
(4848, 1450, 8, 'KS006 - Derma Moist Cream - Krim Siang', NULL, '2020-05-01 13:24:08', NULL),
(4849, 1450, 88, 'SR007 - Serum Peptide - Serum', NULL, '2020-05-01 13:24:08', NULL),
(4850, 1450, 40, 'T004 - Toner Green Tea - Toner', NULL, '2020-05-01 13:24:08', NULL),
(4851, 1450, 6, 'KS004 - Acne Sunscreen - Krim Siang', NULL, '2020-05-01 13:24:08', NULL),
(4852, 1450, 30, 'KM009 - White 1 - Krim Malam', '+', '2020-05-01 13:24:08', NULL),
(4853, 1451, 3, 'KS001 - Cream Iritasi - Krim Siang', NULL, '2020-05-01 13:25:56', NULL),
(4858, 1452, 8, 'KS006 - Derma Moist Cream - Krim Siang', NULL, '2020-05-01 13:45:57', NULL),
(4859, 1452, 40, 'T004 - Toner Green Tea - Toner', NULL, '2020-05-01 13:45:57', NULL),
(4860, 1452, 148, 'KM019 - Translucent Night Cream - Krim Malam', NULL, '2020-05-01 13:45:57', NULL),
(4861, 1452, 33, 'KM011 - White Acne - Krim Malam', NULL, '2020-05-01 13:45:57', NULL),
(4862, 1453, 6, 'KS004 - Acne Sunscreen - Krim Siang', NULL, '2020-05-01 13:50:53', NULL),
(4863, 1453, 33, 'KM011 - White Acne - Krim Malam', NULL, '2020-05-01 13:50:53', NULL),
(4864, 1453, 64, 'FW001 - FW Acne Hijau - Facial Wash', NULL, '2020-05-01 13:50:53', NULL),
(4865, 1453, 38, 'T003 - Toner Acne - Toner', NULL, '2020-05-01 13:50:53', NULL),
(4866, 1453, 81, 'SR001 - Serum Acne Care - Serum', NULL, '2020-05-01 13:50:53', NULL),
(4872, 1454, 68, 'FW005 - FW NTO - Facial Wash', NULL, '2020-05-01 14:26:13', NULL),
(4873, 1454, 6, 'KS004 - Acne Sunscreen - Krim Siang', NULL, '2020-05-01 14:26:13', NULL),
(4874, 1454, 54, 'OB005 - Isotretinoin - Obat', '15', '2020-05-01 14:26:13', NULL),
(4875, 1454, 33, 'KM011 - White Acne - Krim Malam', NULL, '2020-05-01 14:26:13', NULL),
(4876, 1454, 153, 'T005 - Pore Essence - Toner', NULL, '2020-05-01 14:26:13', NULL),
(4877, 1455, 22, 'KM003 - Radiance Whitening Night - Krim Malam', '+', '2020-05-01 14:47:00', NULL),
(4878, 1455, 6, 'KS004 - Acne Sunscreen - Krim Siang', NULL, '2020-05-01 14:47:00', NULL),
(4879, 1456, 12, 'KS007 - SB Acne - Krim Siang', NULL, '2020-05-01 15:23:22', NULL),
(4880, 1456, 20, 'KM001 - Acne 1 - Krim Malam', NULL, '2020-05-01 15:23:22', NULL),
(4881, 1456, 81, 'SR001 - Serum Acne Care - Serum', NULL, '2020-05-01 15:23:22', NULL),
(4882, 1456, 38, 'T003 - Toner Acne - Toner', NULL, '2020-05-01 15:23:22', NULL),
(4883, 1456, 29, 'KM008 - Totol Jerawat - Krim Malam', NULL, '2020-05-01 15:23:22', NULL),
(4884, 1456, 152, 'OB013 - Acne Herb - Obat', NULL, '2020-05-01 15:23:22', NULL),
(4885, 1457, 148, 'KM019 - Translucent Night Cream - Krim Malam', NULL, '2020-05-02 11:01:45', NULL),
(4886, 1457, 104, 'KOS002 - Loose Powder Silky Touch - Kosmetik', NULL, '2020-05-02 11:01:45', NULL),
(4887, 1457, 8, 'KS006 - Derma Moist Cream - Krim Siang', NULL, '2020-05-02 11:01:45', NULL),
(4888, 1458, 152, 'OB013 - Acne Herb - Obat', '2X2', '2020-05-02 11:28:01', NULL),
(4889, 1458, 89, 'SR008 - Serum Vitamin C - Serum', '+CLINDA', '2020-05-02 11:28:01', NULL),
(4890, 1458, 38, 'T003 - Toner Acne - Toner', NULL, '2020-05-02 11:28:01', NULL),
(4891, 1459, 8, 'KS006 - Derma Moist Cream - Krim Siang', NULL, '2020-05-02 13:08:51', NULL),
(4892, 1459, 138, 'KM013 - White 2 - Krim Malam', NULL, '2020-05-02 13:08:51', NULL),
(4893, 1459, 6, 'KS004 - Acne Sunscreen - Krim Siang', NULL, '2020-05-02 13:08:51', NULL),
(4894, 1460, 6, 'KS004 - Acne Sunscreen - Krim Siang', NULL, '2020-05-02 13:13:49', NULL),
(4895, 1460, 33, 'KM011 - White Acne - Krim Malam', NULL, '2020-05-02 13:13:49', NULL),
(4896, 1460, 64, 'FW001 - FW Acne Hijau - Facial Wash', NULL, '2020-05-02 13:13:49', NULL),
(4897, 1460, 38, 'T003 - Toner Acne - Toner', NULL, '2020-05-02 13:13:49', NULL),
(4898, 1460, 81, 'SR001 - Serum Acne Care - Serum', NULL, '2020-05-02 13:13:49', NULL),
(4899, 1460, 152, 'OB013 - Acne Herb - Obat', NULL, '2020-05-02 13:13:49', NULL),
(4900, 1460, 7, 'KS005 - BB Cream - Krim Siang', NULL, '2020-05-02 13:13:49', NULL),
(4901, 1461, 3, 'KS001 - Cream Iritasi - Krim Siang', NULL, '2020-05-02 13:18:55', NULL),
(4902, 1462, 22, 'KM003 - Radiance Whitening Night - Krim Malam', 'dau lotion,pagi da malam', '2020-05-02 13:22:27', NULL),
(4905, 1463, 148, 'KM019 - Translucent Night Cream - Krim Malam', NULL, '2020-05-02 13:45:23', NULL),
(4906, 1463, 55, 'OB006 - Mazthione - Obat', NULL, '2020-05-02 13:45:23', NULL),
(4907, 1464, 6, 'KS004 - Acne Sunscreen - Krim Siang', NULL, '2020-05-02 13:49:34', NULL),
(4908, 1464, 55, 'OB006 - Mazthione - Obat', 'glowing capsule', '2020-05-02 13:49:34', NULL),
(4909, 1465, 138, 'KM013 - White 2 - Krim Malam', NULL, '2020-05-02 15:17:02', NULL),
(4910, 1465, 55, 'OB006 - Mazthione - Obat', '2x1', '2020-05-02 15:17:02', NULL),
(4911, 1465, 141, 'KS014 - Sunscreen Glow - Krim Siang', NULL, '2020-05-02 15:17:02', NULL),
(4912, 1465, 64, 'FW001 - FW Acne Hijau - Facial Wash', NULL, '2020-05-02 15:17:02', NULL),
(4913, 1465, 153, 'T005 - Pore Essence - Toner', NULL, '2020-05-02 15:17:02', NULL),
(4914, 1465, 104, 'KOS002 - Loose Powder Silky Touch - Kosmetik', NULL, '2020-05-02 15:17:02', NULL),
(4915, 1466, 6, 'KS004 - Acne Sunscreen - Krim Siang', NULL, '2020-05-04 10:42:49', NULL),
(4916, 1466, 33, 'KM011 - White Acne - Krim Malam', NULL, '2020-05-04 10:42:49', NULL),
(4917, 1466, 69, 'FW006 - PHA FW Sensitif - Facial Wash', NULL, '2020-05-04 10:42:49', NULL),
(4918, 1466, 3, 'KS001 - Cream Iritasi - Krim Siang', NULL, '2020-05-04 10:42:49', NULL),
(4919, 1466, 89, 'SR008 - Serum Vitamin C - Serum', NULL, '2020-05-04 10:42:49', NULL),
(4920, 1467, 30, 'KM009 - White 1 - Krim Malam', NULL, '2020-05-04 10:46:57', NULL),
(4921, 1467, 66, 'FW003 - FW Brightening - Facial Wash', NULL, '2020-05-04 10:46:57', NULL),
(4922, 1467, 142, 'CL001 - Cleansing Milk Green Tea - Cleansing', NULL, '2020-05-04 10:46:57', NULL),
(4923, 1467, 40, 'T004 - Toner Green Tea - Toner', NULL, '2020-05-04 10:46:57', NULL),
(4924, 1467, 141, 'KS014 - Sunscreen Glow - Krim Siang', NULL, '2020-05-04 10:46:57', NULL),
(4925, 1467, 167, 'SR013 - Serum dermaplus C+ - Serum', NULL, '2020-05-04 10:46:57', NULL),
(4926, 1468, 30, 'KM009 - White 1 - Krim Malam', NULL, '2020-05-04 11:00:35', NULL),
(4927, 1469, 30, 'KM009 - White 1 - Krim Malam', NULL, '2020-05-04 11:56:27', NULL),
(4928, 1469, 14, 'KS009 - SB Sensitif - Krim Siang', NULL, '2020-05-04 11:56:27', NULL),
(4929, 1469, 154, 'SR009 - DNA Salmon - Serum', NULL, '2020-05-04 11:56:27', NULL),
(4930, 1469, 69, 'FW006 - PHA FW Sensitif - Facial Wash', NULL, '2020-05-04 11:56:27', NULL),
(4931, 1470, 40, 'T004 - Toner Green Tea - Toner', NULL, '2020-05-04 12:48:16', NULL),
(4932, 1470, 64, 'FW001 - FW Acne Hijau - Facial Wash', NULL, '2020-05-04 12:48:16', NULL),
(4933, 1470, 35, 'KM012 - WP 4 - Krim Malam', NULL, '2020-05-04 12:48:16', NULL),
(4934, 1471, 3, 'KS001 - Cream Iritasi - Krim Siang', NULL, '2020-05-05 09:49:17', NULL),
(4935, 1472, 32, 'KM010 - White 1+ - Krim Malam', NULL, '2020-05-05 10:13:22', NULL),
(4936, 1473, 6, 'KS004 - Acne Sunscreen - Krim Siang', NULL, '2020-05-05 10:30:37', NULL),
(4937, 1473, 33, 'KM011 - White Acne - Krim Malam', NULL, '2020-05-05 10:30:37', NULL),
(4938, 1473, 38, 'T003 - Toner Acne - Toner', NULL, '2020-05-05 10:30:37', NULL),
(4941, 1474, 35, 'KM012 - WP 4 - Krim Malam', NULL, '2020-05-05 10:36:05', NULL),
(4942, 1474, 8, 'KS006 - Derma Moist Cream - Krim Siang', NULL, '2020-05-05 10:36:05', NULL),
(4943, 1475, 155, 'SR010 - Serum HPS - Serum', NULL, '2020-05-05 10:43:09', NULL),
(4944, 1475, 140, 'KS013 - Sunscreen Brightening - Krim Siang', NULL, '2020-05-05 10:43:09', NULL),
(4945, 1475, 168, 'OB015 - Glowing capsule - Obat', NULL, '2020-05-05 10:43:09', NULL),
(4946, 1476, 6, 'KS004 - Acne Sunscreen - Krim Siang', NULL, '2020-05-05 14:29:50', NULL),
(4947, 1476, 33, 'KM011 - White Acne - Krim Malam', NULL, '2020-05-05 14:29:50', NULL),
(4948, 1476, 64, 'FW001 - FW Acne Hijau - Facial Wash', NULL, '2020-05-05 14:29:50', NULL),
(4949, 1476, 38, 'T003 - Toner Acne - Toner', NULL, '2020-05-05 14:29:50', NULL),
(4950, 1476, 81, 'SR001 - Serum Acne Care - Serum', NULL, '2020-05-05 14:29:50', NULL),
(4951, 1477, 6, 'KS004 - Acne Sunscreen - Krim Siang', NULL, '2020-05-05 14:36:19', NULL),
(4952, 1477, 33, 'KM011 - White Acne - Krim Malam', NULL, '2020-05-05 14:36:19', NULL),
(4953, 1477, 8, 'KS006 - Derma Moist Cream - Krim Siang', NULL, '2020-05-05 14:36:19', NULL),
(4954, 1477, 69, 'FW006 - PHA FW Sensitif - Facial Wash', NULL, '2020-05-05 14:36:19', NULL),
(4955, 1477, 155, 'SR010 - Serum HPS - Serum', NULL, '2020-05-05 14:36:19', NULL),
(4956, 1478, 6, 'KS004 - Acne Sunscreen - Krim Siang', NULL, '2020-05-05 15:20:48', NULL),
(4957, 1478, 33, 'KM011 - White Acne - Krim Malam', NULL, '2020-05-05 15:20:48', NULL),
(4958, 1478, 152, 'OB013 - Acne Herb - Obat', NULL, '2020-05-05 15:20:48', NULL),
(4959, 1478, 54, 'OB005 - Isotretinoin - Obat', NULL, '2020-05-05 15:20:48', NULL),
(4963, 1479, 140, 'KS013 - Sunscreen Brightening - Krim Siang', 'sunscreen cooling', '2020-05-06 13:31:37', NULL),
(4964, 1479, 167, 'SR013 - Serum dermaplus C+ - Serum', 'dermaplis night cream', '2020-05-06 13:31:37', NULL),
(4965, 1479, 69, 'FW006 - PHA FW Sensitif - Facial Wash', 'deep buble charcoal', '2020-05-06 13:31:37', NULL),
(4971, 1480, 32, 'KM010 - White 1+ - Krim Malam', NULL, '2020-05-07 10:44:39', NULL),
(4972, 1480, 30, 'KM009 - White 1 - Krim Malam', NULL, '2020-05-07 10:44:39', NULL),
(4973, 1480, 141, 'KS014 - Sunscreen Glow - Krim Siang', 'serum dna salmon', '2020-05-07 10:44:39', NULL),
(4974, 1480, 69, 'FW006 - PHA FW Sensitif - Facial Wash', NULL, '2020-05-07 10:44:39', NULL),
(4975, 1480, 8, 'KS006 - Derma Moist Cream - Krim Siang', NULL, '2020-05-07 10:44:39', NULL),
(4978, 1481, 157, 'SR012 - Serum Melasma - Serum', 'serum dna salmon', '2020-05-07 10:51:59', NULL),
(4979, 1481, 30, 'KM009 - White 1 - Krim Malam', NULL, '2020-05-07 10:51:59', NULL),
(4980, 1482, 32, 'KM010 - White 1+ - Krim Malam', NULL, '2020-05-07 11:00:37', NULL),
(4981, 1482, 30, 'KM009 - White 1 - Krim Malam', NULL, '2020-05-07 11:00:37', NULL),
(4982, 1482, 28, 'KM007 - Totol Flek - Krim Malam', NULL, '2020-05-07 11:00:37', NULL),
(4983, 1482, 40, 'T004 - Toner Green Tea - Toner', NULL, '2020-05-07 11:00:37', NULL),
(4984, 1482, 167, 'SR013 - Serum dermaplus C+ - Serum', NULL, '2020-05-07 11:00:37', NULL),
(4985, 1483, 148, 'KM019 - Translucent Night Cream - Krim Malam', NULL, '2020-05-07 11:34:25', NULL),
(4986, 1483, 19, 'KS012 - Sunscreen Pink S - Krim Siang', NULL, '2020-05-07 11:34:25', NULL),
(4987, 1483, 30, 'KM009 - White 1 - Krim Malam', NULL, '2020-05-07 11:34:25', NULL),
(4988, 1483, 36, 'T001 - Light Essence - Toner', NULL, '2020-05-07 11:34:25', NULL),
(4989, 1483, 52, 'OB003 - Cherished Skin - Obat', '15 tablet', '2020-05-07 11:34:25', NULL),
(4996, 1484, 33, 'KM011 - White Acne - Krim Malam', NULL, '2020-05-07 13:29:50', NULL),
(4997, 1484, 6, 'KS004 - Acne Sunscreen - Krim Siang', NULL, '2020-05-07 13:29:51', NULL),
(4998, 1484, 69, 'FW006 - PHA FW Sensitif - Facial Wash', NULL, '2020-05-07 13:29:51', NULL),
(4999, 1484, 8, 'KS006 - Derma Moist Cream - Krim Siang', NULL, '2020-05-07 13:29:51', NULL),
(5000, 1484, 155, 'SR010 - Serum HPS - Serum', NULL, '2020-05-07 13:29:51', NULL),
(5001, 1484, 152, 'OB013 - Acne Herb - Obat', '2x2', '2020-05-07 13:29:51', NULL),
(5002, 1485, 6, 'KS004 - Acne Sunscreen - Krim Siang', NULL, '2020-05-07 13:31:56', NULL),
(5003, 1485, 152, 'OB013 - Acne Herb - Obat', '2x2', '2020-05-07 13:31:56', NULL),
(5004, 1486, 168, 'OB015 - Glowing capsule - Obat', '2x2', '2020-05-07 13:39:19', NULL),
(5005, 1487, 64, 'FW001 - FW Acne Hijau - Facial Wash', NULL, '2020-05-07 14:05:06', NULL),
(5006, 1487, 169, 'FW007 - Alfacid scrub - Facial Wash', NULL, '2020-05-07 14:05:06', NULL),
(5007, 1487, 153, 'T005 - Pore Essence - Toner', NULL, '2020-05-07 14:05:06', NULL),
(5008, 1487, 33, 'KM011 - White Acne - Krim Malam', NULL, '2020-05-07 14:05:06', NULL),
(5009, 1487, 8, 'KS006 - Derma Moist Cream - Krim Siang', NULL, '2020-05-07 14:05:06', NULL),
(5010, 1487, 152, 'OB013 - Acne Herb - Obat', '2x2', '2020-05-07 14:05:06', NULL);

-- --------------------------------------------------------

--
-- Table structure for table `prescription_treatments`
--

CREATE TABLE `prescription_treatments` (
  `id` int(11) NOT NULL,
  `prescription_id` int(11) NOT NULL,
  `services_id` int(11) DEFAULT NULL,
  `name` varchar(194) NOT NULL,
  `description` varchar(194) DEFAULT NULL,
  `created_at` datetime NOT NULL,
  `updated_at` datetime DEFAULT NULL
) ENGINE=InnoDB DEFAULT CHARSET=latin1 ROW_FORMAT=DYNAMIC;

--
-- Dumping data for table `prescription_treatments`
--

INSERT INTO `prescription_treatments` (`id`, `prescription_id`, `services_id`, `name`, `description`, `created_at`, `updated_at`) VALUES
(35, 17, NULL, 'TR-001 - FACIAL STANDAR - Facials', NULL, '2019-05-27 10:24:14', NULL),
(36, 17, NULL, 'TR-002 - FACIAL STANDAR AKUPUNTUR - Facials', NULL, '2019-05-27 10:24:14', NULL),
(37, 18, NULL, 'TR-001 - FACIAL STANDAR - Facials', NULL, '2019-06-13 22:05:43', NULL),
(38, 18, NULL, 'TR-003 - FACIAL MEDIUM - Facials', NULL, '2019-06-13 22:05:43', NULL),
(39, 19, NULL, 'TR-001 - FACIAL STANDAR - Facials', 'KETERANGAN', '2019-06-29 22:09:05', NULL),
(40, 20, NULL, 'TR-003 - FACIAL MEDIUM - Facials', NULL, '2019-06-29 23:20:01', NULL),
(48, 42, NULL, 'TR-005 - FACIAL PREMIUM - Facials', NULL, '2019-06-30 20:57:31', NULL),
(49, 43, NULL, 'TR-005 - FACIAL PREMIUM - Facials', 'komedonya banyak(+),.', '2019-07-18 09:22:36', NULL),
(50, 44, NULL, 'TR-005 - FACIAL PREMIUM - Facials', 'facial acne premium', '2019-07-18 09:27:00', NULL),
(51, 45, NULL, 'TR-012 - PEELING PREMIUM - Peeling', 'peeling giga white peel+melanopeel', '2019-07-18 11:50:56', NULL),
(52, 46, NULL, 'TR-011 - PEELING MEDIUM - Peeling', 'poli SA + 4G', '2019-07-18 11:57:11', NULL),
(53, 47, NULL, 'f. oxy spray + masker sensitif', NULL, '2019-07-18 12:01:37', NULL),
(54, 48, NULL, 'TR-047 - LASER - flek', NULL, '2019-07-18 12:11:43', NULL),
(55, 49, NULL, 'TR-005 - FACIAL PREMIUM - Facials', NULL, '2019-07-18 12:18:23', NULL),
(56, 49, NULL, 'TR-047 - LASER - Baby Spa', NULL, '2019-07-18 12:18:23', NULL),
(57, 50, NULL, 'TR-005 - FACIAL PREMIUM - Facials', NULL, '2019-07-18 13:42:04', NULL),
(58, 50, NULL, 'TR-047 - LASER - Baby Spa', NULL, '2019-07-18 13:42:04', NULL),
(59, 51, NULL, 'TR-012 - PEELING PREMIUM - Peeling', 'Black peel', '2019-07-18 13:46:44', NULL),
(60, 52, NULL, 'TR-011 - PEELING MEDIUM - Peeling', 'Peeling GA 35%', '2019-07-18 13:51:14', NULL),
(61, 53, NULL, 'TR-005 - FACIAL PREMIUM - Facials', NULL, '2019-07-18 14:18:42', NULL),
(62, 54, NULL, 'TR-005 - FACIAL PREMIUM - Facials', 'facial oxyspray', '2019-07-18 14:58:02', NULL),
(63, 55, NULL, 'TR-003 - FACIAL MEDIUM - Facials', NULL, '2019-07-18 15:00:40', NULL),
(64, 56, NULL, 'TR-005 - FACIAL PREMIUM - Facials', 'facial oxyglow', '2019-07-18 15:02:25', NULL),
(65, 56, NULL, 'TR-047 - LASER - Baby Spa', NULL, '2019-07-18 15:02:25', NULL),
(66, 57, NULL, 'akp jerawat', NULL, '2019-07-18 15:06:25', NULL),
(67, 57, NULL, 'TR-003 - FACIAL MEDIUM - Facials', 'prem acne', '2019-07-18 15:06:25', NULL),
(68, 58, NULL, 'TR-005 - FACIAL PREMIUM - Facials', NULL, '2019-07-18 15:07:03', NULL),
(69, 58, NULL, 'bleacing', NULL, '2019-07-18 15:07:03', NULL),
(70, 58, NULL, 'TR-038 - INFUS VIT C - Baby Spa', NULL, '2019-07-18 15:07:03', NULL),
(71, 59, NULL, 'TR-047 - LASER - Baby Spa', NULL, '2019-07-18 17:49:36', NULL),
(72, 60, NULL, 'konsultasi', NULL, '2019-07-18 17:52:12', NULL),
(73, 61, NULL, 'TR-003 - FACIAL MEDIUM - Facials', NULL, '2019-07-19 12:17:36', NULL),
(74, 62, NULL, 'facial lumisfa', NULL, '2019-07-19 14:05:24', NULL),
(75, 63, NULL, 'TR-003 - FACIAL MEDIUM - Facials', NULL, '2019-07-19 14:25:11', NULL),
(76, 64, NULL, '0', NULL, '2019-07-19 14:30:51', NULL),
(77, 65, NULL, '0', NULL, '2019-07-19 14:38:51', NULL),
(78, 66, NULL, 'TR-005 - FACIAL PREMIUM - Facials', NULL, '2019-07-19 15:01:34', NULL),
(86, 74, NULL, 'TR-002 - FACIAL STANDAR AKUPUNTUR - Facials', NULL, '2019-07-21 16:52:11', NULL),
(87, 75, NULL, 'TR-047 - LASER - Baby Spa', 'laser bopeng', '2019-07-22 10:02:21', NULL),
(88, 76, NULL, 'TR-001 - FACIAL STANDAR - Facials', '0', '2019-07-22 13:59:28', NULL),
(89, 77, NULL, 'TR-003 - FACIAL MEDIUM - Facials', '0', '2019-07-22 14:28:41', NULL),
(90, 78, NULL, 'TR-005 - FACIAL PREMIUM - Facials', 'facial oxyspray', '2019-07-22 15:25:27', NULL),
(91, 79, NULL, 'TR-005 - FACIAL PREMIUM - Facials', 'facial oxyglow', '2019-07-22 15:32:29', NULL),
(92, 80, NULL, 'TR-009 - FACIAL GALVANIC SERUM - Facials', NULL, '2019-07-22 15:42:56', NULL),
(93, 81, NULL, 'TR-005 - FACIAL PREMIUM - Facials', NULL, '2019-07-22 15:56:24', NULL),
(94, 82, NULL, 'TR-005 - FACIAL PREMIUM - Facials', NULL, '2019-07-22 16:08:02', NULL),
(95, 82, NULL, 'TR-047 - LASER - Baby Spa', NULL, '2019-07-22 16:08:02', NULL),
(96, 83, NULL, 'TR-005 - FACIAL PREMIUM - Facials', 'facial prmeium sensitif+oxyspray', '2019-07-22 16:21:39', NULL),
(97, 84, NULL, 'TR-001 - FACIAL STANDAR - Facials', 'cauter', '2019-07-22 16:25:21', NULL),
(98, 85, NULL, 'TR-001 - FACIAL STANDAR - Facials', NULL, '2019-07-22 16:58:28', NULL),
(99, 86, NULL, 'TR-011 - PEELING MEDIUM - Peeling', NULL, '2019-07-22 16:59:23', NULL),
(100, 87, NULL, 'TR-047 - LASER - Baby Spa', NULL, '2019-07-22 17:00:28', NULL),
(101, 88, NULL, 'TR-001 - FACIAL STANDAR - Facials', 'oxyglow promo', '2019-07-23 09:25:34', NULL),
(102, 89, NULL, 'TR-006 - FACIAL PREMIUM AKUPUNTUR - Facials', 'prem acne + akupuntur jerawat + suntik jerawat', '2019-07-23 12:22:17', NULL),
(103, 90, NULL, 'TR-001 - FACIAL STANDAR - Facials', NULL, '2019-07-23 12:23:32', NULL),
(104, 91, NULL, 'TR-011 - PEELING MEDIUM - Peeling', 'peeling mandeclin 40%', '2019-07-23 12:24:44', NULL),
(105, 92, NULL, 'TR-047 - LASER - Baby Spa', NULL, '2019-07-23 12:29:49', NULL),
(106, 93, NULL, 'TR-001 - FACIAL STANDAR - Facials', NULL, '2019-07-23 14:03:45', NULL),
(107, 94, NULL, 'TR-001 - FACIAL STANDAR - Facials', NULL, '2019-07-23 14:12:55', NULL),
(108, 95, NULL, 'TR-012 - PEELING PREMIUM - Peeling', NULL, '2019-07-23 14:15:27', NULL),
(109, 96, NULL, 'TR-011 - PEELING MEDIUM - Peeling', 'peeling poly sa+4G', '2019-07-23 15:17:23', NULL),
(110, 97, NULL, 'TR-001 - FACIAL STANDAR - Facials', NULL, '2019-07-23 15:41:36', NULL),
(111, 98, NULL, 'TR-012 - PEELING PREMIUM - Peeling', 'peeling giga white peel+melanopeel', '2019-07-23 16:55:10', NULL),
(112, 99, NULL, 'TR-001 - FACIAL STANDAR - Facials', '0', '2019-07-23 18:11:56', NULL),
(113, 100, NULL, 'TR-001 - FACIAL STANDAR - Facials', NULL, '2019-07-23 18:27:45', NULL),
(114, 101, NULL, 'TR-001 - FACIAL STANDAR - Facials', NULL, '2019-07-23 18:28:19', NULL),
(115, 102, NULL, 'TR-004 - FACIAL MEDIUM AKUPUNTUR - Facials', 'hari kamis', '2019-07-23 19:34:25', NULL),
(116, 103, NULL, 'TR-001 - FACIAL STANDAR - Facials', NULL, '2019-07-24 11:27:14', NULL),
(117, 104, NULL, 'TR-011 - PEELING MEDIUM - Peeling', NULL, '2019-07-24 12:56:09', NULL),
(118, 105, NULL, 'TR-001 - FACIAL STANDAR - Facials', 'konsultasi dokter', '2019-07-24 13:51:59', NULL),
(119, 106, NULL, 'TR-001 - FACIAL STANDAR - Facials', NULL, '2019-07-24 14:55:44', NULL),
(120, 107, NULL, 'TR-010 - PEELING STANDAR - Peeling', NULL, '2019-07-24 15:28:07', NULL),
(121, 108, NULL, 'TR-002 - FACIAL STANDAR AKUPUNTUR - Facials', NULL, '2019-07-24 15:35:46', NULL),
(122, 109, NULL, 'TR-002 - FACIAL STANDAR AKUPUNTUR - Facials', NULL, '2019-07-24 17:13:52', NULL),
(123, 110, NULL, 'TR-001 - FACIAL STANDAR - Facials', NULL, '2019-07-24 18:28:37', NULL),
(124, 111, NULL, 'TR-001 - FACIAL STANDAR - Facials', NULL, '2019-07-25 10:46:03', NULL),
(125, 112, NULL, 'TR-001 - FACIAL STANDAR - Facials', NULL, '2019-07-25 11:18:09', NULL),
(126, 113, NULL, 'TR-001 - FACIAL STANDAR - Facials', NULL, '2019-07-25 11:36:13', NULL),
(127, 114, NULL, 'TR-005 - FACIAL PREMIUM - Facials', NULL, '2019-07-25 13:13:06', NULL),
(128, 115, NULL, 'TR-047 - LASER - Baby Spa', NULL, '2019-07-25 13:18:14', NULL),
(129, 116, NULL, 'TR-047 - LASER - Baby Spa', NULL, '2019-07-25 14:36:40', NULL),
(130, 117, NULL, 'TR-001 - FACIAL STANDAR - Facials', NULL, '2019-07-25 14:44:31', NULL),
(131, 118, NULL, 'TR-001 - FACIAL STANDAR - Facials', NULL, '2019-07-25 15:09:00', NULL),
(132, 119, NULL, 'TR-011 - PEELING MEDIUM - Peeling', NULL, '2019-07-25 15:17:56', NULL),
(133, 120, NULL, 'TR-001 - FACIAL STANDAR - Facials', NULL, '2019-07-25 15:18:34', NULL),
(134, 121, NULL, 'TR-001 - FACIAL STANDAR - Facials', NULL, '2019-07-25 15:39:44', NULL),
(135, 122, NULL, 'TR-001 - FACIAL STANDAR - Facials', NULL, '2019-07-25 17:02:37', NULL),
(136, 123, NULL, 'TR-001 - FACIAL STANDAR - Facials', NULL, '2019-07-25 17:05:48', NULL),
(137, 124, NULL, 'TR-001 - FACIAL STANDAR - Facials', NULL, '2019-07-25 17:10:43', NULL),
(138, 125, NULL, 'TR-001 - FACIAL STANDAR - Facials', NULL, '2019-07-25 17:18:10', NULL),
(139, 126, NULL, 'TR-001 - FACIAL STANDAR - Facials', NULL, '2019-07-26 10:48:25', NULL),
(140, 127, NULL, 'TR-047 - LASER - Baby Spa', NULL, '2019-07-26 11:22:48', NULL),
(141, 128, NULL, 'TR-005 - FACIAL PREMIUM - Facials', 'masker vit c', '2019-07-26 14:10:57', NULL),
(142, 129, NULL, 'TR-047 - LASER - Baby Spa', NULL, '2019-07-26 14:20:14', NULL),
(143, 130, NULL, 'TR-047 - LASER - Baby Spa', 'laser ke 2 sisa 4x', '2019-07-26 14:34:18', NULL),
(144, 131, NULL, 'TR-047 - LASER - Baby Spa', NULL, '2019-07-26 14:56:27', NULL),
(145, 132, NULL, 'TR-047 - LASER - Baby Spa', NULL, '2019-07-26 15:25:35', NULL),
(146, 133, NULL, 'TR-001 - FACIAL STANDAR - Facials', NULL, '2019-07-26 16:21:31', NULL),
(147, 134, NULL, 'TR-001 - FACIAL STANDAR - Facials', NULL, '2019-07-27 11:21:35', NULL),
(148, 135, NULL, 'TR-001 - FACIAL STANDAR - Facials', NULL, '2019-07-27 11:27:48', NULL),
(149, 136, NULL, 'TR-001 - FACIAL STANDAR - Facials', NULL, '2019-07-27 11:37:07', NULL),
(150, 137, NULL, 'TR-001 - FACIAL STANDAR - Facials', NULL, '2019-07-27 11:43:04', NULL),
(151, 138, NULL, 'TR-001 - FACIAL STANDAR - Facials', NULL, '2019-07-27 13:34:32', NULL),
(152, 139, NULL, 'TR-001 - FACIAL STANDAR - Facials', NULL, '2019-07-27 13:42:00', NULL),
(153, 140, NULL, 'TR-007 - FACIAL GALVANIC - Facials', NULL, '2019-07-27 14:08:27', NULL),
(154, 141, NULL, 'TR-001 - FACIAL STANDAR - Facials', NULL, '2019-07-27 14:13:15', NULL),
(155, 142, NULL, 'TR-047 - LASER - Baby Spa', 'laser bopeng promo', '2019-07-27 14:19:54', NULL),
(156, 143, NULL, 'TR-001 - FACIAL STANDAR - Facials', NULL, '2019-07-27 16:17:53', NULL),
(157, 144, NULL, 'TR-003 - FACIAL MEDIUM - Facials', NULL, '2019-07-27 17:38:40', NULL),
(158, 145, NULL, 'TR-003 - FACIAL MEDIUM - Facials', NULL, '2019-07-27 17:44:46', NULL),
(159, 146, NULL, 'TR-001 - FACIAL STANDAR - Facials', NULL, '2019-07-27 17:51:51', NULL),
(160, 147, NULL, 'TR-001 - FACIAL STANDAR - Facials', NULL, '2019-07-29 21:28:24', NULL),
(161, 148, NULL, 'TR-003 - FACIAL MEDIUM - Facials', NULL, '2019-07-30 11:00:01', NULL),
(162, 149, NULL, 'TR-012 - PEELING PREMIUM - Peeling', 'peeling giga white peel,melanopeel+serum mandelic', '2019-07-30 11:52:20', NULL),
(163, 150, NULL, 'TR-011 - PEELING MEDIUM - Peeling', 'peeling black peel', '2019-07-30 12:12:37', NULL),
(164, 151, NULL, 'TR-007 - FACIAL GALVANIC - Facials', NULL, '2019-07-30 12:23:12', NULL),
(165, 151, NULL, 'TR-047 - LASER - Baby Spa', NULL, '2019-07-30 12:23:12', NULL),
(166, 152, NULL, 'TR-005 - FACIAL PREMIUM - Facials', NULL, '2019-07-30 12:30:09', NULL),
(167, 153, NULL, 'TR-003 - FACIAL MEDIUM - Facials', NULL, '2019-07-30 12:30:17', NULL),
(168, 154, NULL, 'TR-001 - FACIAL STANDAR - Facials', NULL, '2019-07-30 13:02:08', NULL),
(169, 155, NULL, 'TR-002 - FACIAL STANDAR AKUPUNTUR - Facials', 'tanam benang', '2019-07-30 13:42:21', NULL),
(170, 156, NULL, 'TR-001 - FACIAL STANDAR - Facials', NULL, '2019-07-30 13:45:13', NULL),
(171, 157, NULL, 'TR-006 - FACIAL PREMIUM AKUPUNTUR - Facials', NULL, '2019-07-30 14:01:23', NULL),
(172, 158, NULL, 'TR-002 - FACIAL STANDAR AKUPUNTUR - Facials', NULL, '2019-07-30 15:54:06', NULL),
(173, 159, NULL, 'TR-001 - FACIAL STANDAR - Facials', NULL, '2019-07-30 16:49:54', NULL),
(174, 160, NULL, 'TR-001 - FACIAL STANDAR - Facials', NULL, '2019-07-30 16:52:51', NULL),
(175, 161, NULL, 'TR-001 - FACIAL STANDAR - Facials', NULL, '2019-07-30 16:54:03', NULL),
(176, 162, NULL, 'TR-001 - FACIAL STANDAR - Facials', NULL, '2019-07-30 17:01:21', NULL),
(177, 163, NULL, 'TR-040 - INFUS VIT C+GLUTATHIONE - Baby Spa', NULL, '2019-07-30 17:01:57', NULL),
(178, 164, NULL, 'TR-003 - FACIAL MEDIUM - Facials', NULL, '2019-07-30 17:04:45', NULL),
(179, 165, NULL, 'TR-001 - FACIAL STANDAR - Facials', NULL, '2019-07-30 17:20:37', NULL),
(180, 166, NULL, 'TR-001 - FACIAL STANDAR - Facials', NULL, '2019-07-30 18:01:27', NULL),
(181, 167, NULL, 'TR-001 - FACIAL STANDAR - Facials', NULL, '2019-07-30 18:04:07', NULL),
(182, 168, NULL, 'TR-001 - FACIAL STANDAR - Facials', NULL, '2019-07-30 18:25:31', NULL),
(183, 169, NULL, 'TR-001 - FACIAL STANDAR - Facials', NULL, '2019-07-30 19:40:30', NULL),
(184, 170, NULL, 'TR-010 - PEELING STANDAR - Peeling', NULL, '2019-07-31 10:03:07', NULL),
(185, 171, NULL, 'TR-014 - AKUPUNTUR - Akupuntur', NULL, '2019-07-31 10:11:46', NULL),
(186, 171, NULL, 'TR-047 - LASER - Baby Spa', NULL, '2019-07-31 10:11:46', NULL),
(187, 172, NULL, 'TR-001 - FACIAL STANDAR - Facials', 'OXY GLOW YG KE 2', '2019-07-31 10:29:03', NULL),
(188, 173, NULL, 'TR-011 - PEELING MEDIUM - Peeling', NULL, '2019-07-31 11:06:31', NULL),
(189, 174, NULL, 'TR-011 - PEELING MEDIUM - Peeling', NULL, '2019-07-31 11:07:52', NULL),
(190, 175, NULL, 'TR-011 - PEELING MEDIUM - Peeling', NULL, '2019-07-31 11:12:27', NULL),
(191, 176, NULL, 'TR-001 - FACIAL STANDAR - Facials', NULL, '2019-07-31 11:23:28', NULL),
(192, 177, NULL, 'TR-005 - FACIAL PREMIUM - Facials', NULL, '2019-07-31 11:29:08', NULL),
(193, 178, NULL, 'TR-001 - FACIAL STANDAR - Facials', 'KONSUL AJA', '2019-07-31 12:06:26', NULL),
(194, 179, NULL, 'TR-001 - FACIAL STANDAR - Facials', NULL, '2019-07-31 12:33:02', NULL),
(195, 180, NULL, 'TR-001 - FACIAL STANDAR - Facials', NULL, '2019-07-31 12:37:33', NULL),
(196, 181, NULL, 'TR-001 - FACIAL STANDAR - Facials', NULL, '2019-07-31 12:49:08', NULL),
(197, 182, NULL, 'TR-047 - LASER - Baby Spa', 'paket laser 4x', '2019-07-31 12:57:11', NULL),
(198, 183, NULL, 'TR-001 - FACIAL STANDAR - Facials', NULL, '2019-07-31 13:44:41', NULL),
(199, 184, NULL, 'TR-001 - FACIAL STANDAR - Facials', NULL, '2019-07-31 14:01:43', NULL),
(200, 185, NULL, 'TR-001 - FACIAL STANDAR - Facials', NULL, '2019-07-31 14:02:56', NULL),
(201, 186, NULL, 'TR-047 - LASER - Baby Spa', NULL, '2019-07-31 14:08:31', NULL),
(202, 186, NULL, 'TR-005 - FACIAL PREMIUM - Facials', NULL, '2019-07-31 14:08:31', NULL),
(203, 187, NULL, 'TR-001 - FACIAL STANDAR - Facials', NULL, '2019-07-31 14:13:27', NULL),
(204, 188, NULL, 'TR-001 - FACIAL STANDAR - Facials', NULL, '2019-07-31 14:14:10', NULL),
(205, 189, NULL, 'TR-013 - PEELING EXCLUSIF - Peeling', NULL, '2019-07-31 14:31:48', NULL),
(206, 190, NULL, 'TR-001 - FACIAL STANDAR - Facials', 'FACIAL PREMIUM ACNE', '2019-07-31 14:34:24', NULL),
(207, 191, NULL, 'TR-007 - FACIAL GALVANIC - Facials', NULL, '2019-07-31 14:57:43', NULL),
(208, 192, NULL, 'TR-006 - FACIAL PREMIUM AKUPUNTUR - Facials', 'facial lumispa', '2019-07-31 15:42:02', NULL),
(209, 193, NULL, 'TR-012 - PEELING PREMIUM - Peeling', NULL, '2019-07-31 16:53:11', NULL),
(210, 193, NULL, 'TR-047 - LASER - Baby Spa', NULL, '2019-07-31 16:53:11', NULL),
(211, 194, NULL, 'TR-001 - FACIAL STANDAR - Facials', 'LASER BOPENG', '2019-07-31 17:28:02', NULL),
(212, 195, NULL, 'TR-001 - FACIAL STANDAR - Facials', 'PREM ACNE', '2019-07-31 18:10:10', NULL),
(213, 196, NULL, 'TR-007 - FACIAL GALVANIC - Facials', 'galvanic+lumispa', '2019-08-01 11:45:39', NULL),
(214, 197, NULL, 'TR-001 - FACIAL STANDAR - Facials', NULL, '2019-08-01 12:29:02', NULL),
(215, 198, NULL, 'TR-001 - FACIAL STANDAR - Facials', NULL, '2019-08-01 12:34:40', NULL),
(216, 199, NULL, 'TR-001 - FACIAL STANDAR - Facials', 'cauter', '2019-08-01 13:22:18', NULL),
(217, 200, NULL, 'TR-001 - FACIAL STANDAR - Facials', 'cauter', '2019-08-01 13:30:28', NULL),
(218, 201, NULL, 'TR-001 - FACIAL STANDAR - Facials', NULL, '2019-08-01 13:35:52', NULL),
(219, 202, NULL, 'TR-005 - FACIAL PREMIUM - Facials', NULL, '2019-08-01 13:57:08', NULL),
(220, 203, NULL, 'TR-001 - FACIAL STANDAR - Facials', NULL, '2019-08-01 14:17:17', NULL),
(221, 204, NULL, 'TR-001 - FACIAL STANDAR - Facials', 'blackpeel + akp', '2019-08-01 14:22:18', NULL),
(222, 205, NULL, 'TR-001 - FACIAL STANDAR - Facials', NULL, '2019-08-01 14:34:56', NULL),
(223, 206, NULL, 'TR-005 - FACIAL PREMIUM - Facials', NULL, '2019-08-01 14:39:28', NULL),
(224, 207, NULL, 'TR-047 - LASER - Baby Spa', NULL, '2019-08-01 14:44:19', NULL),
(225, 207, NULL, 'TR-005 - FACIAL PREMIUM - Facials', 'sensitif', '2019-08-01 14:44:19', NULL),
(226, 208, NULL, 'TR-001 - FACIAL STANDAR - Facials', NULL, '2019-08-01 14:46:48', NULL),
(227, 209, NULL, 'TR-047 - LASER - Baby Spa', NULL, '2019-08-01 14:55:31', NULL),
(228, 210, NULL, 'TR-002 - FACIAL STANDAR AKUPUNTUR - Facials', NULL, '2019-08-01 15:14:37', NULL),
(229, 211, NULL, 'TR-001 - FACIAL STANDAR - Facials', NULL, '2019-08-01 16:02:59', NULL),
(230, 212, NULL, 'TR-001 - FACIAL STANDAR - Facials', NULL, '2019-08-01 16:55:43', NULL),
(231, 213, NULL, 'TR-001 - FACIAL STANDAR - Facials', NULL, '2019-08-01 17:28:42', NULL),
(232, 214, NULL, 'TR-002 - FACIAL STANDAR AKUPUNTUR - Facials', NULL, '2019-08-02 10:09:20', NULL),
(233, 215, NULL, 'TR-047 - LASER - Baby Spa', 'ipl sensitif', '2019-08-02 10:31:38', NULL),
(234, 216, NULL, 'TR-047 - LASER - Baby Spa', NULL, '2019-08-02 10:48:02', NULL),
(235, 217, NULL, 'TR-001 - FACIAL STANDAR - Facials', NULL, '2019-08-02 11:13:56', NULL),
(236, 218, NULL, 'TR-012 - PEELING PREMIUM - Peeling', 'peeling giga white peel+melanopeel', '2019-08-02 11:26:19', NULL),
(237, 219, NULL, 'TR-001 - FACIAL STANDAR - Facials', NULL, '2019-08-02 11:54:10', NULL),
(238, 220, NULL, 'TR-001 - FACIAL STANDAR - Facials', NULL, '2019-08-02 12:45:53', NULL),
(239, 221, NULL, 'TR-001 - FACIAL STANDAR - Facials', NULL, '2019-08-02 12:53:52', NULL),
(240, 222, NULL, 'TR-047 - LASER - Baby Spa', NULL, '2019-08-02 13:51:11', NULL),
(241, 223, NULL, 'TR-005 - FACIAL PREMIUM - Facials', NULL, '2019-08-02 14:11:06', NULL),
(242, 223, NULL, 'TR-047 - LASER - Baby Spa', NULL, '2019-08-02 14:11:06', NULL),
(243, 224, NULL, 'TR-003 - FACIAL MEDIUM - Facials', NULL, '2019-08-02 15:20:42', NULL),
(244, 225, NULL, 'TR-001 - FACIAL STANDAR - Facials', NULL, '2019-08-02 17:01:11', NULL),
(245, 226, NULL, 'TR-047 - LASER - Baby Spa', NULL, '2019-08-02 18:31:27', NULL),
(246, 227, NULL, 'TR-047 - LASER - Baby Spa', NULL, '2019-08-03 10:22:20', NULL),
(247, 228, NULL, 'TR-003 - FACIAL MEDIUM - Facials', NULL, '2019-08-03 10:33:13', NULL),
(248, 229, NULL, 'TR-003 - FACIAL MEDIUM - Facials', NULL, '2019-08-03 10:45:45', NULL),
(249, 230, NULL, 'TR-001 - FACIAL STANDAR - Facials', NULL, '2019-08-03 11:22:34', NULL),
(250, 231, NULL, 'TR-001 - FACIAL STANDAR - Facials', NULL, '2019-08-03 11:24:39', NULL),
(251, 232, NULL, 'TR-001 - FACIAL STANDAR - Facials', NULL, '2019-08-03 11:48:23', NULL),
(252, 233, NULL, 'TR-001 - FACIAL STANDAR - Facials', NULL, '2019-08-03 12:03:31', NULL),
(253, 234, NULL, 'TR-001 - FACIAL STANDAR - Facials', NULL, '2019-08-03 12:20:15', NULL),
(254, 235, NULL, 'TR-001 - FACIAL STANDAR - Facials', NULL, '2019-08-03 15:26:40', NULL),
(255, 236, NULL, 'TR-001 - FACIAL STANDAR - Facials', 'konsul', '2019-08-03 15:55:31', NULL),
(256, 237, NULL, 'TR-001 - FACIAL STANDAR - Facials', NULL, '2019-08-03 15:56:20', NULL),
(257, 238, NULL, 'TR-001 - FACIAL STANDAR - Facials', NULL, '2019-08-03 15:57:07', NULL),
(258, 239, NULL, 'TR-001 - FACIAL STANDAR - Facials', NULL, '2019-08-03 15:58:09', NULL),
(259, 240, NULL, 'TR-001 - FACIAL STANDAR - Facials', NULL, '2019-08-03 15:59:50', NULL),
(260, 241, NULL, 'TR-001 - FACIAL STANDAR - Facials', NULL, '2019-08-03 16:00:33', NULL),
(261, 242, NULL, 'TR-001 - FACIAL STANDAR - Facials', 'acne', '2019-08-03 16:29:44', NULL),
(262, 243, NULL, 'TR-001 - FACIAL STANDAR - Facials', NULL, '2019-08-03 17:16:31', NULL),
(263, 244, NULL, 'TR-001 - FACIAL STANDAR - Facials', NULL, '2019-08-03 17:23:43', NULL),
(264, 245, NULL, 'TR-005 - FACIAL PREMIUM - Facials', NULL, '2019-08-05 11:21:32', NULL),
(265, 246, NULL, 'TR-015 - PAKET AKUPUNTUR SLIMING - Akupuntur', NULL, '2019-08-05 11:22:16', NULL),
(266, 247, NULL, 'TR-001 - FACIAL STANDAR - Facials', NULL, '2019-08-05 11:35:22', NULL),
(267, 248, NULL, 'TR-001 - FACIAL STANDAR - Facials', NULL, '2019-08-05 12:31:56', NULL),
(268, 249, NULL, 'TR-003 - FACIAL MEDIUM - Facials', 'oxy spray', '2019-08-05 12:33:26', NULL),
(269, 250, NULL, 'TR-047 - LASER - Baby Spa', NULL, '2019-08-05 13:30:34', NULL),
(270, 251, NULL, 'TR-005 - FACIAL PREMIUM - Facials', NULL, '2019-08-05 13:34:06', NULL),
(271, 252, NULL, 'TR-001 - FACIAL STANDAR - Facials', NULL, '2019-08-05 14:00:08', NULL),
(272, 253, NULL, 'TR-007 - FACIAL GALVANIC - Facials', NULL, '2019-08-05 14:07:11', NULL),
(273, 253, NULL, 'TR-047 - LASER - Baby Spa', 'laser flek', '2019-08-05 14:07:11', NULL),
(274, 254, NULL, 'TR-047 - LASER - Baby Spa', 'laser flek', '2019-08-05 14:14:46', NULL),
(275, 255, NULL, 'TR-011 - PEELING MEDIUM - Peeling', 'peelng mandelic 40%', '2019-08-05 15:11:30', NULL),
(276, 256, NULL, 'TR-047 - LASER - Baby Spa', 'laser flek', '2019-08-05 15:17:53', NULL),
(277, 256, NULL, 'TR-005 - FACIAL PREMIUM - Facials', NULL, '2019-08-05 15:17:53', NULL),
(278, 257, NULL, 'TR-004 - FACIAL MEDIUM AKUPUNTUR - Facials', 'facial akupuntr+sinar biru', '2019-08-05 15:24:36', NULL),
(279, 258, NULL, 'TR-005 - FACIAL PREMIUM - Facials', NULL, '2019-08-05 15:35:40', NULL),
(280, 259, NULL, 'TR-001 - FACIAL STANDAR - Facials', NULL, '2019-08-05 15:44:01', NULL),
(281, 260, NULL, 'TR-012 - PEELING PREMIUM - Peeling', NULL, '2019-08-05 15:51:04', NULL),
(282, 261, NULL, 'TR-001 - FACIAL STANDAR - Facials', NULL, '2019-08-05 15:53:01', NULL),
(283, 262, NULL, 'TR-005 - FACIAL PREMIUM - Facials', NULL, '2019-08-05 17:34:38', NULL),
(284, 263, NULL, 'TR-012 - PEELING PREMIUM - Peeling', NULL, '2019-08-06 11:57:37', NULL),
(285, 264, NULL, 'TR-002 - FACIAL STANDAR AKUPUNTUR - Facials', NULL, '2019-08-06 12:04:37', NULL),
(286, 265, NULL, 'TR-047 - LASER - Baby Spa', 'laser glowing', '2019-08-06 12:23:23', NULL),
(287, 266, NULL, 'TR-047 - LASER - Baby Spa', NULL, '2019-08-06 12:57:55', NULL),
(288, 267, NULL, 'TR-003 - FACIAL MEDIUM - Facials', NULL, '2019-08-06 13:45:51', NULL),
(289, 268, NULL, 'TR-011 - PEELING MEDIUM - Peeling', 'peeling giga white peel+melanopeel', '2019-08-06 13:54:39', NULL),
(290, 269, NULL, 'TR-001 - FACIAL STANDAR - Facials', NULL, '2019-08-07 12:02:15', NULL),
(291, 270, NULL, 'TR-005 - FACIAL PREMIUM - Facials', 'vit c', '2019-08-07 12:03:25', NULL),
(292, 271, NULL, 'TR-003 - FACIAL MEDIUM - Facials', NULL, '2019-08-07 13:02:30', NULL),
(293, 272, NULL, 'TR-012 - PEELING PREMIUM - Peeling', 'peeling black peel', '2019-08-07 13:46:57', NULL),
(294, 273, NULL, 'TR-047 - LASER - Baby Spa', NULL, '2019-08-07 14:14:02', NULL),
(295, 274, NULL, 'TR-003 - FACIAL MEDIUM - Facials', NULL, '2019-08-07 14:15:13', NULL),
(296, 275, NULL, 'TR-001 - FACIAL STANDAR - Facials', NULL, '2019-08-07 14:40:08', NULL),
(297, 276, NULL, 'TR-034 - SUNTIK VIT C - Baby Spa', 'suntk kantung mata', '2019-08-07 14:44:02', NULL),
(298, 277, NULL, 'TR-009 - FACIAL GALVANIC SERUM - Facials', NULL, '2019-08-07 17:40:26', NULL),
(299, 278, NULL, 'TR-001 - FACIAL STANDAR - Facials', NULL, '2019-08-07 17:44:26', NULL),
(300, 279, NULL, 'TR-001 - FACIAL STANDAR - Facials', NULL, '2019-08-07 17:46:46', NULL),
(301, 280, NULL, 'TR-005 - FACIAL PREMIUM - Facials', NULL, '2019-08-07 18:05:02', NULL),
(302, 281, NULL, 'TR-047 - LASER - Baby Spa', NULL, '2019-08-08 11:26:49', NULL),
(303, 282, NULL, 'TR-003 - FACIAL MEDIUM - Facials', NULL, '2019-08-09 13:18:41', NULL),
(304, 283, NULL, 'TR-001 - FACIAL STANDAR - Facials', NULL, '2019-08-09 13:19:32', NULL),
(305, 284, NULL, 'TR-007 - FACIAL GALVANIC - Facials', NULL, '2019-08-09 14:00:20', NULL),
(306, 284, NULL, 'TR-047 - LASER - Baby Spa', NULL, '2019-08-09 14:00:20', NULL),
(307, 285, NULL, 'TR-005 - FACIAL PREMIUM - Facials', 'facial oxyspray', '2019-08-09 14:12:49', NULL),
(308, 285, NULL, 'TR-047 - LASER - Baby Spa', 'laser flek hitam', '2019-08-09 14:12:49', NULL),
(309, 286, NULL, 'TR-047 - LASER - Baby Spa', 'laser glowing', '2019-08-09 14:17:22', NULL),
(310, 287, NULL, 'TR-001 - FACIAL STANDAR - Facials', NULL, '2019-08-09 14:23:05', NULL),
(311, 288, NULL, 'TR-007 - FACIAL GALVANIC - Facials', NULL, '2019-08-09 14:30:33', NULL),
(312, 289, NULL, 'TR-001 - FACIAL STANDAR - Facials', NULL, '2019-08-09 16:19:45', NULL),
(313, 290, NULL, 'TR-007 - FACIAL GALVANIC - Facials', NULL, '2019-08-10 13:10:38', NULL),
(314, 290, NULL, 'TR-034 - SUNTIK VIT C - Baby Spa', 'suntik mata', '2019-08-10 13:10:38', NULL),
(315, 291, NULL, 'TR-007 - FACIAL GALVANIC - Facials', NULL, '2019-08-10 13:29:23', NULL),
(316, 291, NULL, 'TR-047 - LASER - Baby Spa', 'laser jerawat', '2019-08-10 13:29:23', NULL),
(317, 292, NULL, 'TR-003 - FACIAL MEDIUM - Facials', NULL, '2019-08-10 13:43:55', NULL),
(318, 293, NULL, 'TR-001 - FACIAL STANDAR - Facials', NULL, '2019-08-10 14:02:17', NULL),
(319, 294, NULL, 'TR-001 - FACIAL STANDAR - Facials', NULL, '2019-08-12 11:59:42', NULL),
(320, 295, NULL, 'TR-001 - FACIAL STANDAR - Facials', NULL, '2019-08-12 12:00:31', NULL),
(321, 296, NULL, 'TR-005 - FACIAL PREMIUM - Facials', 'facial oxyspray', '2019-08-12 13:26:58', NULL),
(322, 297, NULL, 'TR-014 - AKUPUNTUR - Akupuntur', 'akpuntr jerawat', '2019-08-12 13:31:51', NULL),
(323, 298, NULL, 'TR-005 - FACIAL PREMIUM - Facials', '+serum vit +sinar merah', '2019-08-12 13:37:11', NULL),
(324, 299, NULL, 'TR-047 - LASER - Baby Spa', 'L.GLOWING', '2019-08-12 15:31:58', NULL),
(325, 300, NULL, 'TR-047 - LASER - Baby Spa', 'l.glowing', '2019-08-12 15:34:52', NULL),
(326, 301, NULL, 'TR-001 - FACIAL STANDAR - Facials', NULL, '2019-08-12 16:20:20', NULL),
(327, 302, NULL, 'TR-003 - FACIAL MEDIUM - Facials', NULL, '2019-08-12 17:26:30', NULL),
(328, 303, NULL, 'TR-001 - FACIAL STANDAR - Facials', NULL, '2019-08-13 11:12:30', NULL),
(329, 304, NULL, 'TR-004 - FACIAL MEDIUM AKUPUNTUR - Facials', NULL, '2019-08-13 11:13:14', NULL),
(330, 305, NULL, 'TR-001 - FACIAL STANDAR - Facials', NULL, '2019-08-13 12:19:29', NULL),
(331, 306, NULL, 'TR-001 - FACIAL STANDAR - Facials', NULL, '2019-08-13 12:33:51', NULL),
(332, 307, NULL, 'TR-003 - FACIAL MEDIUM - Facials', NULL, '2019-08-13 12:34:31', NULL),
(333, 308, NULL, 'TR-001 - FACIAL STANDAR - Facials', NULL, '2019-08-13 14:44:32', NULL),
(334, 309, NULL, 'TR-005 - FACIAL PREMIUM - Facials', NULL, '2019-08-13 16:40:43', NULL),
(335, 310, NULL, 'TR-001 - FACIAL STANDAR - Facials', NULL, '2019-08-13 16:47:04', NULL),
(336, 311, NULL, 'TR-003 - FACIAL MEDIUM - Facials', NULL, '2019-08-14 10:11:47', NULL),
(337, 312, NULL, 'TR-003 - FACIAL MEDIUM - Facials', NULL, '2019-08-14 10:19:17', NULL),
(338, 313, NULL, 'TR-001 - FACIAL STANDAR - Facials', NULL, '2019-08-14 10:49:04', NULL),
(339, 314, NULL, 'TR-001 - FACIAL STANDAR - Facials', NULL, '2019-08-14 11:51:32', NULL),
(340, 315, NULL, 'TR-001 - FACIAL STANDAR - Facials', NULL, '2019-08-14 12:22:41', NULL),
(341, 316, NULL, 'TR-001 - FACIAL STANDAR - Facials', NULL, '2019-08-14 12:23:23', NULL),
(342, 317, NULL, 'TR-001 - FACIAL STANDAR - Facials', NULL, '2019-08-14 12:41:16', NULL),
(343, 318, NULL, 'TR-001 - FACIAL STANDAR - Facials', NULL, '2019-08-15 10:33:45', NULL),
(344, 319, NULL, 'TR-001 - FACIAL STANDAR - Facials', NULL, '2019-08-15 11:19:26', NULL),
(345, 320, NULL, 'TR-001 - FACIAL STANDAR - Facials', NULL, '2019-08-15 11:20:43', NULL),
(346, 321, NULL, 'TR-001 - FACIAL STANDAR - Facials', NULL, '2019-08-15 12:15:22', NULL),
(347, 322, NULL, 'TR-005 - FACIAL PREMIUM - Facials', NULL, '2019-08-15 12:18:27', NULL),
(348, 323, NULL, 'TR-007 - FACIAL GALVANIC - Facials', NULL, '2019-08-15 12:41:56', NULL),
(349, 323, NULL, 'TR-047 - LASER - Baby Spa', 'laser glowing', '2019-08-15 12:41:56', NULL),
(350, 324, NULL, 'TR-001 - FACIAL STANDAR - Facials', NULL, '2019-08-15 13:51:12', NULL),
(351, 325, NULL, 'TR-005 - FACIAL PREMIUM - Facials', NULL, '2019-08-15 14:51:53', NULL),
(352, 325, NULL, 'TR-047 - LASER - Baby Spa', 'laser flek', '2019-08-15 14:51:53', NULL),
(353, 326, NULL, 'TR-001 - FACIAL STANDAR - Facials', NULL, '2019-08-15 14:52:57', NULL),
(354, 327, NULL, 'TR-001 - FACIAL STANDAR - Facials', NULL, '2019-08-15 15:21:15', NULL),
(355, 328, NULL, 'TR-001 - FACIAL STANDAR - Facials', NULL, '2019-08-15 16:12:10', NULL),
(356, 329, NULL, 'TR-001 - FACIAL STANDAR - Facials', NULL, '2019-08-15 17:12:33', NULL),
(357, 330, NULL, 'TR-001 - FACIAL STANDAR - Facials', NULL, '2019-08-15 17:21:43', NULL),
(358, 331, NULL, 'TR-001 - FACIAL STANDAR - Facials', NULL, '2019-08-16 13:11:02', NULL),
(359, 332, NULL, 'TR-047 - LASER - Baby Spa', NULL, '2019-08-16 13:11:44', NULL),
(360, 333, NULL, 'TR-001 - FACIAL STANDAR - Facials', NULL, '2019-08-16 13:32:53', NULL),
(361, 334, NULL, 'TR-001 - FACIAL STANDAR - Facials', NULL, '2019-08-16 13:54:38', NULL),
(362, 335, NULL, 'TR-003 - FACIAL MEDIUM - Facials', NULL, '2019-08-16 14:02:43', NULL),
(363, 336, NULL, 'TR-007 - FACIAL GALVANIC - Facials', NULL, '2019-08-16 14:10:31', NULL),
(364, 337, NULL, 'TR-001 - FACIAL STANDAR - Facials', NULL, '2019-08-16 14:33:45', NULL),
(365, 338, NULL, 'TR-001 - FACIAL STANDAR - Facials', 'konsultasi', '2019-08-16 14:37:40', NULL),
(366, 339, NULL, 'TR-001 - FACIAL STANDAR - Facials', NULL, '2019-08-19 10:08:19', NULL),
(367, 340, NULL, 'TR-003 - FACIAL MEDIUM - Facials', NULL, '2019-08-19 10:12:52', NULL),
(368, 341, NULL, 'TR-001 - FACIAL STANDAR - Facials', NULL, '2019-08-19 10:53:26', NULL),
(369, 342, NULL, 'TR-001 - FACIAL STANDAR - Facials', NULL, '2019-08-19 10:54:23', NULL),
(370, 343, NULL, 'TR-047 - LASER - Baby Spa', NULL, '2019-08-19 10:59:20', NULL),
(371, 344, NULL, 'TR-047 - LASER - Baby Spa', NULL, '2019-08-19 11:28:16', NULL),
(372, 345, NULL, 'TR-003 - FACIAL MEDIUM - Facials', NULL, '2019-08-19 11:28:38', NULL),
(373, 346, NULL, 'TR-003 - FACIAL MEDIUM - Facials', NULL, '2019-08-19 11:46:01', NULL),
(374, 347, NULL, 'TR-001 - FACIAL STANDAR - Facials', NULL, '2019-08-19 13:48:59', NULL),
(375, 348, NULL, 'TR-001 - FACIAL STANDAR - Facials', NULL, '2019-08-19 13:57:02', NULL),
(376, 349, NULL, 'TR-002 - FACIAL STANDAR AKUPUNTUR - Facials', NULL, '2019-08-19 13:57:25', NULL),
(377, 350, NULL, 'TR-005 - FACIAL PREMIUM - Facials', NULL, '2019-08-19 13:57:55', NULL),
(378, 351, NULL, 'TR-002 - FACIAL STANDAR AKUPUNTUR - Facials', NULL, '2019-08-19 13:58:29', NULL),
(379, 352, NULL, 'TR-047 - LASER - Baby Spa', 'laser glowing', '2019-08-19 14:27:23', NULL),
(380, 353, NULL, 'TR-001 - FACIAL STANDAR - Facials', NULL, '2019-08-19 15:46:48', NULL),
(381, 354, NULL, 'TR-047 - LASER - Baby Spa', NULL, '2019-08-20 16:59:35', NULL),
(382, 354, NULL, 'TR-014 - AKUPUNTUR - Akupuntur', NULL, '2019-08-20 16:59:35', NULL),
(383, 355, NULL, 'TR-001 - FACIAL STANDAR - Facials', NULL, '2019-08-20 17:06:50', NULL),
(384, 356, NULL, 'TR-001 - FACIAL STANDAR - Facials', NULL, '2019-08-20 17:09:56', NULL),
(385, 357, NULL, 'TR-005 - FACIAL PREMIUM - Facials', NULL, '2019-08-21 10:58:55', NULL),
(386, 358, NULL, 'TR-001 - FACIAL STANDAR - Facials', NULL, '2019-08-21 11:03:52', NULL),
(387, 359, NULL, 'TR-005 - FACIAL PREMIUM - Facials', NULL, '2019-08-21 13:16:18', NULL),
(388, 360, NULL, 'TR-001 - FACIAL STANDAR - Facials', NULL, '2019-08-21 16:31:12', NULL),
(389, 361, NULL, 'TR-001 - FACIAL STANDAR - Facials', NULL, '2019-08-21 17:47:11', NULL),
(390, 362, NULL, 'TR-003 - FACIAL MEDIUM - Facials', NULL, '2019-08-22 11:02:31', NULL),
(391, 363, NULL, 'TR-011 - PEELING MEDIUM - Peeling', 'peeling poly sa+4G', '2019-08-22 12:55:35', NULL),
(392, 364, NULL, 'TR-015 - PAKET AKUPUNTUR SLIMING - Akupuntur', NULL, '2019-08-22 13:31:50', NULL),
(393, 365, NULL, 'TR-012 - PEELING PREMIUM - Peeling', 'peeling giga white peel+melanopeel', '2019-08-22 14:21:45', NULL),
(394, 367, NULL, 'TR-001 - FACIAL STANDAR - Facials', NULL, '2019-08-22 16:40:42', NULL),
(395, 368, NULL, 'TR-001 - FACIAL STANDAR - Facials', NULL, '2019-08-22 16:52:23', NULL),
(396, 369, NULL, 'TR-001 - FACIAL STANDAR - Facials', NULL, '2019-08-22 17:08:24', NULL),
(397, 370, NULL, 'TR-009 - FACIAL GALVANIC SERUM - Facials', NULL, '2019-08-22 17:13:36', NULL),
(398, 371, NULL, 'TR-001 - FACIAL STANDAR - Facials', NULL, '2019-08-23 13:39:26', NULL),
(399, 372, NULL, 'TR-001 - FACIAL STANDAR - Facials', NULL, '2019-08-23 13:41:22', NULL),
(400, 373, NULL, 'TR-047 - LASER - Baby Spa', 'laseer glowing', '2019-08-23 13:56:52', NULL),
(401, 373, NULL, 'TR-005 - FACIAL PREMIUM - Facials', 'facial acne premium', '2019-08-23 13:56:52', NULL),
(402, 373, NULL, 'TR-014 - AKUPUNTUR - Akupuntur', NULL, '2019-08-23 13:56:52', NULL),
(403, 374, NULL, 'TR-001 - FACIAL STANDAR - Facials', 'tanam benang', '2019-08-23 14:06:51', NULL),
(404, 375, NULL, 'TR-001 - FACIAL STANDAR - Facials', 'konsultasi', '2019-08-23 14:20:59', NULL),
(405, 376, NULL, 'TR-001 - FACIAL STANDAR - Facials', NULL, '2019-08-23 14:29:13', NULL),
(406, 377, NULL, 'TR-001 - FACIAL STANDAR - Facials', NULL, '2019-08-24 12:52:12', NULL),
(407, 378, NULL, 'TR-001 - FACIAL STANDAR - Facials', NULL, '2019-08-24 14:50:55', NULL),
(408, 379, NULL, 'TR-001 - FACIAL STANDAR - Facials', NULL, '2019-08-24 15:41:21', NULL),
(409, 380, NULL, 'TR-001 - FACIAL STANDAR - Facials', NULL, '2019-08-24 15:45:39', NULL),
(410, 381, NULL, 'TR-002 - FACIAL STANDAR AKUPUNTUR - Facials', NULL, '2019-08-24 16:07:50', NULL),
(411, 382, NULL, 'TR-001 - FACIAL STANDAR - Facials', NULL, '2019-08-26 11:11:48', NULL),
(412, 383, NULL, 'TR-001 - FACIAL STANDAR - Facials', NULL, '2019-08-26 11:12:16', NULL),
(413, 384, NULL, 'TR-003 - FACIAL MEDIUM - Facials', NULL, '2019-08-27 12:13:04', NULL),
(414, 385, NULL, 'TR-001 - FACIAL STANDAR - Facials', NULL, '2019-08-27 12:23:46', NULL),
(415, 386, NULL, 'TR-001 - FACIAL STANDAR - Facials', NULL, '2019-08-27 16:22:10', NULL),
(416, 387, NULL, 'TR-001 - FACIAL STANDAR - Facials', NULL, '2019-08-27 16:51:32', NULL),
(417, 388, NULL, 'TR-003 - FACIAL MEDIUM - Facials', NULL, '2019-08-28 12:03:24', NULL),
(418, 388, NULL, 'TR-047 - LASER - Baby Spa', NULL, '2019-08-28 12:03:24', NULL),
(419, 389, NULL, 'TR-003 - FACIAL MEDIUM - Facials', NULL, '2019-08-28 13:57:29', NULL),
(420, 390, NULL, 'TR-047 - LASER - Baby Spa', NULL, '2019-08-28 16:55:10', NULL),
(421, 391, NULL, 'TR-003 - FACIAL MEDIUM - Facials', NULL, '2019-08-29 12:45:58', NULL),
(422, 392, NULL, 'TR-047 - LASER - Baby Spa', NULL, '2019-08-30 15:29:46', NULL),
(423, 393, NULL, 'TR-003 - FACIAL MEDIUM - Facials', NULL, '2019-08-31 15:46:03', NULL),
(424, 394, NULL, 'TR-003 - FACIAL MEDIUM - Facials', NULL, '2019-09-02 12:59:23', NULL),
(425, 395, NULL, 'TR-001 - FACIAL STANDAR - Facials', NULL, '2019-09-02 15:17:24', NULL),
(426, 396, NULL, 'TR-003 - FACIAL MEDIUM - Facials', NULL, '2019-09-03 11:00:37', NULL),
(427, 397, NULL, 'TR-003 - FACIAL MEDIUM - Facials', NULL, '2019-09-03 12:17:00', NULL),
(428, 398, NULL, 'TR-003 - FACIAL MEDIUM - Facials', NULL, '2019-09-03 12:17:27', NULL),
(429, 399, NULL, 'TR-003 - FACIAL MEDIUM - Facials', NULL, '2019-09-03 12:32:59', NULL),
(430, 400, NULL, 'TR-012 - PEELING PREMIUM - Peeling', 'peeling giga white peel+melanopeel', '2019-09-03 12:46:03', NULL),
(431, 401, NULL, 'TR-003 - FACIAL MEDIUM - Facials', NULL, '2019-09-03 12:47:31', NULL),
(432, 402, NULL, 'TR-001 - FACIAL STANDAR - Facials', NULL, '2019-09-03 12:58:15', NULL),
(433, 403, NULL, 'TR-001 - FACIAL STANDAR - Facials', NULL, '2019-09-03 13:04:33', NULL),
(434, 404, NULL, 'TR-001 - FACIAL STANDAR - Facials', NULL, '2019-09-03 15:03:09', NULL),
(435, 405, NULL, 'TR-001 - FACIAL STANDAR - Facials', NULL, '2019-09-03 18:56:15', NULL),
(436, 406, NULL, 'TR-003 - FACIAL MEDIUM - Facials', NULL, '2019-09-04 10:12:56', NULL),
(437, 407, NULL, 'TR-001 - FACIAL STANDAR - Facials', NULL, '2019-09-04 12:28:30', NULL),
(438, 408, NULL, 'TR-005 - FACIAL PREMIUM - Facials', 'oxyspray', '2019-09-04 12:33:19', NULL),
(439, 409, NULL, 'TR-047 - LASER - Baby Spa', NULL, '2019-09-04 13:26:05', NULL),
(440, 410, NULL, 'TR-047 - LASER - Baby Spa', 'IPL', '2019-09-04 13:58:23', NULL),
(441, 411, NULL, 'TR-003 - FACIAL MEDIUM - Facials', NULL, '2019-09-04 14:45:00', NULL),
(442, 412, NULL, 'TR-003 - FACIAL MEDIUM - Facials', NULL, '2019-09-04 14:45:36', NULL),
(443, 413, NULL, 'TR-003 - FACIAL MEDIUM - Facials', NULL, '2019-09-04 14:48:15', NULL),
(444, 414, NULL, 'TR-011 - PEELING MEDIUM - Peeling', 'peeling poly sa+4G', '2019-09-05 12:10:42', NULL),
(445, 415, NULL, 'TR-005 - FACIAL PREMIUM - Facials', 'facial galvanic', '2019-09-05 12:13:41', NULL),
(446, 416, NULL, 'TR-007 - FACIAL GALVANIC - Facials', NULL, '2019-09-05 14:23:42', NULL),
(447, 417, NULL, 'TR-005 - FACIAL PREMIUM - Facials', NULL, '2019-09-05 14:26:54', NULL),
(448, 418, NULL, 'TR-003 - FACIAL MEDIUM - Facials', NULL, '2019-09-05 14:45:25', NULL),
(449, 419, NULL, 'TR-001 - FACIAL STANDAR - Facials', NULL, '2019-09-05 17:06:12', NULL),
(450, 420, NULL, 'TR-001 - FACIAL STANDAR - Facials', NULL, '2019-09-05 17:06:37', NULL),
(451, 421, NULL, 'TR-001 - FACIAL STANDAR - Facials', NULL, '2019-09-05 17:10:27', NULL),
(452, 422, NULL, 'TR-001 - FACIAL STANDAR - Facials', 'white 2', '2019-09-05 17:39:56', NULL),
(453, 423, NULL, 'TR-001 - FACIAL STANDAR - Facials', NULL, '2019-09-07 11:26:20', NULL),
(454, 424, NULL, 'TR-001 - FACIAL STANDAR - Facials', NULL, '2019-09-07 16:09:03', NULL),
(455, 425, NULL, 'TR-001 - FACIAL STANDAR - Facials', NULL, '2019-09-07 16:09:23', NULL),
(456, 426, NULL, 'TR-047 - LASER - Baby Spa', NULL, '2019-09-07 16:17:23', NULL),
(457, 427, NULL, 'TR-001 - FACIAL STANDAR - Facials', NULL, '2019-09-07 17:11:26', NULL),
(458, 428, NULL, 'TR-014 - AKUPUNTUR - Akupuntur', 'KETERANGAN', '2019-09-08 19:07:30', NULL),
(459, 428, NULL, 'TR-010 - PEELING STANDAR - Peeling', 'KETERANGAN', '2019-09-08 19:07:30', NULL),
(460, 429, NULL, 'TR-001 - FACIAL STANDAR - Facials', NULL, '2019-09-08 21:10:39', NULL),
(461, 429, NULL, 'TR-002 - FACIAL STANDAR AKUPUNTUR - Facials', NULL, '2019-09-08 21:10:39', NULL),
(462, 430, NULL, 'TR-001 - FACIAL STANDAR - Facials', NULL, '2019-09-08 21:18:02', NULL),
(463, 431, NULL, 'TR-003 - FACIAL MEDIUM - Facials', NULL, '2019-09-09 10:16:08', NULL),
(464, 432, NULL, 'TR-007 - FACIAL GALVANIC - Facials', NULL, '2019-09-09 13:45:05', NULL),
(465, 433, NULL, 'TR-047 - LASER - Baby Spa', 'laser untuk alis', '2019-09-09 13:49:18', NULL),
(466, 434, NULL, 'TR-003 - FACIAL MEDIUM - Facials', NULL, '2019-09-09 13:50:15', NULL),
(467, 435, NULL, 'TR-001 - FACIAL STANDAR - Facials', NULL, '2019-09-09 13:53:55', NULL),
(468, 436, NULL, 'TR-005 - FACIAL PREMIUM - Facials', 'facial oxyspray', '2019-09-09 14:02:43', NULL),
(469, 437, NULL, 'TR-047 - LASER - Baby Spa', NULL, '2019-09-09 14:59:15', NULL),
(470, 438, NULL, 'TR-001 - FACIAL STANDAR - Facials', NULL, '2019-09-09 17:29:21', NULL),
(471, 439, NULL, 'TR-001 - FACIAL STANDAR - Facials', NULL, '2019-09-10 10:53:31', NULL),
(472, 440, NULL, 'TR-001 - FACIAL STANDAR - Facials', 'konsultasi', '2019-09-10 13:24:16', NULL),
(473, 441, NULL, 'TR-001 - FACIAL STANDAR - Facials', NULL, '2019-09-13 11:33:00', NULL),
(474, 442, NULL, 'TR-005 - FACIAL PREMIUM - Facials', 'sensitif + sinar HIjau', '2019-09-13 13:32:51', NULL),
(475, 443, NULL, 'TR-008 - FACIAL GALVANIC AKUPUNTUR - Facials', '+SINAR pdt MERAH', '2019-09-13 13:55:46', NULL),
(476, 443, NULL, 'TR-034 - SUNTIK VIT C - Baby Spa', 'suntik flek hitam', '2019-09-13 13:55:46', NULL),
(477, 444, NULL, 'TR-001 - FACIAL STANDAR - Facials', NULL, '2019-09-13 14:46:57', NULL),
(478, 445, NULL, 'TR-001 - FACIAL STANDAR - Facials', NULL, '2019-09-13 15:13:03', NULL),
(479, 446, NULL, 'TR-005 - FACIAL PREMIUM - Facials', NULL, '2019-09-13 15:52:49', NULL),
(480, 446, NULL, 'TR-047 - LASER - Baby Spa', 'laser glowing+suntik flek', '2019-09-13 15:52:49', NULL),
(481, 447, NULL, 'TR-001 - FACIAL STANDAR - Facials', NULL, '2019-09-13 16:12:04', NULL),
(482, 448, NULL, 'TR-001 - FACIAL STANDAR - Facials', NULL, '2019-09-13 16:47:58', NULL),
(483, 449, NULL, 'TR-005 - FACIAL PREMIUM - Facials', NULL, '2019-09-13 18:33:59', NULL),
(484, 450, NULL, 'TR-005 - FACIAL PREMIUM - Facials', 'facial oxyspray', '2019-09-14 10:13:10', NULL),
(485, 450, NULL, 'TR-047 - LASER - Baby Spa', 'laser flek', '2019-09-14 10:13:10', NULL),
(486, 451, NULL, 'TR-007 - FACIAL GALVANIC - Facials', NULL, '2019-09-14 10:31:54', NULL),
(487, 451, NULL, 'TR-047 - LASER - Baby Spa', 'laser flek', '2019-09-14 10:31:54', NULL),
(488, 452, NULL, 'TR-047 - LASER - Baby Spa', 'laser sulam alis', '2019-09-14 10:37:55', NULL),
(489, 453, NULL, 'TR-005 - FACIAL PREMIUM - Facials', 'facial acne premium', '2019-09-14 10:44:47', NULL),
(490, 454, NULL, 'TR-001 - FACIAL STANDAR - Facials', NULL, '2019-09-14 11:10:04', NULL),
(491, 455, NULL, 'TR-003 - FACIAL MEDIUM - Facials', NULL, '2019-09-14 11:40:12', NULL),
(492, 456, NULL, 'TR-001 - FACIAL STANDAR - Facials', NULL, '2019-09-14 11:41:11', NULL),
(493, 457, NULL, 'TR-001 - FACIAL STANDAR - Facials', NULL, '2019-09-14 11:50:17', NULL),
(494, 458, NULL, 'TR-001 - FACIAL STANDAR - Facials', NULL, '2019-09-14 11:51:00', NULL),
(495, 459, NULL, 'TR-003 - FACIAL MEDIUM - Facials', NULL, '2019-09-14 12:33:33', NULL),
(496, 460, NULL, 'TR-011 - PEELING MEDIUM - Peeling', 'body peeling kaki', '2019-09-14 12:39:17', NULL),
(497, 461, NULL, 'TR-001 - FACIAL STANDAR - Facials', NULL, '2019-09-14 14:57:32', NULL),
(498, 462, NULL, 'TR-001 - FACIAL STANDAR - Facials', NULL, '2019-09-14 15:44:35', NULL),
(499, 463, NULL, 'TR-002 - FACIAL STANDAR AKUPUNTUR - Facials', NULL, '2019-09-14 15:44:57', NULL),
(500, 464, NULL, 'TR-001 - FACIAL STANDAR - Facials', NULL, '2019-09-14 15:45:24', NULL),
(501, 465, NULL, 'TR-001 - FACIAL STANDAR - Facials', NULL, '2019-09-14 16:07:40', NULL),
(502, 466, NULL, 'TR-001 - FACIAL STANDAR - Facials', 'konsultasi', '2019-09-16 17:40:49', NULL),
(503, 467, NULL, 'TR-001 - FACIAL STANDAR - Facials', NULL, '2019-09-17 11:16:21', NULL),
(504, 468, NULL, 'TR-047 - LASER - Baby Spa', 'laser bopeng', '2019-09-17 12:57:01', NULL),
(505, 469, NULL, 'TR-001 - FACIAL STANDAR - Facials', NULL, '2019-09-17 14:05:00', NULL),
(506, 470, NULL, 'TR-001 - FACIAL STANDAR - Facials', 'konsultasi', '2019-09-17 14:10:04', NULL),
(507, 471, NULL, 'TR-001 - FACIAL STANDAR - Facials', 'oxy glow', '2019-09-17 14:24:59', NULL),
(508, 472, NULL, 'TR-001 - FACIAL STANDAR - Facials', 'kauter', '2019-09-17 15:39:30', NULL),
(509, 473, NULL, 'TR-005 - FACIAL PREMIUM - Facials', '+serum vit c', '2019-09-18 10:07:58', NULL),
(510, 474, NULL, 'TR-001 - FACIAL STANDAR - Facials', 'konsultasi', '2019-09-18 10:18:31', NULL),
(511, 475, NULL, 'TR-001 - FACIAL STANDAR - Facials', 'oxy soray', '2019-09-18 12:19:21', NULL),
(512, 476, NULL, 'TR-001 - FACIAL STANDAR - Facials', 'benang+filler', '2019-09-18 14:14:11', NULL),
(513, 477, NULL, 'TR-007 - FACIAL GALVANIC - Facials', NULL, '2019-09-18 14:22:49', NULL),
(514, 479, NULL, 'TR-001 - FACIAL STANDAR - Facials', NULL, '2019-09-19 10:12:34', NULL),
(515, 480, NULL, 'TR-047 - LASER - Baby Spa', NULL, '2019-09-19 11:17:34', NULL),
(516, 480, NULL, 'TR-003 - FACIAL MEDIUM - Facials', NULL, '2019-09-19 11:17:34', NULL),
(517, 481, NULL, 'TR-002 - FACIAL STANDAR AKUPUNTUR - Facials', NULL, '2019-09-19 11:20:22', NULL),
(518, 482, NULL, 'TR-001 - FACIAL STANDAR - Facials', NULL, '2019-09-19 11:40:22', NULL),
(519, 483, NULL, 'TR-001 - FACIAL STANDAR - Facials', NULL, '2019-09-19 11:54:01', NULL),
(520, 484, NULL, 'TR-001 - FACIAL STANDAR - Facials', NULL, '2019-09-19 11:56:27', NULL),
(521, 485, NULL, 'TR-001 - FACIAL STANDAR - Facials', NULL, '2019-09-19 12:01:22', NULL),
(522, 486, NULL, 'TR-001 - FACIAL STANDAR - Facials', 'konsultasi', '2019-09-19 12:53:08', NULL),
(523, 487, NULL, 'TR-005 - FACIAL PREMIUM - Facials', '+serum sensitif', '2019-09-19 13:02:48', NULL),
(524, 488, NULL, 'TR-006 - FACIAL PREMIUM AKUPUNTUR - Facials', 'Facial premium vit c+serum', '2019-09-19 14:52:25', NULL),
(525, 489, NULL, 'TR-001 - FACIAL STANDAR - Facials', 'konsultasi', '2019-09-19 17:26:27', NULL),
(526, 490, NULL, 'TR-001 - FACIAL STANDAR - Facials', 'prem acne', '2019-09-20 11:51:14', NULL),
(527, 491, NULL, 'TR-047 - LASER - Baby Spa', 'laser bopeng', '2019-09-20 12:06:04', NULL),
(528, 492, NULL, 'TR-001 - FACIAL STANDAR - Facials', NULL, '2019-09-20 14:02:08', NULL),
(529, 493, NULL, 'TR-047 - LASER - Baby Spa', 'laser glowing', '2019-09-20 14:06:42', NULL),
(530, 494, NULL, 'TR-047 - LASER - Baby Spa', NULL, '2019-09-20 14:39:03', NULL),
(531, 495, NULL, 'TR-005 - FACIAL PREMIUM - Facials', '+serum acne', '2019-09-20 14:43:02', NULL),
(532, 496, NULL, 'TR-003 - FACIAL MEDIUM - Facials', 'lumispa', '2019-09-21 10:43:31', NULL),
(533, 497, NULL, 'TR-003 - FACIAL MEDIUM - Facials', 'prem vit c', '2019-09-21 11:36:48', NULL),
(534, 498, NULL, 'TR-047 - LASER - Baby Spa', NULL, '2019-09-21 13:02:07', NULL),
(535, 499, NULL, 'TR-047 - LASER - Baby Spa', NULL, '2019-09-21 13:32:39', NULL),
(536, 500, NULL, 'TR-014 - AKUPUNTUR - Akupuntur', '+sinar biru', '2019-09-23 12:50:35', NULL),
(537, 501, NULL, 'TR-047 - LASER - Baby Spa', 'laser flek', '2019-09-23 13:17:09', NULL),
(538, 502, NULL, 'TR-005 - FACIAL PREMIUM - Facials', 'facial oxyspray', '2019-09-23 13:26:00', NULL),
(539, 502, NULL, 'TR-047 - LASER - Baby Spa', 'laser flek', '2019-09-23 13:26:00', NULL),
(540, 503, NULL, 'TR-047 - LASER - Baby Spa', NULL, '2019-09-23 14:11:19', NULL),
(541, 504, NULL, 'TR-014 - AKUPUNTUR - Akupuntur', NULL, '2019-09-23 17:53:06', NULL),
(542, 505, NULL, 'TR-001 - FACIAL STANDAR - Facials', NULL, '2019-09-23 17:54:55', NULL),
(543, 506, NULL, 'TR-001 - FACIAL STANDAR - Facials', 'facial + laser flek', '2019-09-24 10:27:55', NULL),
(544, 507, NULL, 'TR-047 - LASER - Baby Spa', 'laser glowing', '2019-09-24 11:52:09', NULL),
(545, 508, NULL, 'TR-001 - FACIAL STANDAR - Facials', 'konsultasi', '2019-09-24 11:59:35', NULL),
(546, 509, NULL, 'TR-009 - FACIAL GALVANIC SERUM - Facials', NULL, '2019-09-24 12:07:52', NULL),
(547, 510, NULL, 'TR-047 - LASER - Baby Spa', 'laser glowing', '2019-09-24 13:42:01', NULL),
(548, 511, NULL, 'TR-001 - FACIAL STANDAR - Facials', NULL, '2019-09-24 14:19:55', NULL),
(549, 512, NULL, 'TR-001 - FACIAL STANDAR - Facials', NULL, '2019-09-24 16:52:53', NULL),
(550, 513, NULL, 'TR-001 - FACIAL STANDAR - Facials', NULL, '2019-09-24 17:07:46', NULL),
(551, 514, NULL, 'TR-001 - FACIAL STANDAR - Facials', NULL, '2019-09-25 13:35:49', NULL),
(552, 515, NULL, 'TR-004 - FACIAL MEDIUM AKUPUNTUR - Facials', NULL, '2019-09-25 14:09:46', NULL),
(553, 516, NULL, 'TR-010 - PEELING STANDAR - Peeling', 'peeling GA 20%', '2019-09-25 14:15:57', NULL),
(554, 517, NULL, 'TR-001 - FACIAL STANDAR - Facials', NULL, '2019-09-25 14:29:33', NULL),
(555, 518, NULL, 'TR-001 - FACIAL STANDAR - Facials', NULL, '2019-09-25 14:48:25', NULL),
(556, 519, NULL, 'TR-001 - FACIAL STANDAR - Facials', NULL, '2019-09-25 16:28:17', NULL),
(557, 520, NULL, 'TR-003 - FACIAL MEDIUM - Facials', 'galvanic', '2019-09-26 10:14:13', NULL),
(558, 521, NULL, 'TR-009 - FACIAL GALVANIC SERUM - Facials', 'facial galvanic+lumispa', '2019-09-26 10:36:05', NULL),
(559, 522, NULL, 'TR-047 - LASER - Baby Spa', 'laser jerawat', '2019-09-26 11:01:48', NULL),
(560, 522, NULL, 'TR-014 - AKUPUNTUR - Akupuntur', '+sinar', '2019-09-26 11:01:48', NULL),
(561, 523, NULL, 'TR-005 - FACIAL PREMIUM - Facials', 'Oxyspray', '2019-09-26 11:12:06', NULL),
(562, 523, NULL, 'TR-047 - LASER - Baby Spa', 'IPL', '2019-09-26 11:12:06', NULL),
(563, 524, NULL, 'TR-007 - FACIAL GALVANIC - Facials', 'facial lumispa', '2019-09-26 11:16:40', NULL),
(564, 525, NULL, 'TR-001 - FACIAL STANDAR - Facials', NULL, '2019-09-26 11:29:41', NULL),
(565, 526, NULL, 'TR-008 - FACIAL GALVANIC AKUPUNTUR - Facials', 'facial galvanic+lumispa', '2019-09-26 12:21:45', NULL),
(566, 527, NULL, 'TR-012 - PEELING PREMIUM - Peeling', 'Black peel', '2019-09-26 12:26:42', NULL),
(567, 528, NULL, 'TR-005 - FACIAL PREMIUM - Facials', 'facial lumispa', '2019-09-26 13:07:46', NULL),
(568, 528, NULL, 'TR-047 - LASER - Baby Spa', 'laser glowing', '2019-09-26 13:07:46', NULL),
(569, 529, NULL, 'TR-047 - LASER - Baby Spa', 'laser jerawat', '2019-09-26 13:27:10', NULL),
(570, 530, NULL, 'TR-047 - LASER - Baby Spa', 'laser flek+ cauter', '2019-09-26 14:13:17', NULL),
(571, 531, NULL, 'TR-001 - FACIAL STANDAR - Facials', NULL, '2019-09-26 16:27:29', NULL),
(572, 532, NULL, 'TR-001 - FACIAL STANDAR - Facials', NULL, '2019-09-26 16:31:11', NULL),
(573, 533, NULL, 'TR-047 - LASER - Baby Spa', NULL, '2019-09-26 17:36:53', NULL),
(574, 533, NULL, 'TR-005 - FACIAL PREMIUM - Facials', 'facial oxyspray', '2019-09-26 17:36:53', NULL),
(575, 534, NULL, 'TR-003 - FACIAL MEDIUM - Facials', 'acne wash', '2019-09-26 17:42:42', NULL),
(576, 535, NULL, 'TR-001 - FACIAL STANDAR - Facials', NULL, '2019-09-27 11:47:41', NULL),
(577, 536, NULL, 'TR-012 - PEELING PREMIUM - Peeling', 'peeling black peel', '2019-09-27 13:30:16', NULL),
(578, 537, NULL, 'TR-005 - FACIAL PREMIUM - Facials', NULL, '2019-09-27 13:39:50', NULL),
(579, 538, NULL, 'TR-005 - FACIAL PREMIUM - Facials', 'konsultasi', '2019-09-27 13:49:01', NULL),
(580, 539, NULL, 'TR-001 - FACIAL STANDAR - Facials', 'konsultasi', '2019-09-27 14:37:18', NULL),
(581, 540, NULL, 'TR-001 - FACIAL STANDAR - Facials', 'konsultasi', '2019-09-27 14:55:34', NULL),
(582, 541, NULL, 'TR-047 - LASER - Baby Spa', 'laser flek', '2019-09-28 13:37:27', NULL),
(583, 542, NULL, 'TR-047 - LASER - Baby Spa', 'lasee jerawta', '2019-09-28 13:42:25', NULL),
(584, 543, NULL, 'TR-047 - LASER - Baby Spa', 'laser glowing', '2019-09-28 13:58:40', NULL),
(585, 543, NULL, 'TR-005 - FACIAL PREMIUM - Facials', 'facial lumispa', '2019-09-28 13:58:40', NULL),
(586, 544, NULL, 'TR-003 - FACIAL MEDIUM - Facials', NULL, '2019-09-28 16:04:43', NULL),
(587, 545, NULL, 'TR-005 - FACIAL PREMIUM - Facials', NULL, '2019-09-28 16:44:22', NULL),
(588, 545, NULL, 'TR-047 - LASER - Baby Spa', 'laser flek', '2019-09-28 16:44:22', NULL),
(589, 546, NULL, 'TR-001 - FACIAL STANDAR - Facials', NULL, '2019-09-30 17:00:09', NULL),
(590, 547, NULL, 'TR-047 - LASER - Baby Spa', 'laser flek', '2019-09-30 17:09:45', NULL),
(591, 548, NULL, 'TR-007 - FACIAL GALVANIC - Facials', NULL, '2019-10-01 12:44:14', NULL),
(592, 549, NULL, 'TR-001 - FACIAL STANDAR - Facials', NULL, '2019-10-01 13:14:34', NULL),
(593, 550, NULL, 'TR-012 - PEELING PREMIUM - Peeling', 'Black peel', '2019-10-01 13:36:05', NULL),
(594, 551, NULL, 'TR-001 - FACIAL STANDAR - Facials', '+akupnutr+ sinar', '2019-10-01 13:52:15', NULL),
(595, 552, NULL, 'TR-047 - LASER - Baby Spa', 'laser glowing', '2019-10-01 16:46:41', NULL),
(596, 553, NULL, 'TR-004 - FACIAL MEDIUM AKUPUNTUR - Facials', NULL, '2019-10-01 16:52:25', NULL),
(597, 553, NULL, 'TR-047 - LASER - Baby Spa', 'laser flek', '2019-10-01 16:52:25', NULL),
(598, 554, NULL, 'TR-001 - FACIAL STANDAR - Facials', NULL, '2019-10-02 15:22:21', NULL),
(599, 555, NULL, 'TR-005 - FACIAL PREMIUM - Facials', 'facial premium vit c', '2019-10-02 15:36:44', NULL),
(600, 556, NULL, 'TR-005 - FACIAL PREMIUM - Facials', NULL, '2019-10-02 15:43:01', NULL),
(601, 557, NULL, 'TR-007 - FACIAL GALVANIC - Facials', NULL, '2019-10-03 13:37:29', NULL);
INSERT INTO `prescription_treatments` (`id`, `prescription_id`, `services_id`, `name`, `description`, `created_at`, `updated_at`) VALUES
(602, 557, NULL, 'TR-047 - LASER - Baby Spa', 'laser flek', '2019-10-03 13:37:29', NULL),
(603, 558, NULL, 'TR-014 - AKUPUNTUR - Akupuntur', 'akupuntr+sinar biru', '2019-10-03 13:49:20', NULL),
(604, 559, NULL, 'TR-047 - LASER - Baby Spa', 'filler', '2019-10-03 14:05:38', NULL),
(605, 560, NULL, 'TR-034 - SUNTIK VIT C - Baby Spa', 'suntik keloid', '2019-10-04 13:56:56', NULL),
(606, 561, NULL, 'TR-001 - FACIAL STANDAR - Facials', NULL, '2019-10-05 17:42:48', NULL),
(607, 562, NULL, 'TR-007 - FACIAL GALVANIC - Facials', NULL, '2019-10-07 13:37:40', NULL),
(608, 563, NULL, 'TR-047 - LASER - Baby Spa', NULL, '2019-10-07 13:42:57', NULL),
(609, 564, NULL, 'TR-005 - FACIAL PREMIUM - Facials', NULL, '2019-10-08 11:57:15', NULL),
(610, 564, NULL, 'TR-047 - LASER - Baby Spa', 'laser flek', '2019-10-08 11:57:15', NULL),
(611, 565, NULL, 'TR-005 - FACIAL PREMIUM - Facials', 'facial oxyspray+sensitf', '2019-10-08 14:21:18', NULL),
(612, 566, NULL, 'TR-005 - FACIAL PREMIUM - Facials', NULL, '2019-10-08 14:26:28', NULL),
(613, 566, NULL, 'TR-047 - LASER - Baby Spa', 'laser flek', '2019-10-08 14:26:28', NULL),
(614, 567, NULL, 'TR-003 - FACIAL MEDIUM - Facials', '+sinar', '2019-10-08 14:30:06', NULL),
(615, 568, NULL, 'TR-001 - FACIAL STANDAR - Facials', 'oxyglow', '2019-10-09 16:39:54', NULL),
(616, 569, NULL, 'TR-001 - FACIAL STANDAR - Facials', NULL, '2019-10-11 16:46:24', NULL),
(617, 570, NULL, 'TR-001 - FACIAL STANDAR - Facials', NULL, '2019-10-12 13:36:30', NULL),
(618, 571, NULL, 'TR-047 - LASER - Baby Spa', 'laser bopeng', '2019-10-14 11:44:04', NULL),
(619, 572, NULL, 'TR-001 - FACIAL STANDAR - Facials', 'lumispa', '2019-10-14 11:59:24', NULL),
(620, 572, NULL, 'TR-047 - LASER - Baby Spa', 'flek', '2019-10-14 11:59:24', NULL),
(621, 573, NULL, 'TR-001 - FACIAL STANDAR - Facials', NULL, '2019-10-14 14:36:41', NULL),
(622, 574, NULL, 'TR-001 - FACIAL STANDAR - Facials', NULL, '2019-10-14 14:43:23', NULL),
(623, 575, NULL, 'TR-004 - FACIAL MEDIUM AKUPUNTUR - Facials', NULL, '2019-10-14 15:20:55', NULL),
(624, 575, NULL, 'TR-047 - LASER - Baby Spa', 'laser glowing', '2019-10-14 15:20:55', NULL),
(625, 576, NULL, 'TR-001 - FACIAL STANDAR - Facials', NULL, '2019-10-14 15:57:11', NULL),
(626, 577, NULL, 'TR-047 - LASER - Baby Spa', NULL, '2019-10-15 15:06:55', NULL),
(627, 578, NULL, 'TR-011 - PEELING MEDIUM - Peeling', NULL, '2019-10-15 15:12:10', NULL),
(628, 579, NULL, 'TR-005 - FACIAL PREMIUM - Facials', 'facial premum+vit c', '2019-10-15 16:37:39', NULL),
(629, 579, NULL, 'TR-047 - LASER - Baby Spa', 'laser flek', '2019-10-15 16:37:39', NULL),
(630, 580, NULL, 'TR-009 - FACIAL GALVANIC SERUM - Facials', NULL, '2019-10-15 17:05:29', NULL),
(631, 581, NULL, 'TR-013 - PEELING EXCLUSIF - Peeling', 'peeling super whitening', '2019-10-16 09:30:08', NULL),
(632, 582, NULL, 'TR-005 - FACIAL PREMIUM - Facials', NULL, '2019-10-16 15:33:20', NULL),
(633, 583, NULL, 'TR-005 - FACIAL PREMIUM - Facials', NULL, '2019-10-17 13:43:41', NULL),
(634, 583, NULL, 'TR-047 - LASER - Baby Spa', 'laser flek', '2019-10-17 13:43:41', NULL),
(635, 584, NULL, 'TR-047 - LASER - Baby Spa', 'laseef lek', '2019-10-17 13:59:43', NULL),
(636, 585, NULL, 'TR-047 - LASER - Baby Spa', 'laser glowing+cauter', '2019-10-17 14:10:27', NULL),
(637, 585, NULL, 'TR-005 - FACIAL PREMIUM - Facials', NULL, '2019-10-17 14:10:27', NULL),
(638, 586, NULL, 'TR-003 - FACIAL MEDIUM - Facials', 'facial premium sensitif+serum', '2019-10-18 17:04:37', NULL),
(639, 587, NULL, 'TR-005 - FACIAL PREMIUM - Facials', NULL, '2019-10-18 17:12:18', NULL),
(640, 588, NULL, 'TR-005 - FACIAL PREMIUM - Facials', NULL, '2019-10-18 17:51:19', NULL),
(644, 592, NULL, 'TR-047 - LASER - Baby Spa', NULL, '2019-10-22 13:40:16', NULL),
(645, 593, NULL, 'TR-003 - FACIAL MEDIUM - Facials', NULL, '2019-10-22 13:50:17', NULL),
(646, 594, NULL, 'TR-047 - LASER - Baby Spa', 'BOTOX+FILLER', '2019-10-22 14:01:32', NULL),
(647, 595, NULL, 'TR-003 - FACIAL MEDIUM - Facials', 'facial prem vit c', '2019-10-22 14:15:09', NULL),
(648, 596, NULL, 'TR-047 - LASER - Baby Spa', 'laser bopeng', '2019-10-22 14:23:19', NULL),
(649, 597, NULL, 'TR-001 - FACIAL STANDAR - Facials', 'facial prem acne + laser glwoing', '2019-10-22 14:27:35', NULL),
(650, 598, NULL, 'TR-047 - LASER - Baby Spa', 'laser flek', '2019-10-22 14:28:30', NULL),
(651, 599, NULL, 'TR-047 - LASER - Baby Spa', 'lsaer flek', '2019-10-22 14:35:57', NULL),
(652, 600, NULL, 'TR-003 - FACIAL MEDIUM - Facials', NULL, '2019-10-22 15:07:42', NULL),
(653, 601, NULL, 'TR-004 - FACIAL MEDIUM AKUPUNTUR - Facials', 'akupuntr', '2019-10-22 15:28:31', NULL),
(654, 602, NULL, 'TR-004 - FACIAL MEDIUM AKUPUNTUR - Facials', NULL, '2019-10-22 15:33:54', NULL),
(655, 603, NULL, 'TR-001 - FACIAL STANDAR - Facials', 'facial prem vit c', '2019-10-23 11:27:45', NULL),
(656, 604, NULL, 'TR-011 - PEELING MEDIUM - Peeling', NULL, '2019-10-23 18:03:25', NULL),
(657, 605, NULL, 'TR-002 - FACIAL STANDAR AKUPUNTUR - Facials', NULL, '2019-10-23 18:11:48', NULL),
(658, 606, NULL, 'TR-001 - FACIAL STANDAR - Facials', 'konsltasi', '2019-10-23 18:19:11', NULL),
(659, 607, NULL, 'TR-014 - AKUPUNTUR - Akupuntur', '+suntik jerawta', '2019-10-23 18:27:25', NULL),
(660, 608, NULL, 'TR-005 - FACIAL PREMIUM - Facials', NULL, '2019-10-24 13:29:42', NULL),
(661, 608, NULL, 'TR-047 - LASER - Baby Spa', 'laser flek', '2019-10-24 13:29:42', NULL),
(662, 609, NULL, 'TR-002 - FACIAL STANDAR AKUPUNTUR - Facials', NULL, '2019-10-24 13:38:29', NULL),
(663, 610, NULL, 'TR-001 - FACIAL STANDAR - Facials', NULL, '2019-10-24 13:40:56', NULL),
(664, 611, NULL, 'TR-003 - FACIAL MEDIUM - Facials', NULL, '2019-10-24 14:47:39', NULL),
(665, 612, NULL, 'TR-005 - FACIAL PREMIUM - Facials', NULL, '2019-10-24 14:53:06', NULL),
(666, 613, NULL, 'TR-014 - AKUPUNTUR - Akupuntur', NULL, '2019-10-24 15:00:53', NULL),
(667, 613, NULL, 'TR-011 - PEELING MEDIUM - Peeling', NULL, '2019-10-24 15:00:53', NULL),
(668, 614, NULL, 'TR-011 - PEELING MEDIUM - Peeling', 'peeling mandelic+ GA', '2019-10-25 11:10:14', NULL),
(669, 615, NULL, 'TR-003 - FACIAL MEDIUM - Facials', 'cauter', '2019-10-25 11:14:32', NULL),
(670, 616, NULL, 'TR-005 - FACIAL PREMIUM - Facials', '+serum vit c', '2019-10-25 13:23:03', NULL),
(671, 616, NULL, 'TR-047 - LASER - Baby Spa', 'laser glowing', '2019-10-25 13:23:03', NULL),
(672, 617, NULL, 'TR-005 - FACIAL PREMIUM - Facials', NULL, '2019-10-25 15:04:38', NULL),
(673, 617, NULL, 'TR-047 - LASER - Baby Spa', NULL, '2019-10-25 15:04:38', NULL),
(674, 618, NULL, 'TR-002 - FACIAL STANDAR AKUPUNTUR - Facials', NULL, '2019-10-26 10:17:52', NULL),
(675, 619, NULL, 'TR-001 - FACIAL STANDAR - Facials', NULL, '2019-10-26 11:19:37', NULL),
(676, 620, NULL, 'TR-005 - FACIAL PREMIUM - Facials', '+serum sensitif +oxy spray', '2019-10-26 12:28:39', NULL),
(677, 621, NULL, 'TR-007 - FACIAL GALVANIC - Facials', 'facial galvanic+lumispa', '2019-10-26 12:37:56', NULL),
(678, 622, NULL, 'TR-005 - FACIAL PREMIUM - Facials', 'facial acne premium+serum acne', '2019-10-26 14:10:01', NULL),
(679, 623, NULL, 'TR-047 - LASER - Baby Spa', NULL, '2019-10-26 14:14:56', NULL),
(680, 624, NULL, 'TR-001 - FACIAL STANDAR - Facials', 'konsultasi', '2019-10-26 18:48:29', NULL),
(681, 625, NULL, 'TR-001 - FACIAL STANDAR - Facials', NULL, '2019-10-26 18:52:50', NULL),
(682, 626, NULL, 'TR-001 - FACIAL STANDAR - Facials', 'KETERANGAN', '2019-10-27 13:07:40', NULL),
(683, 629, NULL, 'TR-003 - FACIAL MEDIUM - Facials', 'galvanic', '2019-10-28 10:33:50', NULL),
(684, 630, NULL, 'TR-047 - LASER - Baby Spa', NULL, '2019-10-28 11:07:08', NULL),
(685, 631, NULL, 'TR-040 - INFUS VIT C+GLUTATHIONE - Baby Spa', NULL, '2019-10-28 11:46:35', NULL),
(686, 632, NULL, 'TR-011 - PEELING MEDIUM - Peeling', 'peeling mandelic 40%', '2019-10-28 14:05:40', NULL),
(687, 633, NULL, 'TR-006 - FACIAL PREMIUM AKUPUNTUR - Facials', NULL, '2019-10-28 14:15:47', NULL),
(688, 634, NULL, 'TR-005 - FACIAL PREMIUM - Facials', NULL, '2019-10-28 15:05:34', NULL),
(689, 635, NULL, 'TR-004 - FACIAL MEDIUM AKUPUNTUR - Facials', 'facial oxyspray+serum sensitif', '2019-10-28 15:10:42', NULL),
(690, 636, NULL, 'TR-004 - FACIAL MEDIUM AKUPUNTUR - Facials', 'konsultasi', '2019-10-28 15:44:58', NULL),
(691, 637, NULL, 'TR-006 - FACIAL PREMIUM AKUPUNTUR - Facials', NULL, '2019-10-28 16:24:19', NULL),
(692, 638, NULL, 'TR-001 - FACIAL STANDAR - Facials', 'konsultasi', '2019-10-28 17:46:45', NULL),
(693, 639, NULL, 'TR-001 - FACIAL STANDAR - Facials', 'konsultasi', '2019-10-28 17:51:27', NULL),
(694, 640, NULL, 'TR-001 - FACIAL STANDAR - Facials', 'konsultasi', '2019-10-28 17:55:39', NULL),
(695, 641, NULL, 'TR-001 - FACIAL STANDAR - Facials', NULL, '2019-10-28 18:02:08', NULL),
(696, 642, NULL, 'TR-047 - LASER - Baby Spa', NULL, '2019-10-28 20:26:35', NULL),
(697, 643, NULL, 'TR-004 - FACIAL MEDIUM AKUPUNTUR - Facials', 'prem acne + akp jerawat', '2019-10-29 10:49:48', NULL),
(698, 644, NULL, 'TR-005 - FACIAL PREMIUM - Facials', 'facial lumispa', '2019-10-29 14:32:49', NULL),
(699, 644, NULL, 'TR-047 - LASER - Baby Spa', 'laser baby glowing', '2019-10-29 14:32:49', NULL),
(700, 645, NULL, 'TR-011 - PEELING MEDIUM - Peeling', NULL, '2019-10-29 14:35:50', NULL),
(701, 645, NULL, 'TR-014 - AKUPUNTUR - Akupuntur', NULL, '2019-10-29 14:35:50', NULL),
(702, 646, NULL, 'TR-001 - FACIAL STANDAR - Facials', NULL, '2019-10-29 14:56:55', NULL),
(703, 647, NULL, 'TR-001 - FACIAL STANDAR - Facials', NULL, '2019-10-29 17:00:22', NULL),
(704, 648, NULL, 'TR-047 - LASER - Baby Spa', 'laserg glowing+laser flek', '2019-10-30 11:38:04', NULL),
(705, 649, NULL, 'TR-001 - FACIAL STANDAR - Facials', NULL, '2019-10-30 13:30:20', NULL),
(706, 650, NULL, 'TR-047 - LASER - Baby Spa', 'laser glowing', '2019-10-30 14:05:49', NULL),
(707, 651, NULL, 'TR-002 - FACIAL STANDAR AKUPUNTUR - Facials', NULL, '2019-10-30 14:13:46', NULL),
(708, 652, NULL, 'TR-047 - LASER - Baby Spa', 'laser glowing', '2019-10-30 14:44:17', NULL),
(709, 653, NULL, 'TR-001 - FACIAL STANDAR - Facials', 'f.sensitif', '2019-10-30 15:14:05', NULL),
(710, 654, NULL, 'TR-003 - FACIAL MEDIUM - Facials', NULL, '2019-10-30 16:47:03', NULL),
(711, 655, NULL, 'TR-047 - LASER - Baby Spa', 'cauter', '2019-10-31 11:42:17', NULL),
(712, 656, NULL, 'TR-006 - FACIAL PREMIUM AKUPUNTUR - Facials', 'facial acne premium+serum acne', '2019-10-31 17:16:03', NULL),
(713, 657, NULL, 'TR-005 - FACIAL PREMIUM - Facials', '+akupuntr', '2019-10-31 17:30:58', NULL),
(714, 657, NULL, 'TR-047 - LASER - Baby Spa', 'laser flek', '2019-10-31 17:30:58', NULL),
(715, 658, NULL, 'TR-007 - FACIAL GALVANIC - Facials', 'facial galvanic+lumispa', '2019-10-31 18:04:39', NULL),
(716, 659, NULL, 'TR-047 - LASER - Baby Spa', 'paket promo laser flek', '2019-10-31 18:12:23', NULL),
(717, 660, NULL, 'TR-001 - FACIAL STANDAR - Facials', NULL, '2019-11-01 11:28:17', NULL),
(718, 661, NULL, 'TR-001 - FACIAL STANDAR - Facials', NULL, '2019-11-01 11:29:11', NULL),
(719, 662, NULL, 'TR-047 - LASER - Baby Spa', 'hifu', '2019-11-02 12:32:56', NULL),
(720, 663, NULL, 'TR-001 - FACIAL STANDAR - Facials', NULL, '2019-11-02 12:33:57', NULL),
(721, 664, NULL, 'TR-001 - FACIAL STANDAR - Facials', NULL, '2019-11-02 12:35:12', NULL),
(722, 665, NULL, 'TR-001 - FACIAL STANDAR - Facials', NULL, '2019-11-02 12:36:13', NULL),
(723, 666, NULL, 'TR-001 - FACIAL STANDAR - Facials', 'konsultasi', '2019-11-04 13:42:58', NULL),
(724, 667, NULL, 'TR-001 - FACIAL STANDAR - Facials', 'konsultasi', '2019-11-04 13:57:09', NULL),
(725, 668, NULL, 'TR-047 - LASER - Baby Spa', 'laser glowing', '2019-11-04 15:06:57', NULL),
(726, 668, NULL, 'TR-014 - AKUPUNTUR - Akupuntur', NULL, '2019-11-04 15:06:57', NULL),
(727, 669, NULL, 'TR-005 - FACIAL PREMIUM - Facials', NULL, '2019-11-04 15:55:18', NULL),
(728, 670, NULL, 'TR-003 - FACIAL MEDIUM - Facials', 'galvanic', '2019-11-05 10:53:27', NULL),
(729, 671, NULL, 'TR-005 - FACIAL PREMIUM - Facials', '+serum vit c', '2019-11-05 13:28:29', NULL),
(730, 672, NULL, 'TR-014 - AKUPUNTUR - Akupuntur', NULL, '2019-11-05 13:38:37', NULL),
(731, 672, NULL, 'TR-017 - DERMAROLLER PAKET 2X - Akupuntur', 'microneedle RF', '2019-11-05 13:38:37', NULL),
(732, 673, NULL, 'TR-011 - PEELING MEDIUM - Peeling', 'peeling poly sa+4G', '2019-11-05 13:57:01', NULL),
(733, 674, NULL, 'TR-006 - FACIAL PREMIUM AKUPUNTUR - Facials', NULL, '2019-11-05 14:05:25', NULL),
(734, 675, NULL, 'TR-001 - FACIAL STANDAR - Facials', NULL, '2019-11-05 14:11:09', NULL),
(735, 676, NULL, 'TR-012 - PEELING PREMIUM - Peeling', 'blackpeel', '2019-11-05 14:15:39', NULL),
(736, 676, NULL, 'TR-014 - AKUPUNTUR - Akupuntur', NULL, '2019-11-05 14:15:39', NULL),
(737, 677, NULL, 'TR-047 - LASER - Baby Spa', 'paket laser bopeng', '2019-11-05 14:19:08', NULL),
(738, 678, NULL, 'TR-006 - FACIAL PREMIUM AKUPUNTUR - Facials', '+serum acne+sinar biru', '2019-11-06 11:41:13', NULL),
(739, 679, NULL, 'TR-012 - PEELING PREMIUM - Peeling', 'peelin giga white peel+melanopeel', '2019-11-06 11:55:08', NULL),
(740, 680, NULL, 'TR-005 - FACIAL PREMIUM - Facials', NULL, '2019-11-06 12:40:44', NULL),
(741, 681, NULL, 'TR-005 - FACIAL PREMIUM - Facials', 'facial premium(+)', '2019-11-06 12:48:45', NULL),
(742, 682, NULL, 'TR-007 - FACIAL GALVANIC - Facials', 'lumispa', '2019-11-06 13:12:41', NULL),
(743, 683, NULL, 'TR-005 - FACIAL PREMIUM - Facials', NULL, '2019-11-06 14:14:22', NULL),
(744, 684, NULL, 'TR-005 - FACIAL PREMIUM - Facials', '+ serum', '2019-11-06 17:03:50', NULL),
(745, 684, NULL, 'TR-047 - LASER - Baby Spa', 'laser flek + suntik flek', '2019-11-06 17:03:50', NULL),
(746, 685, NULL, 'TR-010 - PEELING STANDAR - Peeling', 'acne', '2019-11-06 17:47:02', NULL),
(747, 686, NULL, 'TR-011 - PEELING MEDIUM - Peeling', NULL, '2019-11-06 17:47:42', NULL),
(748, 687, NULL, 'TR-005 - FACIAL PREMIUM - Facials', NULL, '2019-11-07 12:16:46', NULL),
(749, 687, NULL, 'TR-047 - LASER - Baby Spa', 'cauter komedo', '2019-11-07 12:16:46', NULL),
(750, 688, NULL, 'TR-003 - FACIAL MEDIUM - Facials', 'prem vit c', '2019-11-08 10:59:37', NULL),
(751, 689, NULL, 'TR-047 - LASER - Baby Spa', 'LASER FLEK', '2019-11-08 14:55:31', NULL),
(752, 690, NULL, 'TR-047 - LASER - Baby Spa', 'laser flek', '2019-11-08 15:18:51', NULL),
(753, 691, NULL, 'TR-001 - FACIAL STANDAR - Facials', 'konsultasi', '2019-11-08 15:28:33', NULL),
(754, 692, NULL, 'TR-003 - FACIAL MEDIUM - Facials', NULL, '2019-11-08 15:52:40', NULL),
(755, 692, NULL, 'TR-047 - LASER - Baby Spa', NULL, '2019-11-08 15:52:40', NULL),
(756, 693, NULL, 'TR-001 - FACIAL STANDAR - Facials', NULL, '2019-11-12 10:47:45', NULL),
(757, 694, NULL, 'TR-047 - LASER - Baby Spa', 'laser flek(+)', '2019-11-12 14:53:50', NULL),
(758, 695, NULL, 'TR-005 - FACIAL PREMIUM - Facials', 'facial plasma glowing', '2019-11-12 15:03:46', NULL),
(759, 695, NULL, 'TR-034 - SUNTIK VIT C - Baby Spa', 'suntik lemak', '2019-11-12 15:03:46', NULL),
(760, 696, NULL, 'TR-014 - AKUPUNTUR - Akupuntur', NULL, '2019-11-13 10:50:19', NULL),
(761, 696, NULL, 'TR-034 - SUNTIK VIT C - Baby Spa', 'suntik lemak', '2019-11-13 10:50:19', NULL),
(762, 697, NULL, 'TR-001 - FACIAL STANDAR - Facials', NULL, '2019-11-13 14:21:06', NULL),
(763, 698, NULL, 'TR-047 - LASER - Baby Spa', 'laser flek f 532', '2019-11-13 16:02:27', NULL),
(764, 699, NULL, 'TR-012 - PEELING PREMIUM - Peeling', 'giga white peel+melanopeel', '2019-11-14 11:30:41', NULL),
(765, 700, NULL, 'TR-014 - AKUPUNTUR - Akupuntur', 'Sinar biru', '2019-11-14 16:05:20', NULL),
(766, 701, NULL, 'TR-001 - FACIAL STANDAR - Facials', 'konsultasi', '2019-11-14 16:14:02', NULL),
(767, 702, NULL, 'TR-005 - FACIAL PREMIUM - Facials', 'facial plasma', '2019-11-15 14:09:44', NULL),
(768, 703, NULL, 'TR-047 - LASER - Baby Spa', NULL, '2019-11-15 14:33:56', NULL),
(769, 704, NULL, 'TR-047 - LASER - Baby Spa', NULL, '2019-11-15 15:35:19', NULL),
(770, 705, NULL, 'TR-001 - FACIAL STANDAR - Facials', NULL, '2019-11-15 17:46:13', NULL),
(771, 706, NULL, 'TR-005 - FACIAL PREMIUM - Facials', 'facial oxyglow', '2019-11-25 10:31:20', NULL),
(772, 707, NULL, 'TR-047 - LASER - Baby Spa', NULL, '2019-11-25 11:37:50', NULL),
(773, 707, NULL, 'TR-005 - FACIAL PREMIUM - Facials', 'facial premium vit c', '2019-11-25 11:37:50', NULL),
(774, 708, NULL, 'TR-040 - INFUS VIT C+GLUTATHIONE - Baby Spa', NULL, '2019-11-25 12:52:01', NULL),
(775, 709, NULL, 'TR-012 - PEELING PREMIUM - Peeling', NULL, '2019-11-25 12:52:41', NULL),
(776, 710, NULL, 'TR-005 - FACIAL PREMIUM - Facials', 'facial plasma', '2019-11-25 14:45:29', NULL),
(777, 711, NULL, 'TR-047 - LASER - Baby Spa', 'baby glowing', '2019-11-25 17:15:01', NULL),
(778, 712, NULL, 'TR-047 - LASER - Baby Spa', 'tanam benang hidung+filler', '2019-11-26 09:52:39', NULL),
(779, 713, NULL, 'TR-004 - FACIAL MEDIUM AKUPUNTUR - Facials', NULL, '2019-11-26 10:05:30', NULL),
(780, 714, NULL, 'TR-005 - FACIAL PREMIUM - Facials', NULL, '2019-11-26 15:09:07', NULL),
(781, 715, NULL, 'TR-047 - LASER - Baby Spa', 'laser flek', '2019-11-26 16:42:26', NULL),
(782, 716, NULL, 'TR-047 - LASER - Baby Spa', 'laser cauter', '2019-11-27 11:17:36', NULL),
(783, 717, NULL, 'TR-005 - FACIAL PREMIUM - Facials', 'oxyspray+sinar', '2019-11-27 13:37:47', NULL),
(784, 718, NULL, 'TR-047 - LASER - Baby Spa', 'laser flek', '2019-11-27 15:50:06', NULL),
(785, 719, NULL, 'TR-005 - FACIAL PREMIUM - Facials', 'facila premium sensitif', '2019-11-27 17:47:10', NULL),
(786, 720, NULL, 'TR-005 - FACIAL PREMIUM - Facials', 'sensitif+oxyspray', '2019-11-28 11:14:35', NULL),
(787, 721, NULL, 'TR-011 - PEELING MEDIUM - Peeling', NULL, '2019-11-28 14:39:33', NULL),
(788, 722, NULL, 'TR-005 - FACIAL PREMIUM - Facials', 'whitening capsul', '2019-11-28 14:43:29', NULL),
(789, 724, NULL, 'TR-005 - FACIAL PREMIUM - Facials', NULL, '2019-11-28 15:00:26', NULL),
(790, 725, NULL, 'TR-005 - FACIAL PREMIUM - Facials', NULL, '2019-11-28 15:09:01', NULL),
(791, 727, NULL, 'TR-001 - FACIAL STANDAR - Facials', NULL, '2019-11-28 16:07:40', NULL),
(792, 728, NULL, 'TR-001 - FACIAL STANDAR - Facials', NULL, '2019-11-28 16:08:53', NULL),
(793, 729, NULL, 'TR-014 - AKUPUNTUR - Akupuntur', 'suntik lemak+Gzel mata', '2019-11-28 16:54:34', NULL),
(794, 730, NULL, 'TR-007 - FACIAL GALVANIC - Facials', NULL, '2019-12-02 11:53:07', NULL),
(795, 731, NULL, 'TR-004 - FACIAL MEDIUM AKUPUNTUR - Facials', NULL, '2019-12-02 12:06:10', NULL),
(796, 732, NULL, 'TR-005 - FACIAL PREMIUM - Facials', '+oxyspray', '2019-12-02 13:20:51', NULL),
(797, 733, NULL, 'TR-001 - FACIAL STANDAR - Facials', NULL, '2019-12-02 15:28:46', NULL),
(798, 734, NULL, 'TR-047 - LASER - Baby Spa', 'flek', '2019-12-02 15:37:38', NULL),
(799, 735, NULL, 'TR-001 - FACIAL STANDAR - Facials', '(+)', '2019-12-02 16:20:20', NULL),
(800, 736, NULL, 'TR-001 - FACIAL STANDAR - Facials', '-', '2019-12-02 16:59:06', NULL),
(801, 737, NULL, 'TR-014 - AKUPUNTUR - Akupuntur', 'NTD', '2019-12-02 18:47:24', NULL),
(802, 738, NULL, 'TR-005 - FACIAL PREMIUM - Facials', 'facial premium+serum vit c', '2019-12-04 11:36:51', NULL),
(803, 739, NULL, 'TR-001 - FACIAL STANDAR - Facials', 'konsultasi', '2019-12-04 11:42:29', NULL),
(804, 740, NULL, 'TR-010 - PEELING STANDAR - Peeling', 'konsultasi', '2019-12-04 12:08:35', NULL),
(805, 741, NULL, 'TR-012 - PEELING PREMIUM - Peeling', 'giga white peel', '2019-12-04 13:49:24', NULL),
(806, 742, NULL, 'TR-014 - AKUPUNTUR - Akupuntur', NULL, '2019-12-04 13:59:59', NULL),
(807, 742, NULL, 'TR-017 - DERMAROLLER PAKET 2X - Akupuntur', 'rambut', '2019-12-04 13:59:59', NULL),
(808, 743, NULL, 'TR-003 - FACIAL MEDIUM - Facials', NULL, '2019-12-04 14:10:35', NULL),
(809, 743, NULL, 'TR-047 - LASER - Baby Spa', '+plasma', '2019-12-04 14:10:35', NULL),
(810, 744, NULL, 'TR-005 - FACIAL PREMIUM - Facials', 'facial whitening+serum+oxyspray', '2019-12-05 09:32:13', NULL),
(811, 745, NULL, 'TR-005 - FACIAL PREMIUM - Facials', NULL, '2019-12-05 11:40:02', NULL),
(812, 746, NULL, 'TR-004 - FACIAL MEDIUM AKUPUNTUR - Facials', NULL, '2019-12-05 15:28:28', NULL),
(813, 747, NULL, 'TR-005 - FACIAL PREMIUM - Facials', NULL, '2019-12-06 14:09:45', NULL),
(814, 747, NULL, 'TR-047 - LASER - Baby Spa', NULL, '2019-12-06 14:09:45', NULL),
(815, 748, NULL, 'TR-001 - FACIAL STANDAR - Facials', 'konsultasi', '2019-12-07 11:30:05', NULL),
(816, 749, NULL, 'TR-002 - FACIAL STANDAR AKUPUNTUR - Facials', NULL, '2019-12-07 11:33:53', NULL),
(817, 750, NULL, 'TR-001 - FACIAL STANDAR - Facials', NULL, '2019-12-07 13:10:39', NULL),
(818, 751, NULL, 'TR-001 - FACIAL STANDAR - Facials', NULL, '2019-12-09 12:56:06', NULL),
(819, 752, NULL, 'TR-001 - FACIAL STANDAR - Facials', NULL, '2019-12-11 11:04:15', NULL),
(820, 753, NULL, 'TR-005 - FACIAL PREMIUM - Facials', NULL, '2019-12-12 10:49:52', NULL),
(821, 753, NULL, 'TR-047 - LASER - Baby Spa', 'laser flek', '2019-12-12 10:49:52', NULL),
(822, 754, NULL, 'TR-004 - FACIAL MEDIUM AKUPUNTUR - Facials', 'sinar PDT', '2019-12-12 11:45:34', NULL),
(823, 755, NULL, 'TR-004 - FACIAL MEDIUM AKUPUNTUR - Facials', NULL, '2019-12-12 11:54:02', NULL),
(824, 756, NULL, 'TR-004 - FACIAL MEDIUM AKUPUNTUR - Facials', 'F acne premium', '2019-12-12 11:56:59', NULL),
(825, 758, NULL, 'TR-014 - AKUPUNTUR - Akupuntur', NULL, '2019-12-12 17:36:45', NULL),
(827, 758, NULL, 'TR-047 - LASER - Baby Spa', 'laser jerawat', '2019-12-12 17:36:45', NULL),
(829, 760, NULL, 'TR-001 - FACIAL STANDAR - Facials', NULL, '2019-12-13 13:02:18', NULL),
(830, 761, NULL, 'TR-001 - FACIAL STANDAR - Facials', NULL, '2019-12-13 13:23:25', NULL),
(831, 762, NULL, 'TR-005 - FACIAL PREMIUM - Facials', NULL, '2019-12-13 14:52:32', NULL),
(832, 763, NULL, 'TR-001 - FACIAL STANDAR - Facials', NULL, '2019-12-13 14:52:59', NULL),
(833, 764, NULL, 'TR-001 - FACIAL STANDAR - Facials', 'akp', '2019-12-14 11:48:21', NULL),
(834, 765, NULL, 'TR-011 - PEELING MEDIUM - Peeling', NULL, '2019-12-16 10:15:05', NULL),
(835, 766, NULL, 'TR-001 - FACIAL STANDAR - Facials', 'Konsultasi', '2019-12-16 11:01:44', NULL),
(836, 767, NULL, 'TR-047 - LASER - Baby Spa', 'laser flek', '2019-12-16 11:53:57', NULL),
(837, 767, NULL, 'TR-007 - FACIAL GALVANIC - Facials', NULL, '2019-12-16 11:53:57', NULL),
(838, 768, NULL, 'TR-007 - FACIAL GALVANIC - Facials', NULL, '2019-12-16 15:23:34', NULL),
(839, 768, NULL, 'TR-047 - LASER - Baby Spa', NULL, '2019-12-16 15:23:34', NULL),
(840, 769, NULL, 'TR-001 - FACIAL STANDAR - Facials', NULL, '2019-12-16 16:07:20', NULL),
(841, 770, NULL, 'TR-001 - FACIAL STANDAR - Facials', NULL, '2019-12-16 16:19:21', NULL),
(842, 771, NULL, 'TR-007 - FACIAL GALVANIC - Facials', NULL, '2019-12-16 16:20:14', NULL),
(843, 772, NULL, 'TR-001 - FACIAL STANDAR - Facials', NULL, '2019-12-16 16:20:45', NULL),
(844, 773, NULL, 'TR-014 - AKUPUNTUR - Akupuntur', 'Sinar biru', '2019-12-16 16:46:17', NULL),
(845, 774, NULL, 'TR-047 - LASER - Baby Spa', 'laser flek', '2019-12-16 16:52:37', NULL),
(846, 775, NULL, 'TR-001 - FACIAL STANDAR - Facials', 'konsultasi', '2019-12-16 17:06:09', NULL),
(847, 776, NULL, 'TR-001 - FACIAL STANDAR - Facials', 'konsultasi', '2019-12-16 17:12:28', NULL),
(848, 777, NULL, 'TR-007 - FACIAL GALVANIC - Facials', NULL, '2019-12-17 11:29:38', NULL),
(849, 777, NULL, 'TR-047 - LASER - Baby Spa', 'glow', '2019-12-17 11:29:38', NULL),
(850, 777, NULL, 'TR-038 - INFUS VIT C - Baby Spa', '3.5jt', '2019-12-17 11:29:38', NULL),
(851, 778, NULL, 'TR-005 - FACIAL PREMIUM - Facials', NULL, '2019-12-17 11:31:44', NULL),
(852, 778, NULL, 'TR-047 - LASER - Baby Spa', 'flek', '2019-12-17 11:31:44', NULL),
(853, 779, NULL, 'TR-005 - FACIAL PREMIUM - Facials', NULL, '2019-12-17 12:49:47', NULL),
(854, 780, NULL, 'TR-003 - FACIAL MEDIUM - Facials', NULL, '2019-12-17 17:25:17', NULL),
(855, 781, NULL, 'TR-001 - FACIAL STANDAR - Facials', NULL, '2019-12-18 11:03:38', NULL),
(856, 782, NULL, 'TR-012 - PEELING PREMIUM - Peeling', 'peeling giga white peel+melanopeel', '2019-12-18 11:08:22', NULL),
(857, 783, NULL, 'TR-005 - FACIAL PREMIUM - Facials', NULL, '2019-12-18 11:52:07', NULL),
(858, 784, NULL, 'TR-014 - AKUPUNTUR - Akupuntur', '+ sinar', '2019-12-18 13:09:30', NULL),
(859, 785, NULL, 'TR-001 - FACIAL STANDAR - Facials', NULL, '2019-12-18 14:41:33', NULL),
(860, 786, NULL, 'TR-001 - FACIAL STANDAR - Facials', 'konsultasi', '2019-12-18 15:51:06', NULL),
(861, 787, NULL, 'TR-001 - FACIAL STANDAR - Facials', NULL, '2019-12-18 16:00:34', NULL),
(862, 788, NULL, 'TR-047 - LASER - Baby Spa', NULL, '2019-12-18 16:23:19', NULL),
(863, 789, NULL, 'TR-004 - FACIAL MEDIUM AKUPUNTUR - Facials', NULL, '2019-12-19 10:43:06', NULL),
(864, 789, NULL, 'TR-047 - LASER - Baby Spa', NULL, '2019-12-19 10:43:06', NULL),
(865, 790, NULL, 'TR-001 - FACIAL STANDAR - Facials', 'konsulrtasi', '2019-12-19 11:07:40', NULL),
(866, 791, NULL, 'TR-047 - LASER - Baby Spa', 'laser flek', '2019-12-19 11:37:16', NULL),
(867, 791, NULL, 'TR-011 - PEELING MEDIUM - Peeling', 'peeling 4G', '2019-12-19 11:37:16', NULL),
(868, 792, NULL, 'TR-005 - FACIAL PREMIUM - Facials', 'facial lumispa+akupnutr', '2019-12-19 11:41:25', NULL),
(869, 793, NULL, 'TR-001 - FACIAL STANDAR - Facials', NULL, '2019-12-19 11:56:37', NULL),
(870, 794, NULL, 'TR-011 - PEELING MEDIUM - Peeling', 'peeling poly sa+4G', '2019-12-19 12:17:00', NULL),
(871, 795, NULL, 'TR-047 - LASER - Baby Spa', 'laser flek', '2019-12-19 12:28:04', NULL),
(872, 796, NULL, 'TR-038 - INFUS VIT C - Baby Spa', NULL, '2019-12-19 12:48:33', NULL),
(873, 797, NULL, 'TR-011 - PEELING MEDIUM - Peeling', 'black peel', '2019-12-19 12:55:10', NULL),
(874, 798, NULL, 'TR-047 - LASER - Baby Spa', 'laser bopeng', '2019-12-19 13:31:37', NULL),
(875, 799, NULL, 'TR-001 - FACIAL STANDAR - Facials', '(+)', '2019-12-19 13:34:24', NULL),
(876, 800, NULL, 'TR-002 - FACIAL STANDAR AKUPUNTUR - Facials', NULL, '2019-12-19 14:42:14', NULL),
(877, 801, NULL, 'TR-005 - FACIAL PREMIUM - Facials', 'facial premium vit c+serum', '2019-12-19 14:49:07', NULL),
(878, 802, NULL, 'TR-047 - LASER - Baby Spa', NULL, '2019-12-19 15:05:07', NULL),
(879, 803, NULL, 'TR-004 - FACIAL MEDIUM AKUPUNTUR - Facials', NULL, '2019-12-20 10:26:26', NULL),
(880, 804, NULL, 'TR-007 - FACIAL GALVANIC - Facials', 'facial lumispa', '2019-12-20 10:43:43', NULL),
(881, 805, NULL, 'TR-001 - FACIAL STANDAR - Facials', 'konsultasi', '2019-12-20 10:52:57', NULL),
(882, 806, NULL, 'TR-005 - FACIAL PREMIUM - Facials', 'facial premium vit c+serum', '2019-12-20 11:06:53', NULL),
(883, 807, NULL, 'TR-008 - FACIAL GALVANIC AKUPUNTUR - Facials', NULL, '2019-12-20 11:10:58', NULL),
(884, 808, NULL, 'TR-008 - FACIAL GALVANIC AKUPUNTUR - Facials', 'facial galvanic+lumispa', '2019-12-20 11:41:37', NULL),
(885, 809, NULL, 'TR-005 - FACIAL PREMIUM - Facials', NULL, '2019-12-20 14:05:33', NULL),
(886, 810, NULL, 'TR-014 - AKUPUNTUR - Akupuntur', NULL, '2019-12-20 14:17:15', NULL),
(887, 811, NULL, 'TR-005 - FACIAL PREMIUM - Facials', NULL, '2019-12-20 14:27:16', NULL),
(888, 812, NULL, 'TR-001 - FACIAL STANDAR - Facials', NULL, '2019-12-20 14:35:09', NULL),
(889, 813, NULL, 'TR-001 - FACIAL STANDAR - Facials', NULL, '2019-12-20 15:18:08', NULL),
(890, 814, NULL, 'TR-007 - FACIAL GALVANIC - Facials', NULL, '2019-12-20 15:22:04', NULL),
(891, 816, NULL, 'TR-001 - FACIAL STANDAR - Facials', NULL, '2019-12-20 15:53:43', NULL),
(892, 817, NULL, 'TR-001 - FACIAL STANDAR - Facials', NULL, '2019-12-20 16:00:19', NULL),
(893, 818, NULL, 'TR-001 - FACIAL STANDAR - Facials', NULL, '2019-12-20 16:02:55', NULL),
(894, 819, NULL, 'TR-009 - FACIAL GALVANIC SERUM - Facials', NULL, '2019-12-21 10:49:12', NULL),
(895, 819, NULL, 'TR-047 - LASER - Baby Spa', '(+)', '2019-12-21 10:49:12', NULL),
(896, 820, NULL, 'TR-001 - FACIAL STANDAR - Facials', NULL, '2019-12-21 10:55:20', NULL),
(897, 821, NULL, 'TR-005 - FACIAL PREMIUM - Facials', 'facila oxyglow', '2019-12-21 11:19:20', NULL),
(898, 822, NULL, 'TR-003 - FACIAL MEDIUM - Facials', NULL, '2019-12-21 11:56:36', NULL),
(899, 823, NULL, 'TR-001 - FACIAL STANDAR - Facials', 'konsultasi', '2019-12-21 12:00:36', NULL),
(900, 824, NULL, 'TR-001 - FACIAL STANDAR - Facials', NULL, '2019-12-21 19:05:09', NULL),
(901, 825, NULL, 'TR-005 - FACIAL PREMIUM - Facials', NULL, '2019-12-23 13:55:23', NULL),
(902, 825, NULL, 'TR-047 - LASER - Baby Spa', 'laser flek', '2019-12-23 13:55:23', NULL),
(903, 826, NULL, 'TR-005 - FACIAL PREMIUM - Facials', NULL, '2019-12-23 14:03:06', NULL),
(904, 827, NULL, 'TR-001 - FACIAL STANDAR - Facials', NULL, '2019-12-23 14:07:32', NULL),
(905, 828, NULL, 'TR-011 - PEELING MEDIUM - Peeling', 'Blackpeel', '2019-12-23 14:37:58', NULL),
(906, 829, NULL, 'TR-005 - FACIAL PREMIUM - Facials', NULL, '2019-12-23 15:05:51', NULL),
(907, 830, NULL, 'TR-004 - FACIAL MEDIUM AKUPUNTUR - Facials', 'konsultasi', '2019-12-23 15:10:22', NULL),
(908, 831, NULL, 'TR-004 - FACIAL MEDIUM AKUPUNTUR - Facials', NULL, '2019-12-23 15:37:33', NULL),
(909, 832, NULL, 'TR-005 - FACIAL PREMIUM - Facials', 'laser glowing', '2019-12-23 16:10:53', NULL),
(910, 833, NULL, 'TR-001 - FACIAL STANDAR - Facials', NULL, '2019-12-23 16:16:55', NULL),
(911, 834, NULL, '089 - facial lumispa - Facials', NULL, '2019-12-23 17:30:47', NULL),
(912, 835, NULL, 'TR-001 - FACIAL STANDAR - Facials', '-', '2019-12-24 11:23:02', NULL),
(913, 836, NULL, 'TR-047 - LASER - Baby Spa', 'Plasma bopeng', '2019-12-24 14:15:33', NULL),
(914, 837, NULL, 'TR-014 - AKUPUNTUR - Akupuntur', NULL, '2019-12-24 14:22:06', NULL),
(915, 837, NULL, 'TR-011 - PEELING MEDIUM - Peeling', NULL, '2019-12-24 14:22:06', NULL),
(916, 838, NULL, 'TR-047 - LASER - Baby Spa', NULL, '2019-12-24 14:27:48', NULL),
(917, 839, NULL, 'TR-047 - LASER - Baby Spa', 'laser flek', '2019-12-25 11:05:18', NULL),
(918, 840, NULL, 'TR-001 - FACIAL STANDAR - Facials', NULL, '2019-12-25 11:17:03', NULL),
(919, 841, NULL, 'TR-001 - FACIAL STANDAR - Facials', '-', '2019-12-25 11:31:43', NULL),
(920, 842, NULL, 'TR-001 - FACIAL STANDAR - Facials', NULL, '2019-12-25 13:44:52', NULL),
(921, 843, NULL, 'TR-001 - FACIAL STANDAR - Facials', NULL, '2019-12-26 11:43:45', NULL),
(922, 844, NULL, 'TR-001 - FACIAL STANDAR - Facials', NULL, '2019-12-26 13:08:18', NULL),
(923, 845, NULL, 'TR-012 - PEELING PREMIUM - Peeling', 'peeling giga white peel+melanopeel', '2019-12-26 15:12:47', NULL),
(924, 846, NULL, 'TR-047 - LASER - Baby Spa', 'laser glowing', '2019-12-26 15:19:38', NULL),
(925, 848, NULL, 'TR-002 - FACIAL STANDAR AKUPUNTUR - Facials', NULL, '2019-12-26 16:13:36', NULL),
(926, 849, NULL, 'TR-001 - FACIAL STANDAR - Facials', NULL, '2019-12-26 16:41:15', NULL),
(927, 850, NULL, 'TR-047 - LASER - Baby Spa', 'laser flek+plasma cauter', '2019-12-27 13:38:34', NULL),
(928, 851, NULL, 'TR-001 - FACIAL STANDAR - Facials', NULL, '2019-12-27 14:04:25', NULL),
(929, 852, NULL, 'TR-001 - FACIAL STANDAR - Facials', 'konsultasi', '2019-12-27 15:20:42', NULL),
(930, 853, NULL, 'TR-047 - LASER - Baby Spa', NULL, '2019-12-27 15:27:34', NULL),
(931, 854, NULL, 'TR-001 - FACIAL STANDAR - Facials', NULL, '2019-12-27 15:33:32', NULL),
(932, 855, NULL, 'TR-011 - PEELING MEDIUM - Peeling', 'peeling GA 15%', '2019-12-28 11:41:49', NULL),
(933, 856, NULL, 'TR-011 - PEELING MEDIUM - Peeling', 'peeling giga white peel', '2019-12-28 11:45:05', NULL),
(934, 857, NULL, 'TR-008 - FACIAL GALVANIC AKUPUNTUR - Facials', 'facial galvanic+lumispa', '2019-12-28 11:56:17', NULL),
(935, 858, NULL, 'TR-005 - FACIAL PREMIUM - Facials', '+serum +SINAR biru', '2019-12-28 12:04:20', NULL),
(936, 859, NULL, 'TR-008 - FACIAL GALVANIC AKUPUNTUR - Facials', 'facial galvanic+lumispa', '2019-12-28 12:26:34', NULL),
(937, 860, NULL, 'TR-006 - FACIAL PREMIUM AKUPUNTUR - Facials', 'facial acne premium+akupuntr', '2019-12-28 12:39:07', NULL),
(938, 861, NULL, 'TR-003 - FACIAL MEDIUM - Facials', NULL, '2019-12-28 14:29:30', NULL),
(939, 862, NULL, '001 - Konsultasi - Non-Kategori', NULL, '2019-12-28 14:36:27', NULL),
(940, 863, NULL, 'TR-005 - FACIAL PREMIUM - Facials', 'facial premium+serum vit c', '2019-12-28 14:53:11', NULL),
(941, 863, NULL, 'L001 - Laser Flek - Laser', NULL, '2019-12-28 14:53:11', NULL),
(942, 865, NULL, 'TR-014 - AKUPUNTUR - Akupuntur', NULL, '2019-12-28 16:05:30', NULL),
(943, 865, NULL, 'L001 - Laser Flek - Laser', 'suntik flek', '2019-12-28 16:05:30', NULL),
(944, 866, NULL, '001 - Konsultasi - Non-Kategori', NULL, '2019-12-28 16:13:47', NULL),
(945, 867, NULL, '001 - Konsultasi - Non-Kategori', NULL, '2019-12-28 17:37:09', NULL),
(946, 868, NULL, '001 - Konsultasi - Non-Kategori', NULL, '2019-12-28 17:41:17', NULL),
(947, 869, NULL, 'TR-001 - FACIAL STANDAR - Facials', NULL, '2019-12-29 13:44:09', NULL),
(948, 870, NULL, 'TR-005 - FACIAL PREMIUM - Facials', 'facial premium acne+serum', '2019-12-30 10:56:25', NULL),
(949, 871, NULL, 'TR-005 - FACIAL PREMIUM - Facials', NULL, '2019-12-30 11:06:13', NULL),
(950, 871, NULL, 'L003 - Laser Glowing - Laser', NULL, '2019-12-30 11:06:13', NULL),
(951, 872, NULL, 'TR-003 - FACIAL MEDIUM - Facials', NULL, '2019-12-30 11:15:56', NULL),
(952, 873, NULL, 'L003 - Laser Glowing - Laser', NULL, '2019-12-30 11:25:02', NULL),
(953, 873, NULL, 'L005 - Plasma laser - Laser', NULL, '2019-12-30 11:25:02', NULL),
(954, 874, NULL, 'TR-006 - FACIAL PREMIUM AKUPUNTUR - Facials', NULL, '2019-12-30 11:48:00', NULL),
(955, 875, NULL, 'TR-001 - FACIAL STANDAR - Facials', NULL, '2019-12-30 14:11:23', NULL),
(956, 876, NULL, 'L001 - Laser Flek - Laser', 'tato', '2020-01-03 10:54:24', NULL),
(957, 877, NULL, 'TR-005 - FACIAL PREMIUM - Facials', NULL, '2020-01-03 10:55:52', NULL),
(958, 878, NULL, 'TR-039 - PAKET INFUS VIT C 4X - Baby Spa', NULL, '2020-01-03 10:57:05', NULL),
(959, 879, NULL, 'TR-005 - FACIAL PREMIUM - Facials', 'facial premium + Serum + Sinar', '2020-01-03 10:59:23', NULL),
(960, 881, NULL, '001 - Konsultasi - Non-Kategori', 'Cauter', '2020-01-03 11:03:35', NULL),
(961, 882, NULL, '001 - Konsultasi - Non-Kategori', NULL, '2020-01-03 11:12:57', NULL),
(962, 883, NULL, 'TR-006 - FACIAL PREMIUM AKUPUNTUR - Facials', NULL, '2020-01-03 11:20:23', NULL),
(963, 884, NULL, 'L001 - Laser Flek - Laser', NULL, '2020-01-03 13:45:52', NULL),
(964, 885, NULL, '001 - Konsultasi - Non-Kategori', NULL, '2020-01-03 14:00:20', NULL),
(965, 886, NULL, '001 - Konsultasi - Non-Kategori', NULL, '2020-01-03 14:05:13', NULL),
(966, 887, NULL, 'TR-004 - FACIAL MEDIUM AKUPUNTUR - Facials', NULL, '2020-01-03 14:27:23', NULL),
(967, 888, NULL, 'TR-012 - PEELING PREMIUM - Peeling', 'peeling giga white peel+melanopeem', '2020-01-03 14:32:40', NULL),
(968, 889, NULL, 'TR-004 - FACIAL MEDIUM AKUPUNTUR - Facials', NULL, '2020-01-03 15:01:55', NULL),
(969, 890, NULL, '001 - Konsultasi - Non-Kategori', NULL, '2020-01-03 15:11:33', NULL),
(970, 891, NULL, 'TR-005 - FACIAL PREMIUM - Facials', 'facial premium sensitfi', '2020-01-03 17:03:22', NULL),
(971, 892, NULL, 'TR-040 - INFUS VIT C+GLUTATHIONE - Baby Spa', 'paket 3,5', '2020-01-03 17:10:35', NULL),
(972, 893, NULL, 'L001 - Laser Flek - Laser', 'laser flek(+)', '2020-01-03 17:16:16', NULL),
(973, 894, NULL, 'TR-003 - FACIAL MEDIUM - Facials', NULL, '2020-01-03 17:37:11', NULL),
(974, 895, NULL, '001 - Konsultasi - Non-Kategori', NULL, '2020-01-04 11:19:42', NULL),
(975, 896, NULL, 'TR-005 - FACIAL PREMIUM - Facials', NULL, '2020-01-04 11:22:38', NULL),
(976, 897, NULL, 'TR-005 - FACIAL PREMIUM - Facials', NULL, '2020-01-04 11:57:09', NULL),
(977, 898, NULL, 'TR-005 - FACIAL PREMIUM - Facials', NULL, '2020-01-05 14:14:17', NULL),
(978, 899, NULL, 'L001 - Laser Flek - Laser', 'paket laser flek', '2020-01-05 14:18:41', NULL),
(979, 901, NULL, 'TR-007 - FACIAL GALVANIC - Facials', NULL, '2020-01-05 14:38:31', NULL),
(980, 901, NULL, 'L001 - Laser Flek - Laser', NULL, '2020-01-05 14:38:31', NULL),
(981, 901, NULL, 'TR-014 - AKUPUNTUR - Akupuntur', '+suntik lemak', '2020-01-05 14:38:31', NULL),
(982, 902, NULL, 'TR-014 - AKUPUNTUR - Akupuntur', 'suntik lemak', '2020-01-05 14:45:07', NULL),
(983, 903, NULL, 'TR-007 - FACIAL GALVANIC - Facials', 'Facial galvanic+lumispa', '2020-01-05 15:08:06', NULL),
(984, 904, NULL, '001 - Konsultasi - Non-Kategori', NULL, '2020-01-05 15:18:40', NULL),
(985, 905, NULL, '089 - facial lumispa - Facials', NULL, '2020-01-05 15:21:55', NULL),
(986, 905, NULL, 'L001 - Laser Flek - Laser', 'laser black doll', '2020-01-05 15:21:55', NULL),
(987, 906, NULL, 'TR-001 - FACIAL STANDAR - Facials', 'cauter', '2020-01-06 11:22:57', NULL),
(988, 907, NULL, 'TR-001 - FACIAL STANDAR - Facials', NULL, '2020-01-06 11:33:24', NULL),
(989, 908, NULL, 'TR-001 - FACIAL STANDAR - Facials', 'acne premium', '2020-01-06 11:42:42', NULL),
(990, 909, NULL, '089 - facial lumispa - Facials', NULL, '2020-01-06 14:11:19', NULL),
(991, 910, NULL, 'TR-012 - PEELING PREMIUM - Peeling', 'Black peel', '2020-01-06 14:24:52', NULL),
(992, 910, NULL, 'TR-014 - AKUPUNTUR - Akupuntur', NULL, '2020-01-06 14:24:52', NULL),
(993, 911, NULL, 'L001 - Laser Flek - Laser', NULL, '2020-01-06 14:26:23', NULL),
(994, 912, NULL, 'TR-012 - PEELING PREMIUM - Peeling', NULL, '2020-01-06 14:40:53', NULL),
(995, 912, NULL, 'L001 - Laser Flek - Laser', 'laser bibir', '2020-01-06 14:40:53', NULL),
(996, 913, NULL, 'TR-007 - FACIAL GALVANIC - Facials', NULL, '2020-01-07 11:45:48', NULL),
(997, 914, NULL, 'TR-005 - FACIAL PREMIUM - Facials', NULL, '2020-01-07 13:23:00', NULL),
(998, 914, NULL, 'TR-014 - AKUPUNTUR - Akupuntur', 'sinar PDT', '2020-01-07 13:23:00', NULL),
(999, 915, NULL, '001 - Konsultasi - Non-Kategori', NULL, '2020-01-07 13:54:48', NULL),
(1000, 916, NULL, 'TR-012 - PEELING PREMIUM - Peeling', 'peeling giga white peel+melanopeel', '2020-01-07 13:59:30', NULL),
(1002, 918, NULL, 'TR-012 - PEELING PREMIUM - Peeling', 'blackpeel', '2020-01-07 14:03:09', NULL),
(1003, 919, NULL, 'TR-006 - FACIAL PREMIUM AKUPUNTUR - Facials', NULL, '2020-01-07 14:23:37', NULL),
(1004, 919, NULL, 'L003 - Laser Glowing - Laser', NULL, '2020-01-07 14:23:37', NULL),
(1005, 920, NULL, 'TR-014 - AKUPUNTUR - Akupuntur', NULL, '2020-01-07 16:53:24', NULL),
(1006, 921, NULL, 'TR-005 - FACIAL PREMIUM - Facials', 'facial galvanic+lumispa', '2020-01-07 18:22:06', NULL),
(1007, 922, NULL, 'TR-001 - FACIAL STANDAR - Facials', '-', '2020-01-08 10:42:19', NULL),
(1008, 923, NULL, 'TR-001 - FACIAL STANDAR - Facials', NULL, '2020-01-08 12:26:11', NULL),
(1009, 924, NULL, 'TR-001 - FACIAL STANDAR - Facials', 'akp', '2020-01-08 12:26:59', NULL),
(1010, 925, NULL, 'TR-007 - FACIAL GALVANIC - Facials', NULL, '2020-01-08 12:32:13', NULL),
(1011, 926, NULL, 'TR-001 - FACIAL STANDAR - Facials', NULL, '2020-01-08 13:15:16', NULL),
(1012, 927, NULL, 'TR-014 - AKUPUNTUR - Akupuntur', NULL, '2020-01-08 13:40:35', NULL),
(1013, 927, NULL, 'L004 - Laser Bopeng - Laser', NULL, '2020-01-08 13:40:35', NULL),
(1014, 928, NULL, 'TR-005 - FACIAL PREMIUM - Facials', NULL, '2020-01-08 13:49:19', NULL),
(1015, 928, NULL, 'L001 - Laser Flek - Laser', NULL, '2020-01-08 13:49:19', NULL),
(1016, 929, NULL, 'TR-005 - FACIAL PREMIUM - Facials', NULL, '2020-01-08 14:42:43', NULL),
(1017, 930, NULL, 'TR-005 - FACIAL PREMIUM - Facials', NULL, '2020-01-09 10:46:31', NULL),
(1018, 931, NULL, '001 - Konsultasi - Non-Kategori', NULL, '2020-01-09 10:59:59', NULL),
(1019, 932, NULL, '001 - Konsultasi - Non-Kategori', NULL, '2020-01-09 11:07:29', NULL),
(1020, 933, NULL, 'TR-014 - AKUPUNTUR - Akupuntur', 'filler', '2020-01-09 12:39:08', NULL),
(1021, 934, NULL, 'TR-006 - FACIAL PREMIUM AKUPUNTUR - Facials', NULL, '2020-01-09 13:05:21', NULL),
(1022, 935, NULL, 'L001 - Laser Flek - Laser', NULL, '2020-01-09 17:44:25', NULL),
(1023, 936, NULL, 'TR-001 - FACIAL STANDAR - Facials', NULL, '2020-01-10 13:36:28', NULL),
(1024, 937, NULL, 'TR-001 - FACIAL STANDAR - Facials', NULL, '2020-01-10 14:04:08', NULL),
(1025, 938, NULL, 'TR-001 - FACIAL STANDAR - Facials', NULL, '2020-01-11 11:17:55', NULL),
(1026, 939, NULL, 'TR-001 - FACIAL STANDAR - Facials', NULL, '2020-01-11 11:41:58', NULL),
(1027, 940, NULL, 'TR-001 - FACIAL STANDAR - Facials', NULL, '2020-01-11 11:46:43', NULL),
(1028, 941, NULL, 'TR-001 - FACIAL STANDAR - Facials', NULL, '2020-01-11 12:27:31', NULL),
(1029, 942, NULL, 'TR-001 - FACIAL STANDAR - Facials', NULL, '2020-01-11 14:14:20', NULL),
(1030, 943, NULL, 'TR-001 - FACIAL STANDAR - Facials', '-', '2020-01-11 16:45:44', NULL),
(1031, 944, NULL, 'TR-005 - FACIAL PREMIUM - Facials', 'facial premium vit c+serum', '2020-01-13 11:41:17', NULL),
(1032, 945, NULL, 'TR-005 - FACIAL PREMIUM - Facials', NULL, '2020-01-13 11:50:15', NULL),
(1033, 946, NULL, 'TR-012 - PEELING PREMIUM - Peeling', 'peeling giga white peel+melanopeel', '2020-01-13 12:00:06', NULL),
(1034, 947, NULL, '001 - Konsultasi - Non-Kategori', NULL, '2020-01-13 12:04:45', NULL),
(1035, 948, NULL, 'TR-005 - FACIAL PREMIUM - Facials', NULL, '2020-01-13 13:42:52', NULL),
(1036, 948, NULL, 'L001 - Laser Flek - Laser', 'Cauter', '2020-01-13 13:42:52', NULL),
(1037, 949, NULL, 'L001 - Laser Flek - Laser', NULL, '2020-01-13 13:48:42', NULL),
(1038, 950, NULL, 'TR-005 - FACIAL PREMIUM - Facials', NULL, '2020-01-13 13:57:47', NULL),
(1039, 950, NULL, 'L001 - Laser Flek - Laser', 'laser black doll', '2020-01-13 13:57:47', NULL),
(1040, 951, NULL, 'TR-005 - FACIAL PREMIUM - Facials', NULL, '2020-01-13 14:01:16', NULL),
(1041, 952, NULL, 'TR-005 - FACIAL PREMIUM - Facials', NULL, '2020-01-13 14:17:17', NULL),
(1042, 952, NULL, 'L001 - Laser Flek - Laser', NULL, '2020-01-13 14:17:17', NULL),
(1043, 953, NULL, 'TR-005 - FACIAL PREMIUM - Facials', '+serum', '2020-01-13 14:21:44', NULL),
(1044, 954, NULL, 'TR-006 - FACIAL PREMIUM AKUPUNTUR - Facials', NULL, '2020-01-13 14:23:58', NULL),
(1045, 955, NULL, 'TR-038 - INFUS VIT C - Baby Spa', NULL, '2020-01-14 13:39:24', NULL),
(1046, 956, NULL, 'TR-001 - FACIAL STANDAR - Facials', NULL, '2020-01-14 13:45:00', NULL),
(1047, 957, NULL, '001 - Konsultasi - Non-Kategori', NULL, '2020-01-14 13:47:52', NULL),
(1048, 958, NULL, 'TR-011 - PEELING MEDIUM - Peeling', NULL, '2020-01-14 17:21:08', NULL),
(1049, 959, NULL, '001 - Konsultasi - Non-Kategori', NULL, '2020-01-14 17:28:24', NULL),
(1050, 960, NULL, 'TR-001 - FACIAL STANDAR - Facials', NULL, '2020-01-14 19:03:41', NULL),
(1051, 961, NULL, 'TR-001 - FACIAL STANDAR - Facials', NULL, '2020-01-15 12:04:20', NULL),
(1052, 962, NULL, 'L003 - Laser Glowing - Laser', NULL, '2020-01-15 12:58:33', NULL),
(1053, 962, NULL, 'TR-005 - FACIAL PREMIUM - Facials', NULL, '2020-01-15 12:58:33', NULL),
(1054, 963, NULL, 'TR-005 - FACIAL PREMIUM - Facials', NULL, '2020-01-15 14:15:03', NULL),
(1055, 964, NULL, '001 - Konsultasi - Non-Kategori', NULL, '2020-01-15 15:20:32', NULL),
(1056, 965, NULL, '001 - Konsultasi - Non-Kategori', NULL, '2020-01-15 18:09:07', NULL),
(1057, 966, NULL, 'TR-005 - FACIAL PREMIUM - Facials', NULL, '2020-01-16 11:10:45', NULL),
(1058, 966, NULL, 'L004 - Laser Bopeng - Laser', NULL, '2020-01-16 11:10:45', NULL),
(1059, 967, NULL, 'TR-009 - FACIAL GALVANIC SERUM - Facials', NULL, '2020-01-16 11:16:33', NULL),
(1060, 968, NULL, 'TR-005 - FACIAL PREMIUM - Facials', 'oxysrpay', '2020-01-16 11:19:33', NULL),
(1061, 969, NULL, 'L001 - Laser Flek - Laser', NULL, '2020-01-16 12:12:51', NULL),
(1062, 969, NULL, 'TR-005 - FACIAL PREMIUM - Facials', NULL, '2020-01-16 12:12:51', NULL),
(1063, 970, NULL, 'TR-001 - FACIAL STANDAR - Facials', '-', '2020-01-17 10:41:53', NULL),
(1064, 971, NULL, 'TR-001 - FACIAL STANDAR - Facials', '-', '2020-01-17 10:42:46', NULL),
(1065, 972, NULL, 'TR-001 - FACIAL STANDAR - Facials', NULL, '2020-01-17 13:34:23', NULL),
(1066, 973, NULL, 'TR-005 - FACIAL PREMIUM - Facials', 'afcial acne premium+serum acne', '2020-01-17 18:08:29', NULL),
(1067, 974, NULL, 'TR-005 - FACIAL PREMIUM - Facials', 'sensitif', '2020-01-17 18:11:01', NULL),
(1068, 975, NULL, 'TR-001 - FACIAL STANDAR - Facials', NULL, '2020-01-20 10:43:40', NULL),
(1069, 976, NULL, 'TR-005 - FACIAL PREMIUM - Facials', 'facial premium acne+serum', '2020-01-20 12:12:10', NULL),
(1070, 976, NULL, 'TR-014 - AKUPUNTUR - Akupuntur', NULL, '2020-01-20 12:12:10', NULL),
(1071, 977, NULL, 'TR-005 - FACIAL PREMIUM - Facials', NULL, '2020-01-20 13:56:34', NULL),
(1072, 977, NULL, 'TR-012 - PEELING PREMIUM - Peeling', 'peeling black peel', '2020-01-20 13:56:34', NULL),
(1073, 978, NULL, 'TR-005 - FACIAL PREMIUM - Facials', 'facial acne prmeium+serum', '2020-01-20 14:02:51', NULL),
(1074, 978, NULL, 'TR-012 - PEELING PREMIUM - Peeling', 'black peel', '2020-01-20 14:02:51', NULL),
(1075, 979, NULL, '001 - Konsultasi - Non-Kategori', NULL, '2020-01-20 15:43:41', NULL),
(1076, 980, NULL, 'TR-001 - FACIAL STANDAR - Facials', NULL, '2020-01-20 16:47:56', NULL),
(1077, 981, NULL, 'TR-001 - FACIAL STANDAR - Facials', '-', '2020-01-21 11:32:03', NULL),
(1078, 982, NULL, 'TR-001 - FACIAL STANDAR - Facials', NULL, '2020-01-21 11:39:25', NULL),
(1079, 983, NULL, '001 - Konsultasi - Non-Kategori', NULL, '2020-01-21 14:05:59', NULL),
(1080, 984, NULL, 'L003 - Laser Glowing - Laser', 'laser underamr+filler', '2020-01-21 14:54:36', NULL),
(1081, 985, NULL, 'TR-005 - FACIAL PREMIUM - Facials', NULL, '2020-01-22 10:05:03', NULL),
(1082, 985, NULL, 'L001 - Laser Flek - Laser', NULL, '2020-01-22 10:05:03', NULL),
(1083, 986, NULL, 'TR-007 - FACIAL GALVANIC - Facials', 'facial galvanic+lumispa+body peeling', '2020-01-22 13:05:00', NULL),
(1084, 987, NULL, 'TR-001 - FACIAL STANDAR - Facials', NULL, '2020-01-22 15:04:17', NULL),
(1085, 988, NULL, 'TR-002 - FACIAL STANDAR AKUPUNTUR - Facials', NULL, '2020-01-22 20:19:33', NULL),
(1086, 989, NULL, 'TR-014 - AKUPUNTUR - Akupuntur', '+suntik', '2020-01-23 14:03:06', NULL),
(1087, 990, NULL, 'TR-014 - AKUPUNTUR - Akupuntur', '+botox', '2020-01-23 14:09:39', NULL),
(1088, 991, NULL, 'TR-005 - FACIAL PREMIUM - Facials', 'facial premium sensitif', '2020-01-23 15:02:09', NULL),
(1089, 991, NULL, 'L001 - Laser Flek - Laser', NULL, '2020-01-23 15:02:09', NULL),
(1090, 992, NULL, '001 - Konsultasi - Non-Kategori', NULL, '2020-01-23 15:04:55', NULL),
(1091, 993, NULL, 'TR-005 - FACIAL PREMIUM - Facials', NULL, '2020-01-23 15:20:54', NULL),
(1092, 994, NULL, 'TR-005 - FACIAL PREMIUM - Facials', '+sinar PDT', '2020-01-24 10:58:04', NULL),
(1093, 995, NULL, 'TR-005 - FACIAL PREMIUM - Facials', NULL, '2020-01-24 11:08:06', NULL),
(1094, 995, NULL, 'L001 - Laser Flek - Laser', 'cauter', '2020-01-24 11:08:06', NULL),
(1095, 996, NULL, 'TR-005 - FACIAL PREMIUM - Facials', NULL, '2020-01-24 11:14:29', NULL),
(1096, 996, NULL, 'L003 - Laser Glowing - Laser', NULL, '2020-01-24 11:14:29', NULL),
(1097, 997, NULL, 'TR-005 - FACIAL PREMIUM - Facials', NULL, '2020-01-24 13:56:53', NULL),
(1098, 997, NULL, 'L001 - Laser Flek - Laser', NULL, '2020-01-24 13:56:53', NULL),
(1099, 997, NULL, 'TR-014 - AKUPUNTUR - Akupuntur', NULL, '2020-01-24 13:56:53', NULL),
(1100, 998, NULL, 'TR-001 - FACIAL STANDAR - Facials', NULL, '2020-01-24 14:28:44', NULL),
(1101, 999, NULL, 'TR-014 - AKUPUNTUR - Akupuntur', NULL, '2020-01-24 14:33:42', NULL),
(1102, 999, NULL, 'TR-005 - FACIAL PREMIUM - Facials', NULL, '2020-01-24 14:33:42', NULL),
(1103, 999, NULL, 'L001 - Laser Flek - Laser', NULL, '2020-01-24 14:33:42', NULL),
(1104, 1000, NULL, 'TR-006 - FACIAL PREMIUM AKUPUNTUR - Facials', 'sinar PDT', '2020-01-24 14:37:19', NULL),
(1105, 1001, NULL, 'TR-005 - FACIAL PREMIUM - Facials', 'facial oxyspray', '2020-01-24 14:42:22', NULL),
(1106, 1002, NULL, 'TR-001 - FACIAL STANDAR - Facials', NULL, '2020-01-24 14:53:50', NULL),
(1107, 1003, NULL, 'TR-001 - FACIAL STANDAR - Facials', NULL, '2020-01-24 16:14:44', NULL),
(1108, 1004, NULL, 'TR-001 - FACIAL STANDAR - Facials', NULL, '2020-01-26 12:58:52', NULL),
(1109, 1005, NULL, 'L001 - Laser Flek - Laser', 'laser black doll', '2020-01-27 12:10:35', NULL),
(1110, 1005, NULL, 'TR-034 - SUNTIK VIT C - Baby Spa', 'suntik mata', '2020-01-27 12:10:35', NULL),
(1111, 1006, NULL, 'L001 - Laser Flek - Laser', 'laser black doll', '2020-01-27 12:17:12', NULL),
(1112, 1007, NULL, 'L001 - Laser Flek - Laser', 'black doll,tanam benang,filler', '2020-01-27 12:31:11', NULL),
(1113, 1008, NULL, 'TR-001 - FACIAL STANDAR - Facials', '-', '2020-01-27 16:47:25', NULL),
(1114, 1009, NULL, 'TR-004 - FACIAL MEDIUM AKUPUNTUR - Facials', NULL, '2020-01-28 14:02:24', NULL),
(1115, 1010, NULL, 'TR-005 - FACIAL PREMIUM - Facials', '+serum', '2020-01-28 14:23:47', NULL),
(1116, 1010, NULL, 'L001 - Laser Flek - Laser', NULL, '2020-01-28 14:23:47', NULL),
(1117, 1011, NULL, 'TR-014 - AKUPUNTUR - Akupuntur', NULL, '2020-01-28 14:32:29', NULL),
(1118, 1012, NULL, 'TR-004 - FACIAL MEDIUM AKUPUNTUR - Facials', NULL, '2020-01-28 15:56:26', NULL),
(1119, 1013, NULL, 'TR-017 - DERMAROLLER PAKET 2X - Akupuntur', 'dermaGF+filler hidug', '2020-01-29 11:11:29', NULL),
(1120, 1014, NULL, 'TR-005 - FACIAL PREMIUM - Facials', NULL, '2020-01-29 14:23:45', NULL),
(1121, 1015, NULL, 'TR-012 - PEELING PREMIUM - Peeling', NULL, '2020-01-29 16:19:57', NULL),
(1122, 1016, NULL, '001 - Konsultasi - Non-Kategori', NULL, '2020-01-29 16:22:54', NULL),
(1123, 1017, NULL, 'TR-005 - FACIAL PREMIUM - Facials', NULL, '2020-01-29 18:26:21', NULL),
(1124, 1018, NULL, 'TR-004 - FACIAL MEDIUM AKUPUNTUR - Facials', NULL, '2020-01-30 14:05:06', NULL),
(1125, 1019, NULL, 'TR-008 - FACIAL GALVANIC AKUPUNTUR - Facials', NULL, '2020-01-30 15:08:21', NULL),
(1126, 1020, NULL, 'TR-005 - FACIAL PREMIUM - Facials', NULL, '2020-01-30 15:47:53', NULL),
(1127, 1020, NULL, 'TR-017 - DERMAROLLER PAKET 2X - Akupuntur', NULL, '2020-01-30 15:47:53', NULL),
(1128, 1021, NULL, 'TR-005 - FACIAL PREMIUM - Facials', NULL, '2020-01-30 15:52:37', NULL),
(1129, 1022, NULL, 'TR-001 - FACIAL STANDAR - Facials', NULL, '2020-01-30 16:18:30', NULL),
(1130, 1023, NULL, 'TR-003 - FACIAL MEDIUM - Facials', NULL, '2020-01-30 16:52:13', NULL),
(1131, 1024, NULL, 'TR-005 - FACIAL PREMIUM - Facials', NULL, '2020-02-04 13:37:16', NULL),
(1132, 1025, NULL, 'TR-001 - FACIAL STANDAR - Facials', '+ cauter', '2020-02-04 13:57:00', NULL),
(1133, 1026, NULL, 'TR-001 - FACIAL STANDAR - Facials', 'oxy sprei', '2020-02-04 14:15:30', NULL),
(1134, 1027, NULL, '001 - Konsultasi - Non-Kategori', NULL, '2020-02-05 09:55:48', NULL),
(1135, 1028, NULL, 'TR-001 - FACIAL STANDAR - Facials', NULL, '2020-02-05 11:08:34', NULL),
(1136, 1029, NULL, 'TR-001 - FACIAL STANDAR - Facials', 'fw acne', '2020-02-05 11:32:52', NULL),
(1137, 1031, NULL, 'TR-014 - AKUPUNTUR - Akupuntur', 'tanam benang', '2020-02-05 15:19:19', NULL),
(1138, 1032, NULL, 'L001 - Laser Flek - Laser', NULL, '2020-02-05 15:27:57', NULL),
(1139, 1033, NULL, 'TR-001 - FACIAL STANDAR - Facials', NULL, '2020-02-05 15:28:35', NULL),
(1140, 1034, NULL, 'TR-001 - FACIAL STANDAR - Facials', 'facial premium acne', '2020-02-05 16:55:03', NULL),
(1141, 1035, NULL, 'TR-001 - FACIAL STANDAR - Facials', 'test data saja', '2020-02-05 23:32:40', NULL),
(1142, 1036, NULL, 'TR-002 - FACIAL STANDAR AKUPUNTUR - Facials', NULL, '2020-02-05 23:36:22', NULL),
(1143, 1036, NULL, 'TR-003 - FACIAL MEDIUM - Facials', NULL, '2020-02-05 23:36:22', NULL),
(1144, 1037, NULL, 'TR-001 - FACIAL STANDAR - Facials', NULL, '2020-02-05 23:51:51', NULL),
(1145, 1038, NULL, 'TR-002 - FACIAL STANDAR AKUPUNTUR - Facials', NULL, '2020-02-06 00:07:25', NULL);
INSERT INTO `prescription_treatments` (`id`, `prescription_id`, `services_id`, `name`, `description`, `created_at`, `updated_at`) VALUES
(1146, 1039, NULL, 'TR-002 - FACIAL STANDAR AKUPUNTUR - Facials', NULL, '2020-02-06 00:13:22', NULL),
(1147, 1040, NULL, 'TR-002 - FACIAL STANDAR AKUPUNTUR - Facials', NULL, '2020-02-06 00:16:03', NULL),
(1148, 1041, NULL, 'TR-002 - FACIAL STANDAR AKUPUNTUR - Facials', NULL, '2020-02-06 00:22:30', NULL),
(1149, 1044, NULL, 'TR-011 - PEELING MEDIUM - Peeling', NULL, '2020-02-06 13:09:16', NULL),
(1150, 1045, NULL, '001 - Konsultasi - Non-Kategori', NULL, '2020-02-06 14:15:25', NULL),
(1151, 1046, NULL, '089 - facial lumispa - Facials', 'sinar jerawat', '2020-02-06 16:37:15', NULL),
(1152, 1047, NULL, '089 - facial lumispa - Facials', NULL, '2020-02-06 17:59:17', NULL),
(1153, 1048, NULL, '001 - Konsultasi - Non-Kategori', NULL, '2020-02-06 18:02:09', NULL),
(1154, 1049, NULL, 'TR-002 - FACIAL STANDAR AKUPUNTUR - Facials', NULL, '2020-02-06 18:09:12', NULL),
(1155, 1050, NULL, 'TR-001 - FACIAL STANDAR - Facials', NULL, '2020-02-06 18:32:30', NULL),
(1156, 1051, NULL, 'L001 - Laser Flek - Laser', 'laser black doll', '2020-02-07 15:41:15', NULL),
(1157, 1052, NULL, '001 - Konsultasi - Non-Kategori', NULL, '2020-02-07 15:48:00', NULL),
(1158, 1053, NULL, 'TR-001 - FACIAL STANDAR - Facials', '(+)pasien sensiti,ngka  mau pakai sensdok una', '2020-02-07 22:17:36', NULL),
(1159, 1054, NULL, 'TR-001 - FACIAL STANDAR - Facials', 'Oxy Spray', '2020-02-08 11:52:39', NULL),
(1160, 1055, NULL, 'TR-005 - FACIAL PREMIUM - Facials', 'sensitf+serum', '2020-02-08 15:13:39', NULL),
(1161, 1055, NULL, 'L001 - Laser Flek - Laser', 'paket', '2020-02-08 15:13:39', NULL),
(1162, 1056, NULL, 'TR-005 - FACIAL PREMIUM - Facials', NULL, '2020-02-08 15:17:14', NULL),
(1163, 1057, NULL, '089 - facial lumispa - Facials', 'sensitf skin', '2020-02-08 15:30:00', NULL),
(1164, 1058, NULL, 'TR-004 - FACIAL MEDIUM AKUPUNTUR - Facials', NULL, '2020-02-08 16:21:22', NULL),
(1165, 1059, NULL, '001 - Konsultasi - Non-Kategori', NULL, '2020-02-08 17:04:39', NULL),
(1166, 1060, NULL, '001 - Konsultasi - Non-Kategori', NULL, '2020-02-08 17:13:15', NULL),
(1167, 1061, NULL, 'TR-001 - FACIAL STANDAR - Facials', '-', '2020-02-10 11:01:29', NULL),
(1168, 1062, NULL, 'TR-001 - FACIAL STANDAR - Facials', NULL, '2020-02-10 11:03:19', NULL),
(1169, 1063, NULL, '089 - facial lumispa - Facials', NULL, '2020-02-10 13:31:11', NULL),
(1170, 1064, NULL, 'TR-001 - FACIAL STANDAR - Facials', NULL, '2020-02-10 13:50:29', NULL),
(1171, 1065, NULL, 'TR-001 - FACIAL STANDAR - Facials', NULL, '2020-02-10 13:52:33', NULL),
(1172, 1066, NULL, 'L001 - Laser Flek - Laser', NULL, '2020-02-10 16:32:46', NULL),
(1173, 1066, NULL, 'TR-003 - FACIAL MEDIUM - Facials', 'facial oxyspray', '2020-02-10 16:32:46', NULL),
(1174, 1067, NULL, '001 - Konsultasi - Non-Kategori', NULL, '2020-02-10 17:13:40', NULL),
(1175, 1068, NULL, 'TR-002 - FACIAL STANDAR AKUPUNTUR - Facials', NULL, '2020-02-10 17:16:12', NULL),
(1176, 1069, NULL, 'TR-001 - FACIAL STANDAR - Facials', 'ngak mau dikeluarin komedo pakai sendok una(+)', '2020-02-10 20:31:37', NULL),
(1177, 1070, NULL, 'TR-007 - FACIAL GALVANIC - Facials', NULL, '2020-02-10 22:44:39', NULL),
(1178, 1071, NULL, 'TR-005 - FACIAL PREMIUM - Facials', NULL, '2020-02-11 09:54:07', NULL),
(1179, 1072, NULL, 'TR-011 - PEELING MEDIUM - Peeling', 'peeling black peel', '2020-02-11 10:44:05', NULL),
(1180, 1072, NULL, 'TR-014 - AKUPUNTUR - Akupuntur', NULL, '2020-02-11 10:44:05', NULL),
(1181, 1073, NULL, '001 - Konsultasi - Non-Kategori', NULL, '2020-02-11 13:04:39', NULL),
(1182, 1074, NULL, 'TR-005 - FACIAL PREMIUM - Facials', 'facial acne prmeium+akupuntr', '2020-02-11 14:06:21', NULL),
(1183, 1074, NULL, 'L002 - Laser jerawat - Laser', NULL, '2020-02-11 14:06:21', NULL),
(1184, 1075, NULL, '001 - Konsultasi - Non-Kategori', NULL, '2020-02-11 14:08:25', NULL),
(1185, 1076, NULL, '001 - Konsultasi - Non-Kategori', NULL, '2020-02-11 14:56:14', NULL),
(1186, 1077, NULL, 'L001 - Laser Flek - Laser', NULL, '2020-02-11 15:01:44', NULL),
(1187, 1078, NULL, '001 - Konsultasi - Non-Kategori', NULL, '2020-02-11 15:10:57', NULL),
(1188, 1079, NULL, 'TR-001 - FACIAL STANDAR - Facials', NULL, '2020-02-11 15:30:30', NULL),
(1189, 1080, NULL, 'TR-014 - AKUPUNTUR - Akupuntur', NULL, '2020-02-11 15:42:38', NULL),
(1190, 1081, NULL, 'TR-011 - PEELING MEDIUM - Peeling', NULL, '2020-02-11 17:56:54', NULL),
(1191, 1082, NULL, 'TR-001 - FACIAL STANDAR - Facials', NULL, '2020-02-12 10:17:27', NULL),
(1192, 1083, NULL, '001 - Konsultasi - Non-Kategori', 'filler retouch', '2020-02-12 10:55:32', NULL),
(1193, 1084, NULL, 'TR-001 - FACIAL STANDAR - Facials', NULL, '2020-02-12 12:22:10', NULL),
(1194, 1085, NULL, 'TR-007 - FACIAL GALVANIC - Facials', '+akupuntr', '2020-02-12 14:22:37', NULL),
(1195, 1085, NULL, '089 - facial lumispa - Facials', NULL, '2020-02-12 14:22:37', NULL),
(1196, 1087, NULL, 'TR-005 - FACIAL PREMIUM - Facials', NULL, '2020-02-12 16:05:17', NULL),
(1197, 1088, NULL, 'TR-015 - PAKET AKUPUNTUR SLIMING - Akupuntur', NULL, '2020-02-13 10:35:13', NULL),
(1198, 1089, NULL, 'TR-005 - FACIAL PREMIUM - Facials', NULL, '2020-02-13 10:42:50', NULL),
(1199, 1090, NULL, '001 - Konsultasi - Non-Kategori', NULL, '2020-02-13 10:46:22', NULL),
(1200, 1091, NULL, 'TR-006 - FACIAL PREMIUM AKUPUNTUR - Facials', 'facial oxyspray', '2020-02-13 15:36:16', NULL),
(1201, 1092, NULL, '001 - Konsultasi - Non-Kategori', NULL, '2020-02-13 17:39:36', NULL),
(1202, 1093, NULL, 'L001 - Laser Flek - Laser', 'facial lumispa+laser black doll', '2020-02-14 13:42:47', NULL),
(1203, 1094, NULL, 'TR-005 - FACIAL PREMIUM - Facials', 'facial lumispa + black doll', '2020-02-14 14:09:22', NULL),
(1204, 1095, NULL, 'TR-005 - FACIAL PREMIUM - Facials', NULL, '2020-02-14 15:11:45', NULL),
(1205, 1096, NULL, 'TR-001 - FACIAL STANDAR - Facials', '-', '2020-02-15 10:19:58', NULL),
(1206, 1097, NULL, 'TR-001 - FACIAL STANDAR - Facials', NULL, '2020-02-15 12:56:19', NULL),
(1207, 1098, NULL, 'TR-001 - FACIAL STANDAR - Facials', NULL, '2020-02-15 13:01:03', NULL),
(1208, 1099, NULL, 'TR-001 - FACIAL STANDAR - Facials', '-', '2020-02-15 15:04:35', NULL),
(1209, 1100, NULL, 'TR-005 - FACIAL PREMIUM - Facials', NULL, '2020-02-17 11:02:16', NULL),
(1210, 1101, NULL, '001 - Konsultasi - Non-Kategori', NULL, '2020-02-17 11:27:49', NULL),
(1211, 1102, NULL, '001 - Konsultasi - Non-Kategori', NULL, '2020-02-17 11:32:20', NULL),
(1212, 1103, NULL, 'TR-001 - FACIAL STANDAR - Facials', NULL, '2020-02-17 11:39:16', NULL),
(1213, 1104, NULL, 'TR-005 - FACIAL PREMIUM - Facials', 'facial oxy spray+tanam benang pipi+filler hidung+botox', '2020-02-17 12:00:06', NULL),
(1214, 1105, NULL, 'L004 - Laser Bopeng - Laser', 'beaks jerawat dan flek', '2020-02-17 12:13:22', NULL),
(1215, 1106, NULL, 'TR-001 - FACIAL STANDAR - Facials', NULL, '2020-02-17 13:01:01', NULL),
(1216, 1107, NULL, 'TR-007 - FACIAL GALVANIC - Facials', '+lumispa', '2020-02-17 14:30:11', NULL),
(1217, 1107, NULL, 'L001 - Laser Flek - Laser', 'laseef lek', '2020-02-17 14:30:11', NULL),
(1218, 1108, NULL, '001 - Konsultasi - Non-Kategori', '+botox', '2020-02-17 18:56:59', NULL),
(1219, 1109, NULL, 'TR-005 - FACIAL PREMIUM - Facials', NULL, '2020-02-18 12:42:46', NULL),
(1220, 1109, NULL, 'TR-014 - AKUPUNTUR - Akupuntur', NULL, '2020-02-18 12:42:46', NULL),
(1221, 1109, NULL, 'L002 - Laser jerawat - Laser', NULL, '2020-02-18 12:42:46', NULL),
(1222, 1110, NULL, 'TR-014 - AKUPUNTUR - Akupuntur', 'filler hidung', '2020-02-18 14:24:52', NULL),
(1223, 1111, NULL, 'TR-001 - FACIAL STANDAR - Facials', '-', '2020-02-18 16:47:29', NULL),
(1224, 1112, NULL, 'TR-001 - FACIAL STANDAR - Facials', NULL, '2020-02-19 11:26:31', NULL),
(1225, 1113, NULL, 'TR-001 - FACIAL STANDAR - Facials', 'GALVANIC + CAUTER', '2020-02-19 11:35:44', NULL),
(1226, 1114, NULL, 'TR-001 - FACIAL STANDAR - Facials', NULL, '2020-02-21 11:14:23', NULL),
(1227, 1115, NULL, 'TR-004 - FACIAL MEDIUM AKUPUNTUR - Facials', NULL, '2020-02-21 11:24:49', NULL),
(1228, 1115, NULL, 'TR-006 - FACIAL PREMIUM AKUPUNTUR - Facials', NULL, '2020-02-21 11:24:49', NULL),
(1229, 1116, NULL, 'TR-001 - FACIAL STANDAR - Facials', NULL, '2020-02-21 11:47:01', NULL),
(1230, 1117, NULL, 'TR-005 - FACIAL PREMIUM - Facials', NULL, '2020-02-21 13:20:42', NULL),
(1231, 1118, NULL, 'L004 - Laser Bopeng - Laser', NULL, '2020-02-21 13:28:07', NULL),
(1232, 1119, NULL, 'TR-001 - FACIAL STANDAR - Facials', NULL, '2020-02-21 13:58:44', NULL),
(1233, 1120, NULL, 'TR-005 - FACIAL PREMIUM - Facials', '+cauter', '2020-02-21 14:04:48', NULL),
(1235, 1122, NULL, 'L003 - Laser Glowing - Laser', NULL, '2020-02-21 14:43:13', NULL),
(1236, 1123, NULL, 'TR-001 - FACIAL STANDAR - Facials', NULL, '2020-02-21 14:58:55', NULL),
(1237, 1124, NULL, 'L001 - Laser Flek - Laser', 'laser black doll', '2020-02-21 16:02:11', NULL),
(1238, 1125, NULL, 'TR-005 - FACIAL PREMIUM - Facials', NULL, '2020-02-21 16:08:29', NULL),
(1239, 1125, NULL, 'L001 - Laser Flek - Laser', 'laser black doll', '2020-02-21 16:08:29', NULL),
(1240, 1126, NULL, 'TR-005 - FACIAL PREMIUM - Facials', NULL, '2020-02-22 09:46:39', NULL),
(1241, 1127, NULL, '089 - facial lumispa - Facials', 'facial oxyspray', '2020-03-11 11:23:36', NULL),
(1242, 1127, NULL, 'L003 - Laser Glowing - Laser', NULL, '2020-03-11 11:23:36', NULL),
(1243, 1128, NULL, 'TR-001 - FACIAL STANDAR - Facials', '-', '2020-03-11 11:31:03', NULL),
(1244, 1129, NULL, 'L001 - Laser Flek - Laser', 'IPL ketiak', '2020-03-11 12:03:51', NULL),
(1245, 1130, NULL, 'TR-001 - FACIAL STANDAR - Facials', '-', '2020-03-11 12:32:52', NULL),
(1246, 1131, NULL, 'L003 - Laser Glowing - Laser', 'BLACKDOLL', '2020-03-11 13:03:52', NULL),
(1247, 1132, NULL, 'TR-001 - FACIAL STANDAR - Facials', NULL, '2020-03-11 13:36:23', NULL),
(1248, 1133, NULL, 'TR-001 - FACIAL STANDAR - Facials', NULL, '2020-03-11 13:46:28', NULL),
(1249, 1134, NULL, 'TR-001 - FACIAL STANDAR - Facials', 'ACNE', '2020-03-11 14:42:59', NULL),
(1250, 1135, NULL, 'TR-001 - FACIAL STANDAR - Facials', '+ AKP', '2020-03-11 14:58:32', NULL),
(1251, 1136, NULL, 'TR-001 - FACIAL STANDAR - Facials', '-', '2020-03-11 15:03:46', NULL),
(1252, 1137, NULL, 'TR-001 - FACIAL STANDAR - Facials', NULL, '2020-03-11 16:43:36', NULL),
(1253, 1138, NULL, 'TR-005 - FACIAL PREMIUM - Facials', NULL, '2020-03-11 17:00:38', NULL),
(1254, 1138, NULL, 'L001 - Laser Flek - Laser', NULL, '2020-03-11 17:00:38', NULL),
(1255, 1139, NULL, '001 - Konsultasi - Non-Kategori', NULL, '2020-03-12 10:39:55', NULL),
(1256, 1140, NULL, 'TR-005 - FACIAL PREMIUM - Facials', '+serum sensitif', '2020-03-12 11:10:54', NULL),
(1258, 1142, NULL, 'TR-002 - FACIAL STANDAR AKUPUNTUR - Facials', 'test', '2020-03-12 11:34:34', NULL),
(1259, 1143, NULL, 'TR-002 - FACIAL STANDAR AKUPUNTUR - Facials', 'KETERANGAN', '2020-03-12 11:36:28', NULL),
(1260, 1144, NULL, '001 - Konsultasi - Non-Kategori', NULL, '2020-03-13 13:57:48', NULL),
(1261, 1145, NULL, 'TR-005 - FACIAL PREMIUM - Facials', NULL, '2020-03-13 14:15:27', NULL),
(1262, 1146, NULL, 'TR-005 - FACIAL PREMIUM - Facials', NULL, '2020-03-13 14:56:44', NULL),
(1263, 1146, NULL, 'L003 - Laser Glowing - Laser', NULL, '2020-03-13 14:56:44', NULL),
(1264, 1147, NULL, 'L004 - Laser Bopeng - Laser', NULL, '2020-03-13 17:04:32', NULL),
(1265, 1148, NULL, 'L001 - Laser Flek - Laser', NULL, '2020-03-13 17:06:24', NULL),
(1266, 1149, NULL, 'L004 - Laser Bopeng - Laser', NULL, '2020-03-13 17:16:45', NULL),
(1267, 1149, NULL, 'TR-005 - FACIAL PREMIUM - Facials', NULL, '2020-03-13 17:16:45', NULL),
(1268, 1150, NULL, '001 - Konsultasi - Non-Kategori', NULL, '2020-03-13 17:31:45', NULL),
(1269, 1151, NULL, 'L001 - Laser Flek - Laser', NULL, '2020-03-16 10:40:54', NULL),
(1274, 1156, NULL, 'TR-001 - FACIAL STANDAR - Facials', NULL, '2020-03-16 11:01:21', NULL),
(1275, 1157, NULL, 'TR-001 - FACIAL STANDAR - Facials', NULL, '2020-03-16 11:09:37', NULL),
(1277, 1159, NULL, 'TR-005 - FACIAL PREMIUM - Facials', NULL, '2020-03-16 11:19:04', NULL),
(1279, 1161, NULL, 'TR-005 - FACIAL PREMIUM - Facials', 'facial premium sensitif+serum', '2020-03-16 11:22:26', NULL),
(1280, 1162, NULL, '001 - Konsultasi - Non-Kategori', NULL, '2020-03-16 11:30:16', NULL),
(1281, 1163, NULL, 'TR-004 - FACIAL MEDIUM AKUPUNTUR - Facials', NULL, '2020-03-16 11:44:34', NULL),
(1282, 1163, NULL, 'L003 - Laser Glowing - Laser', NULL, '2020-03-16 11:44:34', NULL),
(1283, 1164, NULL, 'TR-005 - FACIAL PREMIUM - Facials', NULL, '2020-03-16 11:54:55', NULL),
(1284, 1164, NULL, 'L003 - Laser Glowing - Laser', NULL, '2020-03-16 11:54:55', NULL),
(1285, 1165, NULL, 'TR-005 - FACIAL PREMIUM - Facials', NULL, '2020-03-16 11:58:15', NULL),
(1286, 1166, NULL, '001 - Konsultasi - Non-Kategori', NULL, '2020-03-16 14:27:39', NULL),
(1287, 1167, NULL, '001 - Konsultasi - Non-Kategori', NULL, '2020-03-16 14:33:17', NULL),
(1288, 1168, NULL, '001 - Konsultasi - Non-Kategori', NULL, '2020-03-16 14:37:21', NULL),
(1289, 1169, NULL, 'TR-012 - PEELING PREMIUM - Peeling', NULL, '2020-03-16 14:42:45', NULL),
(1290, 1170, NULL, '001 - Konsultasi - Non-Kategori', NULL, '2020-03-16 16:29:46', NULL),
(1291, 1171, NULL, '001 - Konsultasi - Non-Kategori', NULL, '2020-03-16 16:36:00', NULL),
(1294, 1174, NULL, 'TR-005 - FACIAL PREMIUM - Facials', 'facail premium sensitif', '2020-03-16 16:42:12', NULL),
(1295, 1175, NULL, 'TR-001 - FACIAL STANDAR - Facials', NULL, '2020-03-16 17:35:54', NULL),
(1296, 1176, NULL, 'L003 - Laser Glowing - Laser', NULL, '2020-03-17 13:38:09', NULL),
(1297, 1177, NULL, 'L003 - Laser Glowing - Laser', NULL, '2020-03-17 13:49:01', NULL),
(1298, 1178, NULL, '001 - Konsultasi - Non-Kategori', NULL, '2020-03-17 13:53:46', NULL),
(1299, 1179, NULL, '001 - Konsultasi - Non-Kategori', NULL, '2020-03-17 13:59:18', NULL),
(1300, 1180, NULL, 'TR-014 - AKUPUNTUR - Akupuntur', 'botox+filler', '2020-03-17 14:09:50', NULL),
(1301, 1181, NULL, 'TR-014 - AKUPUNTUR - Akupuntur', 'cauter', '2020-03-17 14:18:52', NULL),
(1302, 1182, NULL, '001 - Konsultasi - Non-Kategori', 'body peeling+body bleaching', '2020-03-17 15:25:39', NULL),
(1303, 1183, NULL, '001 - Konsultasi - Non-Kategori', NULL, '2020-03-17 18:56:36', NULL),
(1304, 1184, NULL, 'TR-005 - FACIAL PREMIUM - Facials', NULL, '2020-03-18 10:35:19', NULL),
(1305, 1185, NULL, '001 - Konsultasi - Non-Kategori', NULL, '2020-03-18 10:51:53', NULL),
(1308, 1188, NULL, 'TR-002 - FACIAL STANDAR AKUPUNTUR - Facials', 'Dina', '2020-03-18 11:02:08', NULL),
(1309, 1189, NULL, 'TR-002 - FACIAL STANDAR AKUPUNTUR - Facials', 'test', '2020-03-18 11:04:30', NULL),
(1310, 1190, NULL, 'TR-009 - FACIAL GALVANIC SERUM - Facials', NULL, '2020-03-18 11:16:59', NULL),
(1311, 1191, NULL, 'L001 - Laser Flek - Laser', NULL, '2020-03-18 11:25:32', NULL),
(1312, 1192, NULL, 'L001 - Laser Flek - Laser', NULL, '2020-03-18 11:57:44', NULL),
(1313, 1193, NULL, 'TR-005 - FACIAL PREMIUM - Facials', 'facial oxyglow', '2020-03-18 12:07:09', NULL),
(1314, 1193, NULL, 'L003 - Laser Glowing - Laser', NULL, '2020-03-18 12:07:09', NULL),
(1315, 1193, NULL, 'TR-039 - PAKET INFUS VIT C 4X - Baby Spa', 'infu spaket 3,5', '2020-03-18 12:07:09', NULL),
(1316, 1194, NULL, 'TR-005 - FACIAL PREMIUM - Facials', NULL, '2020-03-18 13:15:33', NULL),
(1317, 1195, NULL, 'TR-005 - FACIAL PREMIUM - Facials', NULL, '2020-03-18 13:21:17', NULL),
(1318, 1196, NULL, '001 - Konsultasi - Non-Kategori', NULL, '2020-03-18 13:26:29', NULL),
(1319, 1197, NULL, 'TR-005 - FACIAL PREMIUM - Facials', 'oxyspray', '2020-03-18 14:27:57', NULL),
(1320, 1198, NULL, '001 - Konsultasi - Non-Kategori', NULL, '2020-03-18 14:41:38', NULL),
(1321, 1199, NULL, 'TR-014 - AKUPUNTUR - Akupuntur', NULL, '2020-03-18 14:46:24', NULL),
(1322, 1200, NULL, 'TR-005 - FACIAL PREMIUM - Facials', NULL, '2020-03-19 10:25:51', NULL),
(1323, 1201, NULL, '001 - Konsultasi - Non-Kategori', NULL, '2020-03-19 10:27:53', NULL),
(1324, 1202, NULL, 'TR-005 - FACIAL PREMIUM - Facials', NULL, '2020-03-19 11:01:34', NULL),
(1325, 1203, NULL, 'L003 - Laser Glowing - Laser', NULL, '2020-03-19 11:03:57', NULL),
(1326, 1204, NULL, '001 - Konsultasi - Non-Kategori', NULL, '2020-03-19 11:10:57', NULL),
(1327, 1205, NULL, '001 - Konsultasi - Non-Kategori', NULL, '2020-03-19 11:14:11', NULL),
(1328, 1206, NULL, '001 - Konsultasi - Non-Kategori', NULL, '2020-03-19 11:53:21', NULL),
(1329, 1207, NULL, 'TR-006 - FACIAL PREMIUM AKUPUNTUR - Facials', NULL, '2020-03-21 14:16:27', NULL),
(1330, 1207, NULL, 'L002 - Laser jerawat - Laser', NULL, '2020-03-21 14:16:27', NULL),
(1331, 1208, NULL, '001 - Konsultasi - Non-Kategori', NULL, '2020-03-21 14:20:41', NULL),
(1332, 1209, NULL, 'L002 - Laser jerawat - Laser', NULL, '2020-03-21 15:10:27', NULL),
(1333, 1210, NULL, 'TR-001 - FACIAL STANDAR - Facials', NULL, '2020-03-21 15:11:31', NULL),
(1334, 1211, NULL, '001 - Konsultasi - Non-Kategori', NULL, '2020-03-21 16:04:38', NULL),
(1335, 1212, NULL, '001 - Konsultasi - Non-Kategori', NULL, '2020-03-21 16:14:42', NULL),
(1336, 1213, NULL, '001 - Konsultasi - Non-Kategori', NULL, '2020-03-21 16:25:17', NULL),
(1337, 1214, NULL, 'TR-004 - FACIAL MEDIUM AKUPUNTUR - Facials', NULL, '2020-03-21 16:28:14', NULL),
(1338, 1214, NULL, 'L002 - Laser jerawat - Laser', NULL, '2020-03-21 16:28:14', NULL),
(1339, 1215, NULL, 'TR-005 - FACIAL PREMIUM - Facials', 'facial premium acne+serum', '2020-03-23 13:26:03', NULL),
(1340, 1216, NULL, 'TR-005 - FACIAL PREMIUM - Facials', '+serum acne', '2020-03-23 13:30:09', NULL),
(1341, 1217, NULL, '001 - Konsultasi - Non-Kategori', NULL, '2020-03-23 13:44:35', NULL),
(1342, 1218, NULL, '001 - Konsultasi - Non-Kategori', NULL, '2020-03-23 13:46:54', NULL),
(1343, 1219, NULL, 'TR-034 - SUNTIK VIT C - Baby Spa', NULL, '2020-03-23 13:49:42', NULL),
(1344, 1220, NULL, 'TR-006 - FACIAL PREMIUM AKUPUNTUR - Facials', 'facial premium vit c+serum +sinar PDT', '2020-03-23 13:54:09', NULL),
(1345, 1221, NULL, 'TR-014 - AKUPUNTUR - Akupuntur', 'SInar PDT', '2020-03-23 13:59:15', NULL),
(1346, 1222, NULL, 'TR-005 - FACIAL PREMIUM - Facials', 'facial prmeium +serum +sinar', '2020-03-23 14:03:15', NULL),
(1347, 1223, NULL, '001 - Konsultasi - Non-Kategori', NULL, '2020-03-23 15:17:02', NULL),
(1348, 1224, NULL, '001 - Konsultasi - Non-Kategori', NULL, '2020-03-23 15:20:26', NULL),
(1349, 1225, NULL, '001 - Konsultasi - Non-Kategori', NULL, '2020-03-23 16:47:55', NULL),
(1350, 1226, NULL, '001 - Konsultasi - Non-Kategori', NULL, '2020-03-23 16:49:33', NULL),
(1351, 1227, NULL, '001 - Konsultasi - Non-Kategori', NULL, '2020-03-23 17:01:35', NULL),
(1353, 1229, NULL, 'TR-038 - INFUS VIT C - Baby Spa', NULL, '2020-03-23 17:26:18', NULL),
(1354, 1230, NULL, 'TR-005 - FACIAL PREMIUM - Facials', 'facial acne premium acne+serum+sinar PDT', '2020-03-24 13:21:38', NULL),
(1355, 1231, NULL, '001 - Konsultasi - Non-Kategori', NULL, '2020-03-24 13:34:15', NULL),
(1356, 1232, NULL, 'TR-011 - PEELING MEDIUM - Peeling', 'peeling black peel', '2020-03-24 13:44:43', NULL),
(1357, 1233, NULL, 'TR-003 - FACIAL MEDIUM - Facials', NULL, '2020-03-24 13:49:08', NULL),
(1358, 1234, NULL, '001 - Konsultasi - Non-Kategori', NULL, '2020-03-24 14:31:32', NULL),
(1359, 1235, NULL, 'TR-014 - AKUPUNTUR - Akupuntur', NULL, '2020-03-24 14:48:13', NULL),
(1360, 1236, NULL, '001 - Konsultasi - Non-Kategori', NULL, '2020-03-24 15:21:24', NULL),
(1361, 1237, NULL, 'L003 - Laser Glowing - Laser', 'laser baby glowing', '2020-03-25 10:28:18', NULL),
(1362, 1237, NULL, '089 - facial lumispa - Facials', NULL, '2020-03-25 10:28:18', NULL),
(1363, 1238, NULL, 'TR-012 - PEELING PREMIUM - Peeling', 'peeling black peel', '2020-03-25 11:06:31', NULL),
(1364, 1239, NULL, '001 - Konsultasi - Non-Kategori', NULL, '2020-03-25 11:50:45', NULL),
(1365, 1240, NULL, '001 - Konsultasi - Non-Kategori', NULL, '2020-03-25 12:13:36', NULL),
(1366, 1241, NULL, '089 - facial lumispa - Facials', NULL, '2020-03-25 15:52:04', NULL),
(1367, 1242, NULL, '001 - Konsultasi - Non-Kategori', NULL, '2020-03-25 16:16:22', NULL),
(1368, 1243, NULL, '001 - Konsultasi - Non-Kategori', NULL, '2020-03-25 18:10:07', NULL),
(1369, 1244, NULL, 'TR-005 - FACIAL PREMIUM - Facials', NULL, '2020-03-26 10:56:43', NULL),
(1370, 1245, NULL, '089 - facial lumispa - Facials', NULL, '2020-03-26 11:07:37', NULL),
(1371, 1246, NULL, '001 - Konsultasi - Non-Kategori', NULL, '2020-03-26 11:13:51', NULL),
(1372, 1247, NULL, 'TR-001 - FACIAL STANDAR - Facials', NULL, '2020-03-26 11:19:01', NULL),
(1373, 1248, NULL, 'TR-001 - FACIAL STANDAR - Facials', NULL, '2020-03-26 11:53:12', NULL),
(1374, 1249, NULL, '001 - Konsultasi - Non-Kategori', NULL, '2020-03-26 12:16:29', NULL),
(1375, 1250, NULL, 'TR-001 - FACIAL STANDAR - Facials', NULL, '2020-03-26 14:11:13', NULL),
(1376, 1251, NULL, '089 - facial lumispa - Facials', NULL, '2020-03-26 14:17:35', NULL),
(1377, 1252, NULL, '001 - Konsultasi - Non-Kategori', NULL, '2020-03-26 14:43:17', NULL),
(1378, 1253, NULL, 'TR-006 - FACIAL PREMIUM AKUPUNTUR - Facials', NULL, '2020-03-27 13:23:58', NULL),
(1379, 1254, NULL, 'L004 - Laser Bopeng - Laser', NULL, '2020-03-27 13:39:49', NULL),
(1380, 1255, NULL, 'TR-012 - PEELING PREMIUM - Peeling', NULL, '2020-03-27 13:49:23', NULL),
(1381, 1256, NULL, '001 - Konsultasi - Non-Kategori', NULL, '2020-03-27 13:56:02', NULL),
(1382, 1257, NULL, 'TR-005 - FACIAL PREMIUM - Facials', NULL, '2020-03-27 14:07:06', NULL),
(1383, 1258, NULL, 'TR-002 - FACIAL STANDAR AKUPUNTUR - Facials', NULL, '2020-03-27 14:11:07', NULL),
(1384, 1259, NULL, '001 - Konsultasi - Non-Kategori', NULL, '2020-03-27 14:21:27', NULL),
(1385, 1260, NULL, '001 - Konsultasi - Non-Kategori', NULL, '2020-03-27 14:44:30', NULL),
(1386, 1261, NULL, '001 - Konsultasi - Non-Kategori', NULL, '2020-03-27 14:48:39', NULL),
(1387, 1262, NULL, '001 - Konsultasi - Non-Kategori', NULL, '2020-03-27 14:51:53', NULL),
(1388, 1263, NULL, '001 - Konsultasi - Non-Kategori', NULL, '2020-03-27 16:21:13', NULL),
(1389, 1264, NULL, '001 - Konsultasi - Non-Kategori', NULL, '2020-03-30 10:30:56', NULL),
(1390, 1265, NULL, 'TR-005 - FACIAL PREMIUM - Facials', NULL, '2020-03-30 11:58:55', NULL),
(1391, 1266, NULL, 'TR-005 - FACIAL PREMIUM - Facials', NULL, '2020-03-30 12:00:08', NULL),
(1392, 1267, NULL, '001 - Konsultasi - Non-Kategori', NULL, '2020-03-30 12:45:11', NULL),
(1393, 1268, NULL, '001 - Konsultasi - Non-Kategori', NULL, '2020-03-30 12:59:44', NULL),
(1394, 1268, NULL, 'L001 - Laser Flek - Laser', NULL, '2020-03-30 12:59:44', NULL),
(1395, 1269, NULL, '001 - Konsultasi - Non-Kategori', NULL, '2020-03-30 13:40:06', NULL),
(1396, 1270, NULL, '001 - Konsultasi - Non-Kategori', NULL, '2020-03-30 16:18:52', NULL),
(1397, 1271, NULL, '001 - Konsultasi - Non-Kategori', NULL, '2020-03-31 11:51:10', NULL),
(1398, 1272, NULL, '001 - Konsultasi - Non-Kategori', NULL, '2020-03-31 11:55:27', NULL),
(1399, 1273, NULL, '001 - Konsultasi - Non-Kategori', NULL, '2020-03-31 12:12:36', NULL),
(1400, 1274, NULL, '001 - Konsultasi - Non-Kategori', NULL, '2020-03-31 13:39:47', NULL),
(1401, 1275, NULL, '001 - Konsultasi - Non-Kategori', NULL, '2020-03-31 15:03:22', NULL),
(1402, 1276, NULL, 'TR-005 - FACIAL PREMIUM - Facials', 'facial premium sensitif+serum', '2020-04-01 10:21:34', NULL),
(1403, 1277, NULL, '001 - Konsultasi - Non-Kategori', NULL, '2020-04-01 10:30:29', NULL),
(1404, 1278, NULL, 'TR-005 - FACIAL PREMIUM - Facials', NULL, '2020-04-01 11:26:56', NULL),
(1405, 1278, NULL, 'L002 - Laser jerawat - Laser', NULL, '2020-04-01 11:26:56', NULL),
(1406, 1279, NULL, '001 - Konsultasi - Non-Kategori', NULL, '2020-04-01 13:25:04', NULL),
(1407, 1280, NULL, '001 - Konsultasi - Non-Kategori', NULL, '2020-04-01 13:34:59', NULL),
(1408, 1281, NULL, '001 - Konsultasi - Non-Kategori', NULL, '2020-04-01 13:42:42', NULL),
(1409, 1282, NULL, '001 - Konsultasi - Non-Kategori', NULL, '2020-04-01 15:27:11', NULL),
(1410, 1283, NULL, '001 - Konsultasi - Non-Kategori', NULL, '2020-04-01 15:31:51', NULL),
(1411, 1284, NULL, '001 - Konsultasi - Non-Kategori', NULL, '2020-04-01 16:28:49', NULL),
(1412, 1285, NULL, 'L001 - Laser Flek - Laser', NULL, '2020-04-02 10:32:16', NULL),
(1413, 1286, NULL, '001 - Konsultasi - Non-Kategori', NULL, '2020-04-02 10:34:59', NULL),
(1414, 1287, NULL, 'TR-007 - FACIAL GALVANIC - Facials', 'facial galvanic plus lumispa', '2020-04-02 10:40:47', NULL),
(1415, 1287, NULL, 'L001 - Laser Flek - Laser', NULL, '2020-04-02 10:40:47', NULL),
(1416, 1288, NULL, '001 - Konsultasi - Non-Kategori', NULL, '2020-04-02 11:28:01', NULL),
(1417, 1289, NULL, '001 - Konsultasi - Non-Kategori', NULL, '2020-04-02 14:22:34', NULL),
(1418, 1290, NULL, 'L003 - Laser Glowing - Laser', NULL, '2020-04-02 14:52:54', NULL),
(1419, 1291, NULL, '001 - Konsultasi - Non-Kategori', NULL, '2020-04-02 15:21:28', NULL),
(1420, 1292, NULL, '001 - Konsultasi - Non-Kategori', NULL, '2020-04-02 15:48:48', NULL),
(1421, 1293, NULL, 'L001 - Laser Flek - Laser', NULL, '2020-04-02 15:58:40', NULL),
(1422, 1294, NULL, '001 - Konsultasi - Non-Kategori', NULL, '2020-04-02 16:57:05', NULL),
(1423, 1295, NULL, 'TR-004 - FACIAL MEDIUM AKUPUNTUR - Facials', NULL, '2020-04-03 14:57:19', NULL),
(1424, 1296, NULL, '001 - Konsultasi - Non-Kategori', NULL, '2020-04-03 16:56:31', NULL),
(1425, 1297, NULL, '001 - Konsultasi - Non-Kategori', NULL, '2020-04-04 10:20:22', NULL),
(1426, 1298, NULL, 'TR-011 - PEELING MEDIUM - Peeling', 'peeling giga whit epeel+melanopeel', '2020-04-04 11:01:34', NULL),
(1427, 1299, NULL, '001 - Konsultasi - Non-Kategori', NULL, '2020-04-04 11:11:46', NULL),
(1428, 1300, NULL, 'L001 - Laser Flek - Laser', 'laser IPL selangkangan', '2020-04-04 12:02:02', NULL),
(1429, 1301, NULL, 'TR-011 - PEELING MEDIUM - Peeling', 'peeling poly sa+4G', '2020-04-04 13:54:05', NULL),
(1430, 1302, NULL, '001 - Konsultasi - Non-Kategori', NULL, '2020-04-04 13:59:55', NULL),
(1431, 1303, NULL, '001 - Konsultasi - Non-Kategori', NULL, '2020-04-04 14:06:35', NULL),
(1432, 1304, NULL, '001 - Konsultasi - Non-Kategori', NULL, '2020-04-04 15:57:33', NULL),
(1433, 1305, NULL, '001 - Konsultasi - Non-Kategori', NULL, '2020-04-04 16:25:02', NULL),
(1434, 1306, NULL, '001 - Konsultasi - Non-Kategori', NULL, '2020-04-04 17:02:54', NULL),
(1435, 1307, NULL, '001 - Konsultasi - Non-Kategori', NULL, '2020-04-06 13:25:13', NULL),
(1436, 1308, NULL, '001 - Konsultasi - Non-Kategori', NULL, '2020-04-06 13:32:32', NULL),
(1437, 1309, NULL, 'L003 - Laser Glowing - Laser', NULL, '2020-04-06 15:23:05', NULL),
(1438, 1310, NULL, '001 - Konsultasi - Non-Kategori', NULL, '2020-04-07 12:59:05', NULL),
(1439, 1311, NULL, '001 - Konsultasi - Non-Kategori', NULL, '2020-04-07 14:00:01', NULL),
(1440, 1312, NULL, '001 - Konsultasi - Non-Kategori', NULL, '2020-04-07 14:27:50', NULL),
(1441, 1313, NULL, 'L002 - Laser jerawat - Laser', NULL, '2020-04-07 15:02:11', NULL),
(1442, 1314, NULL, '001 - Konsultasi - Non-Kategori', NULL, '2020-04-07 16:53:28', NULL),
(1443, 1315, NULL, '001 - Konsultasi - Non-Kategori', NULL, '2020-04-08 10:28:37', NULL),
(1444, 1316, NULL, '001 - Konsultasi - Non-Kategori', NULL, '2020-04-08 10:38:44', NULL),
(1445, 1317, NULL, '001 - Konsultasi - Non-Kategori', NULL, '2020-04-08 10:48:25', NULL),
(1446, 1318, NULL, 'TR-012 - PEELING PREMIUM - Peeling', NULL, '2020-04-08 11:16:09', NULL),
(1447, 1320, NULL, '001 - Konsultasi - Non-Kategori', NULL, '2020-04-08 12:18:01', NULL),
(1448, 1321, NULL, '001 - Konsultasi - Non-Kategori', NULL, '2020-04-08 13:41:19', NULL),
(1449, 1322, NULL, '001 - Konsultasi - Non-Kategori', NULL, '2020-04-08 16:13:11', NULL),
(1450, 1323, NULL, '001 - Konsultasi - Non-Kategori', NULL, '2020-04-08 16:19:40', NULL),
(1451, 1324, NULL, '001 - Konsultasi - Non-Kategori', NULL, '2020-04-08 17:06:13', NULL),
(1452, 1325, NULL, '001 - Konsultasi - Non-Kategori', NULL, '2020-04-09 16:11:24', NULL),
(1453, 1326, NULL, 'TR-034 - SUNTIK VIT C - Baby Spa', NULL, '2020-04-09 16:15:27', NULL),
(1454, 1327, NULL, '001 - Konsultasi - Non-Kategori', NULL, '2020-04-10 13:21:44', NULL),
(1455, 1328, NULL, '001 - Konsultasi - Non-Kategori', NULL, '2020-04-10 13:29:17', NULL),
(1456, 1329, NULL, 'L004 - Laser Bopeng - Laser', NULL, '2020-04-10 13:39:28', NULL),
(1457, 1330, NULL, '001 - Konsultasi - Non-Kategori', NULL, '2020-04-10 13:54:31', NULL),
(1459, 1332, NULL, '001 - Konsultasi - Non-Kategori', NULL, '2020-04-10 14:13:22', NULL),
(1461, 1334, NULL, '001 - Konsultasi - Non-Kategori', NULL, '2020-04-10 14:20:12', NULL),
(1462, 1335, NULL, '001 - Konsultasi - Non-Kategori', NULL, '2020-04-10 14:23:41', NULL),
(1463, 1336, NULL, 'TR-012 - PEELING PREMIUM - Peeling', 'black peel', '2020-04-10 14:53:28', NULL),
(1464, 1337, NULL, '001 - Konsultasi - Non-Kategori', NULL, '2020-04-10 14:58:50', NULL),
(1465, 1338, NULL, 'L005 - Plasma laser - Laser', 'laser selangkangan', '2020-04-11 11:00:37', NULL),
(1466, 1338, NULL, 'TR-040 - INFUS VIT C+GLUTATHIONE - Baby Spa', NULL, '2020-04-11 11:00:37', NULL),
(1467, 1339, NULL, '001 - Konsultasi - Non-Kategori', NULL, '2020-04-11 12:29:50', NULL),
(1468, 1340, NULL, '001 - Konsultasi - Non-Kategori', NULL, '2020-04-11 12:45:48', NULL),
(1469, 1340, NULL, 'TR-011 - PEELING MEDIUM - Peeling', 'peeling poly sa+4G', '2020-04-11 12:45:48', NULL),
(1470, 1341, NULL, '001 - Konsultasi - Non-Kategori', NULL, '2020-04-11 15:56:22', NULL),
(1471, 1342, NULL, 'TR-014 - AKUPUNTUR - Akupuntur', 'sinar biru', '2020-04-13 13:18:34', NULL),
(1472, 1343, NULL, '001 - Konsultasi - Non-Kategori', NULL, '2020-04-13 13:28:22', NULL),
(1473, 1344, NULL, '001 - Konsultasi - Non-Kategori', NULL, '2020-04-13 13:42:26', NULL),
(1474, 1344, NULL, 'L001 - Laser Flek - Laser', NULL, '2020-04-13 13:42:26', NULL),
(1475, 1345, NULL, '001 - Konsultasi - Non-Kategori', NULL, '2020-04-13 13:46:40', NULL),
(1476, 1346, NULL, '001 - Konsultasi - Non-Kategori', NULL, '2020-04-13 13:56:29', NULL),
(1477, 1347, NULL, 'TR-012 - PEELING PREMIUM - Peeling', NULL, '2020-04-13 15:37:30', NULL),
(1478, 1348, NULL, '001 - Konsultasi - Non-Kategori', NULL, '2020-04-13 15:39:44', NULL),
(1479, 1349, NULL, '001 - Konsultasi - Non-Kategori', NULL, '2020-04-13 15:46:43', NULL),
(1480, 1350, NULL, '001 - Konsultasi - Non-Kategori', NULL, '2020-04-13 15:59:41', NULL),
(1481, 1351, NULL, 'TR-011 - PEELING MEDIUM - Peeling', NULL, '2020-04-13 16:01:45', NULL),
(1482, 1352, NULL, '001 - Konsultasi - Non-Kategori', NULL, '2020-04-13 16:03:39', NULL),
(1483, 1353, NULL, '001 - Konsultasi - Non-Kategori', NULL, '2020-04-14 11:13:12', NULL),
(1484, 1354, NULL, '001 - Konsultasi - Non-Kategori', NULL, '2020-04-14 11:15:43', NULL),
(1485, 1355, NULL, 'TR-012 - PEELING PREMIUM - Peeling', 'blackpeel', '2020-04-14 11:24:10', NULL),
(1486, 1356, NULL, 'TR-011 - PEELING MEDIUM - Peeling', 'peeling poly sa+4G', '2020-04-14 12:25:34', NULL),
(1487, 1357, NULL, '001 - Konsultasi - Non-Kategori', NULL, '2020-04-14 13:09:58', NULL),
(1488, 1358, NULL, 'TR-038 - INFUS VIT C - Baby Spa', NULL, '2020-04-14 13:51:15', NULL),
(1489, 1359, NULL, 'L002 - Laser jerawat - Laser', NULL, '2020-04-14 14:29:47', NULL),
(1490, 1360, NULL, '001 - Konsultasi - Non-Kategori', NULL, '2020-04-15 13:35:54', NULL),
(1491, 1361, NULL, 'TR-011 - PEELING MEDIUM - Peeling', 'peeling giga white peel', '2020-04-15 13:40:35', NULL),
(1492, 1361, NULL, 'TR-034 - SUNTIK VIT C - Baby Spa', 'suntik keloid', '2020-04-15 13:40:35', NULL),
(1493, 1362, NULL, 'L003 - Laser Glowing - Laser', NULL, '2020-04-15 14:07:55', NULL),
(1494, 1363, NULL, 'TR-038 - INFUS VIT C - Baby Spa', NULL, '2020-04-15 14:55:08', NULL),
(1495, 1363, NULL, 'L003 - Laser Glowing - Laser', NULL, '2020-04-15 14:55:08', NULL),
(1496, 1364, NULL, 'TR-039 - PAKET INFUS VIT C 4X - Baby Spa', 'paket infus 4x', '2020-04-15 14:59:22', NULL),
(1497, 1365, NULL, '001 - Konsultasi - Non-Kategori', NULL, '2020-04-15 15:06:06', NULL),
(1498, 1366, NULL, '001 - Konsultasi - Non-Kategori', NULL, '2020-04-15 15:11:21', NULL),
(1499, 1367, NULL, '001 - Konsultasi - Non-Kategori', NULL, '2020-04-15 15:15:06', NULL),
(1500, 1368, NULL, 'TR-014 - AKUPUNTUR - Akupuntur', 'sinar Biru', '2020-04-16 10:41:01', NULL),
(1501, 1369, NULL, 'TR-014 - AKUPUNTUR - Akupuntur', NULL, '2020-04-16 13:41:25', NULL),
(1502, 1369, NULL, 'L002 - Laser jerawat - Laser', NULL, '2020-04-16 13:41:25', NULL),
(1503, 1370, NULL, '001 - Konsultasi - Non-Kategori', NULL, '2020-04-16 14:48:36', NULL),
(1504, 1371, NULL, 'L003 - Laser Glowing - Laser', NULL, '2020-04-16 15:18:36', NULL),
(1505, 1372, NULL, '001 - Konsultasi - Non-Kategori', NULL, '2020-04-16 15:21:29', NULL),
(1506, 1373, NULL, '001 - Konsultasi - Non-Kategori', NULL, '2020-04-16 16:17:31', NULL),
(1507, 1374, NULL, '001 - Konsultasi - Non-Kategori', NULL, '2020-04-16 16:34:19', NULL),
(1508, 1375, NULL, '001 - Konsultasi - Non-Kategori', NULL, '2020-04-17 13:26:38', NULL),
(1509, 1376, NULL, 'TR-004 - Paket Akupuntur Wajah - Akupuntur', 'konsul aja', '2020-04-18 13:37:08', NULL),
(1510, 1377, NULL, 'TR-055 - Peeling - Peeling', 'poly sa 4g', '2020-04-18 15:08:03', NULL),
(1511, 1378, 1, 'TR-001 - Akupuntur Sliming - Akupuntur', 'konsul aja', '2020-04-18 15:25:35', NULL),
(1512, 1379, 57, 'TR-056 - Peeling (Premium) - Peeling', 'peeling giga white peel+melanopeel', '2020-04-20 12:06:46', NULL),
(1513, 1380, 23, 'TR-023 - Facial Premium - Facials', NULL, '2020-04-20 12:13:01', NULL),
(1514, 1381, 22, 'TR-022 - Facial Lumispa - Facials', NULL, '2020-04-20 12:17:13', NULL),
(1515, 1382, 23, 'TR-023 - Facial Premium - Facials', NULL, '2020-04-20 12:23:28', NULL),
(1516, 1384, 23, 'TR-023 - Facial Premium - Facials', NULL, '2020-04-20 12:38:23', NULL),
(1517, 1385, 42, 'TR-042 - Laser Flek - Laser', NULL, '2020-04-20 13:05:08', NULL),
(1518, 1386, 57, 'TR-056 - Peeling (Premium) - Peeling', NULL, '2020-04-20 13:08:19', NULL),
(1519, 1388, 56, 'TR-055 - Peeling - Peeling', 'peeling poly sa', '2020-04-20 14:00:48', NULL),
(1520, 1389, 15, 'TR-015 - Cauter (Sedang) - Cauter', NULL, '2020-04-20 16:35:32', NULL),
(1521, 1390, 23, 'TR-023 - Facial Premium - Facials', NULL, '2020-04-20 16:40:40', NULL),
(1524, 1391, 30, 'TR-030 - Infus Vit. C - Infus', NULL, '2020-04-21 11:53:04', NULL),
(1526, 1392, 20, 'TR-020 - Facial Galvanic - Facials', 'facial galvanic+lumispa', '2020-04-21 12:18:27', NULL),
(1528, 1393, 23, 'TR-023 - Facial Premium - Facials', NULL, '2020-04-21 12:20:39', NULL),
(1529, 1394, 23, 'TR-023 - Facial Premium - Facials', NULL, '2020-04-21 12:47:10', NULL),
(1531, 1395, 23, 'TR-023 - Facial Premium - Facials', NULL, '2020-04-21 12:58:08', NULL),
(1532, 1396, 25, 'TR-025 - Filler - Non Kategori', NULL, '2020-04-21 14:24:38', NULL),
(1534, 1397, 20, 'TR-020 - Facial Galvanic - Facials', NULL, '2020-04-21 15:23:03', NULL),
(1535, 1398, 23, 'TR-023 - Facial Premium - Facials', NULL, '2020-04-21 15:25:21', NULL),
(1536, 1399, 57, 'TR-056 - Peeling (Premium) - Peeling', NULL, '2020-04-21 15:29:37', NULL),
(1537, 1400, 23, 'TR-023 - Facial Premium - Facials', NULL, '2020-04-23 11:21:38', NULL),
(1538, 1401, 23, 'TR-023 - Facial Premium - Facials', NULL, '2020-04-23 13:49:58', NULL),
(1539, 1402, 23, 'TR-023 - Facial Premium - Facials', NULL, '2020-04-23 14:02:45', NULL),
(1540, 1403, 32, 'TR-032 - Infus Vit. C + Gluthatione - Infus', 'paket imun booster', '2020-04-23 14:10:12', NULL),
(1541, 1404, 23, 'TR-023 - Facial Premium - Facials', 'konsultasi', '2020-04-23 14:16:20', NULL),
(1543, 1405, 57, 'TR-056 - Peeling (Premium) - Peeling', NULL, '2020-04-23 14:22:41', NULL),
(1544, 1406, 23, 'TR-023 - Facial Premium - Facials', NULL, '2020-04-25 10:26:23', NULL),
(1545, 1407, 55, 'TR-054 - Oxy Spray - Non Kategori', NULL, '2020-04-25 10:29:13', NULL),
(1548, 1408, 23, 'TR-023 - Facial Premium - Facials', NULL, '2020-04-25 10:48:59', NULL),
(1549, 1408, 50, 'TR-049 - Paket Laser Glowing - Laser', '4x', '2020-04-25 10:48:59', NULL),
(1551, 1409, 23, 'TR-023 - Facial Premium - Facials', NULL, '2020-04-25 11:02:33', NULL),
(1552, 1410, 23, 'TR-023 - Facial Premium - Facials', NULL, '2020-04-25 11:24:25', NULL),
(1555, 1411, 23, 'TR-023 - Facial Premium - Facials', NULL, '2020-04-25 11:39:40', NULL),
(1556, 1411, 57, 'TR-056 - Peeling (Premium) - Peeling', 'Black peel', '2020-04-25 11:39:40', NULL),
(1558, 1412, 20, 'TR-020 - Facial Galvanic - Facials', 'plus lumispa', '2020-04-25 12:02:20', NULL),
(1560, 1413, 87, 'N001 - konsultasi - Non Kategori', NULL, '2020-04-25 12:17:40', NULL),
(1561, 1414, 23, 'TR-023 - Facial Premium - Facials', 'sinar', '2020-04-25 12:24:21', NULL),
(1562, 1415, 87, 'N001 - konsultasi - Non Kategori', NULL, '2020-04-25 13:54:07', NULL),
(1563, 1416, 87, 'N001 - konsultasi - Non Kategori', NULL, '2020-04-25 15:36:25', NULL),
(1564, 1417, 23, 'TR-023 - Facial Premium - Facials', 'premium acne', '2020-04-27 11:04:27', NULL),
(1565, 1418, 87, 'N001 - konsultasi - Non Kategori', NULL, '2020-04-27 11:36:22', NULL),
(1567, 1419, 87, 'N001 - konsultasi - Non Kategori', NULL, '2020-04-27 11:44:55', NULL),
(1569, 1420, 42, 'TR-042 - Laser Flek - Laser', 'lasr black doll', '2020-04-27 11:55:16', NULL),
(1570, 1420, 23, 'TR-023 - Facial Premium - Facials', NULL, '2020-04-27 11:55:16', NULL),
(1571, 1421, 87, 'N001 - konsultasi - Non Kategori', NULL, '2020-04-27 12:15:43', NULL),
(1572, 1422, 87, 'N001 - konsultasi - Non Kategori', NULL, '2020-04-27 12:30:20', NULL),
(1573, 1423, 87, 'N001 - konsultasi - Non Kategori', NULL, '2020-04-27 14:45:24', NULL),
(1574, 1424, 42, 'TR-042 - Laser Flek - Laser', 'rencana', '2020-04-28 12:20:44', NULL),
(1575, 1425, 23, 'TR-023 - Facial Premium - Facials', NULL, '2020-04-28 12:30:16', NULL),
(1576, 1426, 87, 'N001 - konsultasi - Non Kategori', NULL, '2020-04-28 12:58:25', NULL),
(1577, 1427, 22, 'TR-022 - Facial Lumispa - Facials', NULL, '2020-04-29 13:28:52', NULL),
(1578, 1428, 32, 'TR-032 - Infus Vit. C + Gluthatione - Infus', NULL, '2020-04-29 13:29:42', NULL),
(1579, 1429, 87, 'N001 - konsultasi - Non Kategori', NULL, '2020-04-29 15:47:17', NULL),
(1580, 1430, 56, 'TR-055 - Peeling - Peeling', NULL, '2020-04-29 15:56:56', NULL),
(1581, 1431, 46, 'TR-046 - Laser Bopeng - Laser', NULL, '2020-04-29 16:00:39', NULL),
(1582, 1432, 20, 'TR-020 - Facial Galvanic - Facials', NULL, '2020-04-30 10:34:32', NULL),
(1583, 1432, 42, 'TR-042 - Laser Flek - Laser', NULL, '2020-04-30 10:34:32', NULL),
(1584, 1433, 25, 'TR-025 - Filler - Non Kategori', 'hidung', '2020-04-30 11:32:24', NULL),
(1585, 1433, 21, 'TR-021 - Facial Korean Oxy Glow - Facials', NULL, '2020-04-30 11:32:24', NULL),
(1586, 1435, 87, 'N001 - konsultasi - Non Kategori', NULL, '2020-04-30 11:36:49', NULL),
(1588, 1436, 87, 'N001 - konsultasi - Non Kategori', NULL, '2020-04-30 11:39:40', NULL),
(1590, 1437, 87, 'N001 - konsultasi - Non Kategori', NULL, '2020-04-30 11:54:34', NULL),
(1591, 1438, 23, 'TR-023 - Facial Premium - Facials', NULL, '2020-04-30 12:19:03', NULL),
(1592, 1439, 23, 'TR-023 - Facial Premium - Facials', NULL, '2020-04-30 12:37:09', NULL),
(1593, 1440, 20, 'TR-020 - Facial Galvanic - Facials', NULL, '2020-04-30 12:42:40', NULL),
(1597, 1441, 67, 'TR-040 - Paket Suntik Mesotherapy (Rendah) - Suntik', 'suntik jerawat', '2020-04-30 13:08:20', NULL),
(1598, 1441, 4, 'TR-004 - Paket Akupuntur Wajah - Akupuntur', NULL, '2020-04-30 13:08:20', NULL),
(1599, 1441, 75, 'TR-048 - Terapi Sinar PDT - Non Kategori', NULL, '2020-04-30 13:08:20', NULL),
(1600, 1442, 87, 'N001 - konsultasi - Non Kategori', NULL, '2020-04-30 13:46:37', NULL),
(1601, 1443, 22, 'TR-022 - Facial Lumispa - Facials', NULL, '2020-04-30 13:55:41', NULL),
(1602, 1443, 49, 'TR-048 - Laser Glowing - Suntik', NULL, '2020-04-30 13:55:41', NULL),
(1603, 1444, 23, 'TR-023 - Facial Premium - Facials', NULL, '2020-04-30 14:00:10', NULL),
(1604, 1445, 87, 'N001 - konsultasi - Non Kategori', NULL, '2020-04-30 14:52:12', NULL),
(1605, 1446, 87, 'N001 - konsultasi - Non Kategori', NULL, '2020-04-30 14:57:53', NULL),
(1606, 1447, 23, 'TR-023 - Facial Premium - Facials', 'facial acne premium+serum', '2020-05-01 10:59:47', NULL),
(1607, 1448, 20, 'TR-020 - Facial Galvanic - Facials', NULL, '2020-05-01 11:11:51', NULL),
(1608, 1448, 42, 'TR-042 - Laser Flek - Laser', 'laser blackdoll', '2020-05-01 11:11:51', NULL),
(1609, 1449, 87, 'N001 - konsultasi - Non Kategori', NULL, '2020-05-01 11:57:57', NULL),
(1610, 1450, 46, 'TR-046 - Laser Bopeng - Laser', NULL, '2020-05-01 13:24:08', NULL),
(1611, 1451, 23, 'TR-023 - Facial Premium - Facials', NULL, '2020-05-01 13:25:56', NULL),
(1612, 1451, 57, 'TR-056 - Peeling (Premium) - Peeling', 'Black peel', '2020-05-01 13:25:56', NULL),
(1614, 1452, 57, 'TR-056 - Peeling (Premium) - Peeling', 'peeling poly s+4G', '2020-05-01 13:45:57', NULL),
(1615, 1453, 87, 'N001 - konsultasi - Non Kategori', NULL, '2020-05-01 13:50:53', NULL),
(1617, 1454, 87, 'N001 - konsultasi - Non Kategori', NULL, '2020-05-01 14:26:13', NULL),
(1618, 1455, 87, 'N001 - konsultasi - Non Kategori', NULL, '2020-05-01 14:47:00', NULL),
(1619, 1456, 87, 'N001 - konsultasi - Non Kategori', NULL, '2020-05-01 15:23:22', NULL),
(1620, 1457, 87, 'N001 - konsultasi - Non Kategori', NULL, '2020-05-02 11:01:45', NULL),
(1621, 1458, 87, 'N001 - konsultasi - Non Kategori', NULL, '2020-05-02 11:28:01', NULL),
(1622, 1459, 87, 'N001 - konsultasi - Non Kategori', NULL, '2020-05-02 13:08:51', NULL),
(1623, 1460, 87, 'N001 - konsultasi - Non Kategori', NULL, '2020-05-02 13:13:49', NULL),
(1624, 1460, 23, 'TR-023 - Facial Premium - Facials', 'facial acne premium+serum', '2020-05-02 13:13:49', NULL),
(1625, 1461, 23, 'TR-023 - Facial Premium - Facials', 'facial premium vit+serym', '2020-05-02 13:18:55', NULL),
(1626, 1462, 30, 'TR-030 - Infus Vit. C - Infus', NULL, '2020-05-02 13:22:27', NULL),
(1628, 1463, 87, 'N001 - konsultasi - Non Kategori', NULL, '2020-05-02 13:45:23', NULL),
(1629, 1464, 87, 'N001 - konsultasi - Non Kategori', NULL, '2020-05-02 13:49:34', NULL),
(1630, 1465, 87, 'N001 - konsultasi - Non Kategori', NULL, '2020-05-02 15:17:02', NULL),
(1631, 1466, 23, 'TR-023 - Facial Premium - Facials', 'facial premium acne+serum', '2020-05-04 10:42:49', NULL),
(1632, 1467, 23, 'TR-023 - Facial Premium - Facials', NULL, '2020-05-04 10:46:57', NULL),
(1633, 1468, 87, 'N001 - konsultasi - Non Kategori', NULL, '2020-05-04 11:00:35', NULL),
(1634, 1469, 87, 'N001 - konsultasi - Non Kategori', NULL, '2020-05-04 11:56:27', NULL),
(1635, 1470, 23, 'TR-023 - Facial Premium - Facials', NULL, '2020-05-04 12:48:16', NULL),
(1636, 1471, 18, 'TR-018 - Derma Roller + PRP - Derma', 'derma penta GF', '2020-05-05 09:49:17', NULL),
(1637, 1472, 42, 'TR-042 - Laser Flek - Laser', NULL, '2020-05-05 10:13:22', NULL),
(1638, 1473, 23, 'TR-023 - Facial Premium - Facials', NULL, '2020-05-05 10:30:37', NULL),
(1641, 1474, 14, 'TR-014 - Cauter (Rendah) - Cauter', '200.000', '2020-05-05 10:36:05', NULL),
(1642, 1474, 20, 'TR-020 - Facial Galvanic - Facials', NULL, '2020-05-05 10:36:05', NULL),
(1643, 1475, 87, 'N001 - konsultasi - Non Kategori', NULL, '2020-05-05 10:43:09', NULL),
(1644, 1476, 87, 'N001 - konsultasi - Non Kategori', NULL, '2020-05-05 14:29:50', NULL),
(1645, 1477, 87, 'N001 - konsultasi - Non Kategori', NULL, '2020-05-05 14:36:19', NULL),
(1646, 1478, 87, 'N001 - konsultasi - Non Kategori', NULL, '2020-05-05 15:20:48', NULL),
(1648, 1479, 15, 'TR-015 - Cauter (Sedang) - Cauter', NULL, '2020-05-06 13:31:37', NULL),
(1651, 1480, 42, 'TR-042 - Laser Flek - Laser', 'pkaet 4x', '2020-05-07 10:44:39', NULL),
(1652, 1480, 87, 'N001 - konsultasi - Non Kategori', NULL, '2020-05-07 10:44:39', NULL),
(1654, 1481, 21, 'TR-021 - Facial Korean Oxy Glow - Facials', NULL, '2020-05-07 10:51:59', NULL),
(1655, 1482, 57, 'TR-056 - Peeling (Premium) - Peeling', 'peeling giga whit epeel+melanopeel', '2020-05-07 11:00:37', NULL),
(1656, 1483, 87, 'N001 - konsultasi - Non Kategori', NULL, '2020-05-07 11:34:25', NULL),
(1658, 1484, 87, 'N001 - konsultasi - Non Kategori', NULL, '2020-05-07 13:29:51', NULL),
(1659, 1485, 87, 'N001 - konsultasi - Non Kategori', NULL, '2020-05-07 13:31:56', NULL),
(1660, 1486, 57, 'TR-056 - Peeling (Premium) - Peeling', 'black peel', '2020-05-07 13:39:19', NULL),
(1661, 1487, 23, 'TR-023 - Facial Premium - Facials', NULL, '2020-05-07 14:05:06', NULL);

-- --------------------------------------------------------

--
-- Table structure for table `products`
--

CREATE TABLE `products` (
  `id` int(11) NOT NULL,
  `code` char(12) NOT NULL,
  `name` varchar(128) NOT NULL,
  `category_id` int(11) NOT NULL,
  `price` float(10,2) NOT NULL,
  `quantity` int(10) UNSIGNED DEFAULT 0,
  `is_active` bit(1) NOT NULL DEFAULT b'1',
  `created_at` timestamp NOT NULL DEFAULT current_timestamp() ON UPDATE current_timestamp(),
  `updated_at` timestamp NULL DEFAULT NULL
) ENGINE=InnoDB DEFAULT CHARSET=latin1 ROW_FORMAT=DYNAMIC;

--
-- Dumping data for table `products`
--

INSERT INTO `products` (`id`, `code`, `name`, `category_id`, `price`, `quantity`, `is_active`, `created_at`, `updated_at`) VALUES
(3, 'KS001', 'Cream Iritasi', 16, 50000.00, 34, b'1', '2020-04-29 05:07:03', '2020-04-29 05:07:03'),
(4, 'KS002', 'SB Niacin', 16, 70000.00, 38, b'1', '2020-04-29 05:07:13', '2020-04-29 05:07:13'),
(5, 'KS003', 'SB Oily', 16, 60000.00, 8, b'1', '2020-04-29 05:07:25', '2020-04-29 05:07:25'),
(6, 'KS004', 'Acne Sunscreen', 16, 60000.00, 46, b'1', '2020-04-29 05:11:45', '2020-04-29 05:11:45'),
(7, 'KS005', 'BB Cream', 16, 60000.00, 16, b'1', '2020-04-29 05:10:13', '2020-04-29 05:10:13'),
(8, 'KS006', 'Derma Moist Cream', 16, 60000.00, 49, b'1', '2020-04-29 05:11:12', '2020-04-29 05:11:12'),
(12, 'KS007', 'SB Acne', 16, 60000.00, 26, b'1', '2020-04-29 05:12:17', '2020-04-29 05:12:17'),
(13, 'KS008', 'SB Pink', 16, 60000.00, 21, b'1', '2020-05-04 05:38:27', '2020-05-04 05:38:27'),
(14, 'KS009', 'SB Sensitif', 16, 60000.00, 43, b'1', '2020-04-29 05:01:44', '2020-04-29 05:01:44'),
(17, 'KS010', 'SPF 45', 16, 60000.00, 22, b'1', '2020-04-29 05:01:56', '2020-04-29 05:01:56'),
(18, 'KS011', 'Suncare One', 16, 60000.00, 23, b'1', '2020-04-29 05:13:07', '2020-04-29 05:13:07'),
(19, 'KS012', 'Sunscreen Pink S', 16, 60000.00, 126, b'1', '2020-04-29 05:14:26', '2020-04-29 05:14:26'),
(20, 'KM001', 'Acne 1', 17, 80000.00, 43, b'1', '2020-04-29 05:24:25', '2020-04-29 05:24:25'),
(21, 'KM002', 'Acne 2', 17, 80000.00, 11, b'1', '2020-04-29 05:24:36', '2020-04-29 05:24:36'),
(22, 'KM003', 'Radiance Whitening Night', 17, 80000.00, 11, b'1', '2020-04-29 05:24:54', '2020-04-29 05:24:54'),
(23, 'KM004', 'Resurface AHA', 17, 90000.00, 10, b'1', '2020-04-29 05:25:41', '2020-04-29 05:25:41'),
(24, 'KM005', 'Jola Anti Wrinkle Moisturiser Gel (Cream Botox)', 17, 100000.00, 5, b'1', '2020-04-29 05:25:46', '2020-04-29 05:25:46'),
(25, 'KM006', 'Moisturizing Pudding', 17, 60000.00, 37, b'1', '2020-04-29 05:26:27', '2020-04-29 05:26:27'),
(28, 'KM007', 'Totol Flek', 17, 50000.00, 0, b'1', '2020-04-29 05:29:39', '2020-04-29 05:29:39'),
(29, 'KM008', 'Totol Jerawat', 17, 75000.00, 107, b'1', '2020-04-29 05:29:57', '2020-04-29 05:29:57'),
(30, 'KM009', 'White 1', 17, 80000.00, 86, b'1', '2020-05-02 08:08:45', '2020-05-02 08:08:45'),
(32, 'KM010', 'White 1+', 17, 100000.00, 118, b'1', '2020-05-01 06:45:31', '2020-05-01 06:45:31'),
(33, 'KM011', 'White Acne', 17, 80000.00, 49, b'1', '2020-04-29 05:31:34', '2020-04-29 05:31:34'),
(35, 'KM012', 'WP 4', 17, 80000.00, 60, b'1', '2020-04-29 05:32:15', '2020-04-29 05:32:15'),
(36, 'T001', 'Light Essence', 18, 60000.00, 11, b'1', '2020-04-29 05:35:00', '2020-04-29 05:35:00'),
(37, 'T002', 'Sooting Water', 18, 10000.00, 18, b'1', '2020-04-29 05:35:07', '2020-04-29 05:35:07'),
(38, 'T003', 'Toner Acne', 18, 35000.00, 43, b'1', '2020-04-29 05:35:18', '2020-04-29 05:35:18'),
(40, 'T004', 'Toner Green Tea', 18, 40000.00, 142, b'1', '2020-04-30 05:45:36', '2020-04-30 05:45:36'),
(41, 'KT001', 'Biotopix Eyebags', 19, 125000.00, 13, b'1', '2020-04-29 05:36:22', '2020-04-29 05:36:22'),
(42, 'KT002', 'Biotopix Lifting Cream', 19, 125000.00, 5, b'1', '2020-04-29 05:36:25', '2020-04-29 05:36:25'),
(50, 'OB001', 'Asta Plus', 20, 12500.00, 766, b'1', '2020-04-29 05:52:51', '2020-04-29 05:52:51'),
(51, 'OB002', 'Calorease', 20, 8500.00, 50, b'1', '2020-04-29 05:53:10', '2020-04-29 05:53:10'),
(52, 'OB003', 'Cherished Skin', 20, 7500.00, 275, b'1', '2020-04-29 05:53:19', '2020-04-29 05:53:19'),
(53, 'OB004', 'Fair Skin', 20, 8500.00, 150, b'1', '2020-04-29 05:53:38', '2020-04-29 05:53:38'),
(54, 'OB005', 'Isotretinoin', 20, 7500.00, 375, b'1', '2020-04-29 05:53:57', '2020-04-29 05:53:57'),
(55, 'OB006', 'Mazthione', 20, 25000.00, 60, b'1', '2020-04-29 05:54:44', '2020-04-29 05:54:44'),
(56, 'OB007', 'Prove C', 20, 60000.00, 60, b'1', '2020-04-29 05:55:07', '2020-04-29 05:55:07'),
(57, 'OB008', 'Provital Plus', 20, 8500.00, 150, b'1', '2020-04-29 05:55:32', '2020-04-29 05:55:32'),
(58, 'OB009', 'Pure Skin', 20, 7500.00, 67, b'1', '2020-04-29 05:55:40', '2020-04-29 05:55:40'),
(59, 'OB010', 'Sliming Capsule', 20, 7500.00, 285, b'1', '2020-04-29 05:55:54', '2020-04-29 05:55:54'),
(60, 'OB011', 'Glubio', 20, 15000.00, 702, b'1', '2020-04-29 05:58:08', '2020-04-29 05:58:08'),
(64, 'FW001', 'FW Acne Hijau', 21, 40000.00, 54, b'1', '2020-04-29 05:36:56', '2020-04-29 05:36:56'),
(65, 'FW002', 'FW Acne Kuning', 21, 40000.00, 37, b'1', '2020-04-29 05:37:09', '2020-04-29 05:37:09'),
(66, 'FW003', 'FW Brightening', 21, 40000.00, 88, b'1', '2020-04-29 05:37:16', '2020-04-29 05:37:16'),
(67, 'FW004', 'FW NTD', 21, 50000.00, 32, b'1', '2020-04-29 05:37:46', '2020-04-29 05:37:46'),
(68, 'FW005', 'FW NTO', 21, 50000.00, 24, b'1', '2020-04-29 05:37:58', '2020-04-29 05:37:58'),
(69, 'FW006', 'PHA FW Sensitif', 21, 40000.00, 74, b'1', '2020-04-29 05:38:04', '2020-04-29 05:38:04'),
(81, 'SR001', 'Serum Acne Care', 23, 150000.00, 96, b'1', '2020-04-29 05:45:06', '2020-04-29 05:45:06'),
(82, 'SR00000', 'Serum Anti Aging', 23, 150000.00, 10, b'1', '2020-04-29 05:46:25', '2020-04-29 05:46:25'),
(83, 'SR002', 'Serum Chroma Glow', 23, 150000.00, 9, b'1', '2020-04-29 05:47:02', '2020-04-29 05:47:02'),
(84, 'SR003', 'Serum Fruit Acid', 23, 125000.00, 13, b'1', '2020-04-29 05:49:24', '2020-04-29 05:49:24'),
(85, 'SR004', 'Serum Intense Brightening', 23, 125000.00, 0, b'1', '2020-04-29 05:50:34', '2020-04-29 05:50:34'),
(86, 'SR005', 'Serum MDAH', 23, 125000.00, 0, b'1', '2020-04-29 05:50:43', '2020-04-29 05:50:43'),
(87, 'SR006', 'Serum Penta GF', 23, 450000.00, 4, b'1', '2020-04-29 05:50:56', '2020-04-29 05:50:56'),
(88, 'SR007', 'Serum Peptide', 23, 150000.00, 8, b'1', '2020-04-29 05:52:09', '2020-04-29 05:52:09'),
(89, 'SR008', 'Serum Vitamin C', 23, 100000.00, 69, b'1', '2020-04-29 05:52:19', '2020-04-29 05:52:19'),
(99, 'KOS001', 'Active Pressed Powder', 24, 100000.00, 13, b'1', '2020-04-29 06:09:59', '2020-04-29 06:09:59'),
(104, 'KOS002', 'Loose Powder Silky Touch', 24, 100000.00, 25, b'1', '2020-04-29 06:10:44', '2020-04-29 06:10:44'),
(110, 'KOS003', 'Roll On', 24, 75000.00, 0, b'1', '2020-04-29 06:12:18', '2020-04-29 06:12:18'),
(116, 'KOS004', 'Acne Care Foundation', 24, 150000.00, 0, b'1', '2020-04-29 06:12:35', '2020-04-29 06:12:35'),
(120, 'KOS005', 'Premium Shampoo DR METZ', 24, 90000.00, 0, b'1', '2020-04-29 06:12:54', '2020-04-29 06:12:54'),
(138, 'KM013', 'White 2', 17, 80000.00, 78, b'1', '2020-04-29 05:32:44', '2020-04-29 05:32:44'),
(140, 'KS013', 'Sunscreen Brightening', 16, 60000.00, 29, b'1', '2020-04-29 05:20:44', '2020-04-29 05:20:44'),
(141, 'KS014', 'Sunscreen Glow', 16, 70000.00, 59, b'1', '2020-04-29 05:20:59', '2020-04-29 05:20:59'),
(142, 'CL001', 'Cleansing Milk Green Tea', 22, 35000.00, 78, b'1', '2020-04-29 05:35:46', '2020-04-29 05:35:46'),
(143, 'KM014', 'Hybrid', 17, 125000.00, 0, b'1', '2020-04-17 08:47:48', NULL),
(144, 'KM015', 'Hybrid+', 17, 125000.00, 0, b'1', '2020-04-17 10:35:45', '2020-04-17 10:35:45'),
(145, 'KM016', 'Lumen', 17, 125000.00, 0, b'1', '2020-04-17 10:35:48', '2020-04-17 10:35:48'),
(146, 'KM017', 'Pimple 1', 17, 125000.00, 0, b'1', '2020-04-17 10:35:53', '2020-04-17 10:35:53'),
(147, 'KM018', 'Pimple 2', 17, 125000.00, 0, b'1', '2020-04-17 10:35:58', '2020-04-17 10:35:58'),
(148, 'KM019', 'Translucent Night Cream', 17, 125000.00, 122, b'1', '2020-04-29 05:33:50', '2020-04-29 05:33:50'),
(149, 'KS015', 'Premium Sunscreen whitening', 16, 125000.00, 8, b'1', '2020-04-29 05:21:13', '2020-04-29 05:21:13'),
(150, 'KS016', 'Glowing BB cream', 16, 125000.00, 16, b'1', '2020-04-29 05:22:07', NULL),
(151, 'OB012', 'Simzen', 20, 50000.00, 10, b'1', '2020-04-29 05:59:44', NULL),
(152, 'OB013', 'Acne Herb', 20, 175000.00, 2000, b'1', '2020-04-29 06:00:55', NULL),
(153, 'T005', 'Pore Essence', 18, 75000.00, 19, b'1', '2020-04-29 06:02:54', NULL),
(154, 'SR009', 'DNA Salmon', 23, 225000.00, 11, b'1', '2020-04-29 06:04:31', NULL),
(155, 'SR010', 'Serum HPS', 23, 225000.00, 6, b'1', '2020-04-29 06:05:07', NULL),
(156, 'SR011', 'Eye Serum', 23, 225000.00, 9, b'1', '2020-04-29 06:05:55', NULL),
(157, 'SR012', 'Serum Melasma', 23, 100000.00, 0, b'1', '2020-04-29 06:07:03', NULL),
(158, 'KOS006', 'Bio Tonic Shampoo', 24, 125000.00, 3, b'1', '2020-04-29 06:14:43', NULL),
(159, 'KOS007', 'Bio Tonic Toner', 24, 225000.00, 3, b'1', '2020-04-29 06:15:31', NULL),
(160, 'KOS008', 'B Erl Body Serum', 24, 190000.00, 11, b'1', '2020-04-29 06:18:19', NULL),
(161, 'KOS009', 'B Erl Facial Serum', 24, 200000.00, 25, b'1', '2020-04-29 06:20:35', NULL),
(162, 'KOS010', 'B Erl Makeup Remover', 24, 145000.00, 11, b'1', '2020-04-29 06:21:25', NULL),
(163, 'KOS011', 'B Erl Fair & fairness Cream', 24, 225000.00, 12, b'1', '2020-04-29 06:22:19', NULL),
(164, 'KOS012', 'B Erl Lip Matte Cream', 24, 150000.00, 43, b'1', '2020-04-29 06:24:21', NULL),
(165, 'OB014', 'Simfix', 20, 32500.00, 170, b'1', '2020-04-29 06:52:50', NULL),
(166, 'KT005', 'Acne 5G', 19, 100000.00, 0, b'1', '2020-05-02 10:10:56', NULL),
(167, 'SR013', 'Serum dermaplus C+', 23, 125000.00, 0, b'1', '2020-05-02 10:11:55', NULL),
(168, 'OB015', 'Glowing capsule', 20, 17500.00, 0, b'1', '2020-05-02 10:14:07', NULL),
(169, 'FW007', 'Alfacid scrub', 21, 75000.00, 0, b'1', '2020-05-02 10:15:29', NULL),
(170, 'KM020', 'Radiance Whitening +', 17, 100000.00, 0, b'1', '2020-05-02 10:16:45', NULL);

-- --------------------------------------------------------

--
-- Table structure for table `product_categories`
--

CREATE TABLE `product_categories` (
  `id` int(11) NOT NULL,
  `name` varchar(128) NOT NULL,
  `is_active` bit(1) DEFAULT b'1',
  `parent_id` int(11) DEFAULT NULL,
  `left` int(10) UNSIGNED ZEROFILL DEFAULT NULL,
  `right` int(10) UNSIGNED ZEROFILL DEFAULT NULL,
  `created_at` timestamp NOT NULL DEFAULT current_timestamp() ON UPDATE current_timestamp(),
  `updated_at` timestamp NULL DEFAULT NULL,
  `deleted_at` timestamp NULL DEFAULT NULL
) ENGINE=InnoDB DEFAULT CHARSET=latin1 ROW_FORMAT=DYNAMIC;

--
-- Dumping data for table `product_categories`
--

INSERT INTO `product_categories` (`id`, `name`, `is_active`, `parent_id`, `left`, `right`, `created_at`, `updated_at`, `deleted_at`) VALUES
(16, 'Krim Siang', b'1', NULL, 0000000005, 0000000006, '2020-04-17 11:31:46', '2020-04-17 11:31:46', NULL),
(17, 'Krim Malam', b'1', NULL, 0000000007, 0000000008, '2019-03-28 02:32:07', NULL, NULL),
(18, 'Toner', b'1', NULL, 0000000009, 0000000010, '2019-03-28 02:32:15', NULL, NULL),
(19, 'Krim Tambahan', b'1', NULL, 0000000011, 0000000012, '2019-03-28 02:32:25', NULL, NULL),
(20, 'Obat', b'1', NULL, 0000000013, 0000000014, '2019-03-28 02:32:38', NULL, NULL),
(21, 'Facial Wash', b'1', NULL, 0000000015, 0000000016, '2020-04-17 11:20:25', '2020-04-17 11:20:25', NULL),
(22, 'Cleansing', b'1', NULL, 0000000017, 0000000018, '2019-03-28 02:32:57', NULL, NULL),
(23, 'Serum', b'1', NULL, 0000000019, 0000000020, '2019-03-28 02:33:03', NULL, NULL),
(24, 'Kosmetik', b'1', NULL, 0000000021, 0000000022, '2019-03-28 02:33:10', NULL, NULL),
(25, 'Lain-lain', b'1', NULL, 0000000023, 0000000024, '2019-03-28 02:33:21', NULL, NULL);

-- --------------------------------------------------------

--
-- Table structure for table `product_packages`
--

CREATE TABLE `product_packages` (
  `id` int(11) NOT NULL,
  `name` varchar(100) NOT NULL,
  `description` varchar(191) DEFAULT NULL,
  `discount` tinyblob DEFAULT NULL,
  `is_active` bit(1) NOT NULL DEFAULT b'1',
  `created_at` datetime NOT NULL,
  `updated_at` datetime DEFAULT NULL
) ENGINE=InnoDB DEFAULT CHARSET=latin1 ROW_FORMAT=DYNAMIC;

--
-- Dumping data for table `product_packages`
--

INSERT INTO `product_packages` (`id`, `name`, `description`, `discount`, `is_active`, `created_at`, `updated_at`) VALUES
(1, 'Paket Glowin', 'paket whitening premium', 0x3130, b'1', '2019-06-29 20:47:05', '2020-02-07 21:54:22');

-- --------------------------------------------------------

--
-- Table structure for table `product_package_details`
--

CREATE TABLE `product_package_details` (
  `id` int(11) NOT NULL,
  `product_package_id` int(11) NOT NULL,
  `product_id` int(11) NOT NULL,
  `qty` tinyint(4) NOT NULL,
  `created_at` timestamp NOT NULL DEFAULT current_timestamp() ON UPDATE current_timestamp(),
  `updated_at` timestamp NULL DEFAULT NULL
) ENGINE=InnoDB DEFAULT CHARSET=latin1 ROW_FORMAT=DYNAMIC;

--
-- Dumping data for table `product_package_details`
--

INSERT INTO `product_package_details` (`id`, `product_package_id`, `product_id`, `qty`, `created_at`, `updated_at`) VALUES
(3, 1, 9, 1, '2020-02-07 14:54:22', NULL),
(4, 1, 30, 1, '2020-02-07 14:54:22', NULL),
(5, 1, 83, 1, '2020-02-07 14:54:22', NULL),
(6, 1, 66, 1, '2020-02-07 14:54:22', NULL),
(7, 1, 16, 1, '2020-02-07 14:54:22', NULL),
(8, 1, 38, 1, '2020-02-07 14:54:22', NULL);

-- --------------------------------------------------------

--
-- Table structure for table `roles`
--

CREATE TABLE `roles` (
  `id` int(10) UNSIGNED NOT NULL,
  `name` varchar(100) COLLATE utf8mb4_unicode_ci NOT NULL,
  `title` varchar(194) COLLATE utf8mb4_unicode_ci DEFAULT NULL,
  `level` int(10) UNSIGNED DEFAULT NULL,
  `scope` int(11) DEFAULT NULL,
  `created_at` timestamp NULL DEFAULT NULL,
  `updated_at` timestamp NULL DEFAULT NULL
) ENGINE=InnoDB DEFAULT CHARSET=utf8mb4 COLLATE=utf8mb4_unicode_ci ROW_FORMAT=DYNAMIC;

--
-- Dumping data for table `roles`
--

INSERT INTO `roles` (`id`, `name`, `title`, `level`, `scope`, `created_at`, `updated_at`) VALUES
(1, 'administrator', 'Administrator', NULL, NULL, '2019-03-03 16:32:19', NULL),
(2, 'user', 'User', NULL, NULL, '2019-03-03 16:41:35', NULL),
(4, 'kasir', 'Staff', NULL, NULL, '2019-03-04 05:11:18', '2019-03-20 03:48:49'),
(5, 'dokter', 'Kepala sekolah', NULL, NULL, '2019-03-04 07:42:49', '2019-03-20 03:48:39'),
(6, 'superadmin', 'Superadmin', NULL, NULL, '2019-03-17 09:21:01', '2019-03-17 09:21:01'),
(7, 'terapis', 'Terapis', NULL, NULL, '2019-03-20 04:01:49', '2019-03-20 04:01:49');

-- --------------------------------------------------------

--
-- Table structure for table `rooms`
--

CREATE TABLE `rooms` (
  `id` int(11) NOT NULL,
  `name` varchar(64) NOT NULL,
  `room_group_id` int(11) NOT NULL,
  `created_at` timestamp NOT NULL DEFAULT '0000-00-00 00:00:00' ON UPDATE current_timestamp(),
  `updated_at` timestamp NULL DEFAULT NULL ON UPDATE current_timestamp()
) ENGINE=InnoDB DEFAULT CHARSET=latin1 ROW_FORMAT=DYNAMIC;

--
-- Dumping data for table `rooms`
--

INSERT INTO `rooms` (`id`, `name`, `room_group_id`, `created_at`, `updated_at`) VALUES
(1, 'Ruang Facial 1', 1, '2019-08-09 02:57:06', '2019-08-09 02:57:06'),
(3, 'Ruang Facial 2', 1, '2019-08-09 02:57:17', '2019-08-09 02:57:17'),
(4, 'Ruang Dokter 1', 2, '2019-08-09 03:57:20', '2019-08-09 03:57:20'),
(5, 'Ruang SPA', 1, '2019-08-09 02:57:36', '2019-08-09 02:57:36'),
(6, 'Ruang Dokter 2', 4, '2019-08-09 03:57:29', '2019-08-09 03:57:29'),
(7, 'Ruang Laser 1', 5, '2019-08-09 02:57:23', '2019-08-09 02:57:23'),
(8, 'Ruang Laser 2', 5, '2019-08-09 02:57:29', '2019-08-09 02:57:29');

-- --------------------------------------------------------

--
-- Table structure for table `room_groups`
--

CREATE TABLE `room_groups` (
  `id` int(11) NOT NULL,
  `name` varchar(64) NOT NULL,
  `description` varchar(128) DEFAULT NULL,
  `floor_id` tinyint(4) NOT NULL,
  `type` enum('APPOINTMENT','TREATMENT','BILLING') NOT NULL,
  `created_at` timestamp NOT NULL DEFAULT current_timestamp() ON UPDATE current_timestamp(),
  `updated_at` timestamp NULL DEFAULT NULL ON UPDATE current_timestamp()
) ENGINE=InnoDB DEFAULT CHARSET=latin1 ROW_FORMAT=DYNAMIC;

--
-- Dumping data for table `room_groups`
--

INSERT INTO `room_groups` (`id`, `name`, `description`, `floor_id`, `type`, `created_at`, `updated_at`) VALUES
(1, 'Treatment', 'Ruangan Treatment', 4, 'TREATMENT', '2019-10-15 10:03:37', '2019-10-15 10:03:37'),
(2, 'Konsultasi', 'Konsultasi Dokter', 4, 'APPOINTMENT', '2019-08-08 07:34:08', '2019-08-08 07:34:08'),
(3, 'Kasir', 'Purchasing', 4, 'BILLING', '2019-10-15 10:03:43', '2019-10-15 10:03:43'),
(4, 'Konsultasi', 'Konsultasi Dokter', 5, 'APPOINTMENT', '2019-08-08 07:34:58', '2019-08-08 07:34:58'),
(5, 'Treatment', 'Ruangan Treatment', 5, 'TREATMENT', '2019-10-15 10:03:48', '2019-10-15 10:03:48');

-- --------------------------------------------------------

--
-- Table structure for table `room_types`
--

CREATE TABLE `room_types` (
  `id` int(11) NOT NULL,
  `name` varchar(100) NOT NULL,
  `created_at` datetime NOT NULL,
  `updated_at` datetime DEFAULT NULL
) ENGINE=InnoDB DEFAULT CHARSET=latin1 ROW_FORMAT=DYNAMIC;

--
-- Dumping data for table `room_types`
--

INSERT INTO `room_types` (`id`, `name`, `created_at`, `updated_at`) VALUES
(1, 'Kasur', '2019-03-22 16:11:52', NULL),
(2, 'Ruangan', '2019-03-22 16:12:11', NULL),
(3, 'Area Kasir', '2019-03-22 16:12:50', NULL);

-- --------------------------------------------------------

--
-- Table structure for table `services`
--

CREATE TABLE `services` (
  `id` int(11) NOT NULL,
  `code` char(12) NOT NULL,
  `name` varchar(128) NOT NULL,
  `category_id` tinyint(4) NOT NULL,
  `price` float(10,2) DEFAULT NULL,
  `is_active` bit(1) DEFAULT b'1',
  `created_at` timestamp NULL DEFAULT NULL,
  `updated_at` timestamp NULL DEFAULT NULL
) ENGINE=InnoDB DEFAULT CHARSET=latin1 ROW_FORMAT=DYNAMIC;

--
-- Dumping data for table `services`
--

INSERT INTO `services` (`id`, `code`, `name`, `category_id`, `price`, `is_active`, `created_at`, `updated_at`) VALUES
(1, 'TR-001', 'Akupuntur Estetika', 7, 75000.00, b'1', NULL, '2020-04-28 04:05:44'),
(2, 'TR-002', 'Paket Akupuntur Sliming', 7, 800000.00, b'1', NULL, '2020-04-15 09:45:06'),
(3, 'TR-003', 'Akupuntur Sliming', 7, 100000.00, b'1', NULL, '2020-04-28 04:06:38'),
(4, 'TR-004', 'Paket Akupuntur Wajah', 7, 600000.00, b'1', NULL, NULL),
(5, 'TR-005', 'Baby Glowing (Fraktional)', 9, 1000000.00, b'1', NULL, NULL),
(6, 'TR-006', 'Paket Baby Glowing (Fraktional)', 9, 2000000.00, b'1', NULL, NULL),
(7, 'TR-007', 'Bleaching', 10, 150000.00, b'1', NULL, NULL),
(8, 'TR-008', 'Paket Bleaching', 10, 500000.00, b'1', NULL, NULL),
(9, 'TR-009', 'Body Peeling Seluruh Badan', 2, 500000.00, b'1', NULL, NULL),
(10, 'TR-010', 'Body Peeling Tangan', 2, 150000.00, b'1', NULL, NULL),
(11, 'TR-011', 'Body Peeling Kaki', 2, 200000.00, b'1', NULL, NULL),
(12, 'TR-012', 'Body Peeling Kaki & Tangan', 2, 300000.00, b'1', NULL, NULL),
(13, 'TR-013', 'Botox', 11, 2500000.00, b'1', NULL, NULL),
(14, 'TR-014', 'Cauter (Rendah)', 12, 100000.00, b'1', NULL, '2020-04-17 11:58:55'),
(15, 'TR-015', 'Cauter (Sedang)', 12, 300000.00, b'1', NULL, '2020-04-17 11:58:40'),
(16, 'TR-016', 'Cauter (Tinggi)', 12, 500000.00, b'1', NULL, NULL),
(17, 'TR-017', 'Paket Derma Roller', 8, 850000.00, b'1', NULL, NULL),
(18, 'TR-018', 'Derma Roller + PRP', 8, 950000.00, b'1', NULL, NULL),
(19, 'TR-019', 'Derma Roller + PRP/ Growth Vector', 8, 2000000.00, b'1', NULL, NULL),
(20, 'TR-020', 'Facial Galvanic', 1, 175000.00, b'1', NULL, NULL),
(21, 'TR-021', 'Facial Korean Oxy Glow', 1, 500000.00, b'1', NULL, NULL),
(22, 'TR-022', 'Facial Lumispa', 1, 150000.00, b'1', NULL, NULL),
(23, 'TR-023', 'Facial Premium', 1, 100000.00, b'1', NULL, NULL),
(24, 'TR-024', 'Facial Singapore', 1, 350000.00, b'1', NULL, NULL),
(25, 'TR-025', 'Filler', 14, 3500000.00, b'1', NULL, NULL),
(26, 'TR-026', 'Galva + Lumi', 14, 275000.00, b'1', NULL, NULL),
(27, 'TR-027', 'Glass Skin', 14, 1500000.00, b'1', NULL, NULL),
(28, 'TR-028', 'Hifu', 13, 750000.00, b'1', NULL, NULL),
(29, 'TR-029', 'Paket Hifu', 13, 1500000.00, b'1', NULL, NULL),
(30, 'TR-030', 'Infus Vit. C', 3, 350000.00, b'1', NULL, NULL),
(31, 'TR-031', 'Paket Infus Vit. C', 3, 1250000.00, b'1', NULL, NULL),
(32, 'TR-032', 'Infus Vit. C + Gluthatione', 3, 450000.00, b'1', NULL, NULL),
(33, 'TR-033', 'Paket Infus Vit. C + Gluthatione', 3, 1500000.00, b'1', NULL, NULL),
(34, 'TR-034', 'Infus Super Whitening', 3, 550000.00, b'1', NULL, NULL),
(35, 'TR-035', 'Paket Infus Super Whitening', 3, 1900000.00, b'1', NULL, NULL),
(36, 'TR-036', 'Infus Super Anti Oksidant', 3, 750000.00, b'1', NULL, NULL),
(37, 'TR-037', 'Paket Infus Super Anti Oksidant', 3, 2700000.00, b'1', NULL, NULL),
(38, 'TR-038', 'Paket Infus Whitening+', 3, 3500000.00, b'1', NULL, NULL),
(39, 'TR-039', 'Paket Infus CHP', 3, 4500000.00, b'1', NULL, NULL),
(40, 'TR-040', 'IPL Wajah', 14, 500000.00, b'1', NULL, NULL),
(41, 'TR-041', 'Paket IPL Ketiak', 14, 1500000.00, b'1', NULL, NULL),
(42, 'TR-042', 'Laser Flek', 4, 750000.00, b'1', NULL, NULL),
(43, 'TR-043', 'Paket Laser Flek', 4, 2000000.00, b'1', NULL, NULL),
(44, 'TR-044', 'Laser Tatoo', 4, 750000.00, b'1', NULL, NULL),
(45, 'TR-045', 'Paket Laser Tatoo', 4, 2000000.00, b'1', NULL, NULL),
(46, 'TR-046', 'Laser Bopeng', 4, 750000.00, b'1', NULL, NULL),
(48, 'TR-047', 'Paket Laser Bopeng', 4, 2000000.00, b'1', '2019-12-20 03:44:21', NULL),
(49, 'TR-048', 'Laser Glowing', 6, 750000.00, b'1', '2019-12-27 08:35:19', NULL),
(50, 'TR-049', 'Paket Laser Glowing', 4, 2000000.00, b'1', '2019-12-27 08:36:03', NULL),
(51, 'TR-050', 'Laser Jerawat', 4, 750000.00, b'1', '2019-12-27 08:36:23', NULL),
(52, 'TR-051', 'Paket Laser Jerawat', 4, 2000000.00, b'1', '2019-12-27 08:36:55', NULL),
(53, 'TR-052', 'Laser Korean Oxy Glow', 4, 1200000.00, b'1', '2019-12-27 08:37:12', NULL),
(54, 'TR-053', 'Paket Laser Korean Oxy Glow', 4, 3000000.00, b'1', '2019-12-27 08:37:54', NULL),
(55, 'TR-054', 'Oxy Spray', 14, 250000.00, b'1', '2019-12-28 05:06:14', '2020-04-28 04:10:58'),
(56, 'TR-055', 'Peeling', 2, 0.00, b'1', '2019-12-28 05:06:52', '2020-04-28 04:10:21'),
(57, 'TR-056', 'Peeling (Premium)', 2, 175000.00, b'1', '2019-12-28 05:07:26', NULL),
(58, 'TR-057', 'Peeling Super Whitening', 2, 250000.00, b'1', '2019-12-28 09:34:00', NULL),
(59, 'TR-058', 'Plasma', 14, 1500000.00, b'1', '2019-12-28 09:34:38', NULL),
(60, 'TR-059', 'Sliming Master', 14, 300000.00, b'1', '2019-12-28 09:35:08', NULL),
(61, 'TR-034', 'Paket Sliming Master', 14, 2000000.00, b'1', NULL, NULL),
(62, 'TR-035', 'Suntik Gluthatione', 6, 300000.00, b'1', NULL, NULL),
(63, 'TR-036', 'Paket Suntik Gluthatione', 6, 1000000.00, b'1', NULL, NULL),
(64, 'TR-037', 'Suntik Vit. C', 6, 125000.00, b'1', NULL, NULL),
(65, 'TR-038', 'Paket Suntik Vit. C', 6, 1000000.00, b'1', NULL, NULL),
(66, 'TR-039', 'Suntik Mesotherapy (Rendah)', 6, 300000.00, b'1', NULL, NULL),
(67, 'TR-040', 'Paket Suntik Mesotherapy (Rendah)', 6, 1500000.00, b'1', NULL, NULL),
(68, 'TR-041', 'Suntik Mesotherapy (Sedang)', 6, 500000.00, b'1', NULL, NULL),
(69, 'TR-042', 'Paket Suntik Mesotherapy (Sedang)', 6, 2000000.00, b'1', NULL, NULL),
(70, 'TR-043', 'Suntik Mesotherapy (Tinggi)', 6, 700000.00, b'1', NULL, NULL),
(71, 'TR-044', 'Paket Suntik Mesotherapy (Tinggi)', 6, 2000000.00, b'1', NULL, NULL),
(72, 'TR-045', 'Tambahan Serum', 14, 50000.00, b'1', NULL, NULL),
(73, 'TR-046', 'Tanam Benang', 14, 3000000.00, b'1', NULL, NULL),
(74, 'TR-047', 'Tanam Benang + Filler', 14, 4500000.00, b'1', '2019-12-20 03:44:21', NULL),
(75, 'TR-048', 'Terapi Sinar PDT', 14, 50000.00, b'1', '2019-12-27 08:35:19', '2020-04-28 04:13:59'),
(87, 'N001', 'konsultasi', 14, 20000.00, b'1', '2020-04-25 04:25:18', NULL),
(88, 'TR-049', 'infus imun booster', 3, 150000.00, b'1', '2020-04-29 05:12:13', NULL),
(89, 'TR-054', 'Laser Black doll', 4, 500000.00, b'1', '2020-05-02 10:17:59', NULL);

-- --------------------------------------------------------

--
-- Table structure for table `service_categories`
--

CREATE TABLE `service_categories` (
  `id` tinyint(4) NOT NULL,
  `name` varchar(100) NOT NULL,
  `is_active` bit(1) DEFAULT b'1',
  `created_at` datetime NOT NULL,
  `updated_at` datetime DEFAULT NULL
) ENGINE=InnoDB DEFAULT CHARSET=latin1 ROW_FORMAT=DYNAMIC;

--
-- Dumping data for table `service_categories`
--

INSERT INTO `service_categories` (`id`, `name`, `is_active`, `created_at`, `updated_at`) VALUES
(1, 'Facials', b'0', '2019-04-12 16:13:31', '2019-04-13 16:50:22'),
(2, 'Peeling', NULL, '2019-04-12 16:14:01', NULL),
(3, 'Infus', b'0', '2019-04-12 16:14:33', '2020-04-17 19:26:44'),
(4, 'Laser', b'1', '2019-04-13 16:33:37', NULL),
(6, 'Suntik', b'1', '2019-04-13 19:08:55', '2020-04-17 19:48:37'),
(7, 'Akupuntur', b'1', '2019-04-13 19:39:00', NULL),
(8, 'Derma', b'1', '2019-12-28 16:33:25', '2020-04-17 19:10:47'),
(9, 'Baby Glowing', b'1', '2020-04-17 19:04:22', NULL),
(10, 'Bleaching', b'1', '2020-04-17 19:06:36', NULL),
(11, 'Botox', b'1', '2020-04-17 19:08:36', NULL),
(12, 'Cauter', b'1', '2020-04-17 19:09:12', NULL),
(13, 'Hifu', b'1', '2020-04-17 19:46:38', NULL),
(14, 'Non Kategori', b'1', '2020-04-17 19:46:54', NULL);

-- --------------------------------------------------------

--
-- Table structure for table `staff`
--

CREATE TABLE `staff` (
  `id` int(11) NOT NULL,
  `employee_id` varchar(100) NOT NULL,
  `department_id` tinyint(4) DEFAULT NULL,
  `designation_id` tinyint(4) DEFAULT NULL,
  `phone_number` varchar(100) DEFAULT NULL,
  `religion_id` tinyint(4) DEFAULT NULL,
  `blood_id` tinyint(4) DEFAULT NULL,
  `address` text DEFAULT NULL,
  `place_of_birth` varchar(100) DEFAULT NULL,
  `date_of_birth` date DEFAULT NULL,
  `marital_status` tinyint(4) DEFAULT NULL,
  `date_of_joining` date DEFAULT NULL,
  `date_of_leaving` date DEFAULT NULL,
  `gender` varchar(10) DEFAULT NULL,
  `note` varchar(200) DEFAULT NULL,
  `user_id` bigint(20) UNSIGNED NOT NULL,
  `created_at` datetime NOT NULL,
  `updated_at` datetime DEFAULT NULL,
  `deleted_at` datetime DEFAULT NULL
) ENGINE=InnoDB DEFAULT CHARSET=latin1 ROW_FORMAT=DYNAMIC;

--
-- Dumping data for table `staff`
--

INSERT INTO `staff` (`id`, `employee_id`, `department_id`, `designation_id`, `phone_number`, `religion_id`, `blood_id`, `address`, `place_of_birth`, `date_of_birth`, `marital_status`, `date_of_joining`, `date_of_leaving`, `gender`, `note`, `user_id`, `created_at`, `updated_at`, `deleted_at`) VALUES
(2, '100001', 2, 4, '0818626991', 1, 1, 'Jl Sukamenak', 'Bandung', '1995-06-15', 1, '2019-03-20', NULL, 'F', 'Siap', 19, '2019-03-20 15:21:38', '2019-12-20 16:04:19', NULL),
(3, '100002', 2, 3, '089979101', 1, 1, 'Cibaduyut', 'Bandung', '1989-04-15', 1, '2019-03-20', NULL, 'M', 'Okey', 8, '2019-03-20 16:16:07', NULL, NULL),
(4, '100003', 2, 2, '0865781981', 1, 2, 'Sukamenak', 'Bandung', '1990-05-10', 2, '2019-03-18', NULL, 'F', 'Betul aja', 7, '2019-03-20 20:03:27', NULL, NULL),
(5, 'TER0001', 3, 4, '0823109529', 1, 4, 'Bhayangkara', 'Sukabumi', '2019-09-04', 2, '2019-09-03', NULL, 'F', 'SPV Terapis', 25, '2019-09-21 14:01:56', '2019-12-20 16:03:53', NULL),
(6, '0006', 3, 4, '08172172172', 1, 1, 'sukabumi', 'sukabumi', '2018-05-01', 1, '2019-12-19', NULL, 'F', NULL, 28, '2019-12-20 16:06:03', NULL, NULL),
(7, '0456', 2, 2, '085659517179', 1, 1, 'bhayangkara', 'sukabumi', '1987-02-19', 2, '2012-02-25', NULL, 'M', NULL, 29, '2019-12-28 16:20:05', '2020-01-19 18:04:18', NULL),
(8, '067889', 3, 4, '08654351617', 1, 1, 'bhayangkara', 'sukabumi', '2019-07-02', 1, '2019-12-03', NULL, 'F', NULL, 30, '2019-12-28 16:21:16', NULL, NULL);

-- --------------------------------------------------------

--
-- Table structure for table `staff_designations`
--

CREATE TABLE `staff_designations` (
  `id` tinyint(4) NOT NULL,
  `name` varchar(100) NOT NULL,
  `description` varchar(191) NOT NULL,
  `created_at` datetime NOT NULL DEFAULT '0000-00-00 00:00:00' ON UPDATE current_timestamp(),
  `updated_at` datetime DEFAULT NULL ON UPDATE current_timestamp()
) ENGINE=InnoDB DEFAULT CHARSET=latin1 ROW_FORMAT=DYNAMIC;

--
-- Dumping data for table `staff_designations`
--

INSERT INTO `staff_designations` (`id`, `name`, `description`, `created_at`, `updated_at`) VALUES
(1, 'IT Admin', '', '2019-03-20 11:00:33', NULL),
(2, 'Dokter', '', '2019-03-20 11:00:51', NULL),
(3, 'Kasir', '', '2019-03-20 11:01:18', NULL),
(4, 'Terapis', '', '2019-03-20 11:01:24', NULL),
(5, 'owner', 'owner', '2019-12-20 10:45:44', NULL);

-- --------------------------------------------------------

--
-- Table structure for table `treatments`
--

CREATE TABLE `treatments` (
  `id` int(11) NOT NULL,
  `patient_id` int(11) NOT NULL,
  `appointment_id` int(11) DEFAULT NULL,
  `treatment_no` varchar(100) DEFAULT NULL,
  `seq` tinyint(4) DEFAULT NULL,
  `date` datetime NOT NULL,
  `room_id` int(11) DEFAULT NULL,
  `staff_id` int(11) DEFAULT NULL,
  `notes` text DEFAULT NULL,
  `status_id` tinyint(1) NOT NULL,
  `service_id` int(11) DEFAULT NULL,
  `service_notes` varchar(194) DEFAULT NULL,
  `created_at` datetime NOT NULL,
  `updated_at` datetime DEFAULT NULL,
  `created_by` int(11) DEFAULT NULL,
  `updated_by` int(11) DEFAULT NULL
) ENGINE=InnoDB DEFAULT CHARSET=latin1 ROW_FORMAT=DYNAMIC;

--
-- Dumping data for table `treatments`
--

INSERT INTO `treatments` (`id`, `patient_id`, `appointment_id`, `treatment_no`, `seq`, `date`, `room_id`, `staff_id`, `notes`, `status_id`, `service_id`, `service_notes`, `created_at`, `updated_at`, `created_by`, `updated_by`) VALUES
(2, 26, 0, 'TR2', NULL, '2019-04-14 18:43:00', 3, 2, 'Pasien belum cuci muka', 1, NULL, NULL, '2019-04-14 18:43:00', NULL, NULL, NULL),
(3, 25, 0, 'TR3', NULL, '2019-04-14 18:44:56', 1, 2, 'Test', 1, NULL, NULL, '2019-04-14 18:44:56', NULL, NULL, NULL),
(4, 28, 0, 'TR4', NULL, '2019-04-15 14:41:17', 1, 2, 'Test', 1, NULL, NULL, '2019-04-15 14:41:17', NULL, NULL, NULL),
(5, 28, 0, 'TR5', NULL, '2019-04-28 18:10:06', 3, 2, 'Paket disesuaikan', 4, 5, 'Test', '2019-04-26 14:18:16', '2019-04-28 18:10:06', NULL, NULL),
(6, 28, 0, 'TR6', NULL, '2019-05-17 11:15:55', 3, 2, 'Paket Dermaroller', 4, 2, 'OK', '2019-04-26 16:54:58', '2019-05-17 11:15:55', NULL, NULL),
(7, 1, 0, 'TR7', NULL, '2019-05-17 11:11:39', 1, 2, 'Test', 1, NULL, NULL, '2019-05-17 11:11:39', NULL, NULL, NULL),
(8, 27, 0, 'TR8', 1, '2019-05-27 11:53:35', 1, 2, 'Test', 1, NULL, NULL, '2019-05-27 11:53:35', NULL, NULL, NULL),
(9, 29, 0, 'TR9', 1, '2019-06-13 22:19:54', 3, 2, 'treatment', 4, 1, 'iok', '2019-06-13 22:11:05', '2019-06-13 22:19:54', NULL, NULL),
(10, 31, 0, 'TR10', 1, '2019-06-26 16:08:03', 3, 2, 'Okey', 1, NULL, NULL, '2019-06-26 16:08:03', NULL, NULL, NULL),
(11, 31, 0, 'TR11', 2, '2019-06-26 16:17:39', 3, 2, 'tS', 1, NULL, NULL, '2019-06-26 16:17:39', NULL, NULL, NULL),
(12, 35, 0, 'TR12', 1, '2019-07-18 09:52:50', 1, 2, 'Prem Acne + Serum (BILA)', 4, 5, 'Dengan Serum', '2019-07-18 09:36:31', '2019-07-18 09:52:50', NULL, NULL),
(13, 27, 0, 'TR13', 2, '2019-07-18 09:52:07', 1, 2, 'Prem Acne + Serum (RIDA)', 4, 5, 'Dengan Serum', '2019-07-18 09:37:07', '2019-07-18 09:52:07', NULL, NULL),
(14, 37, 0, 'TR14', 3, '2019-07-18 10:19:21', 1, 2, 'Cauter (MELA)', 4, 1, 'cauter', '2019-07-18 10:18:20', '2019-07-18 10:19:21', NULL, NULL),
(15, 38, 0, 'TR15', 4, '2019-07-18 10:48:19', 1, 2, 'Facial Prem Acne + Serum', 4, 5, 'Prem + Serum acne', '2019-07-18 10:47:50', '2019-07-18 10:48:19', NULL, NULL),
(16, 40, 0, 'TR16', 5, '2019-07-18 12:07:01', 1, 2, 'Facial Prem Acne ( Bu Eka)', 4, 5, 'Facial Prem Acne', '2019-07-18 11:25:47', '2019-07-18 12:07:01', NULL, NULL),
(17, 41, 0, 'TR17', 6, '2019-07-18 12:07:22', 1, 2, 'Laser Flek (Bila)', 4, 47, 'Laser Flek', '2019-07-18 11:38:50', '2019-07-18 12:07:22', NULL, NULL),
(18, 39, 0, 'TR18', 7, '2019-07-18 12:07:52', 1, 2, 'Peeling Giga Whitepeel + Melanopeel (Tya)', 4, 10, 'Peeling Giga Whitepeel + Melanopeel', '2019-07-18 12:06:33', '2019-07-18 12:07:52', NULL, NULL),
(19, 42, 0, 'TR19', 8, '2019-07-18 12:14:54', 1, 2, 'Peeling Poly SA +4G (Mela)', 4, 10, 'Pelling Poly SA + 4G', '2019-07-18 12:14:17', '2019-07-18 12:14:54', NULL, NULL),
(20, 43, 0, 'TR20', 9, '2019-07-18 12:15:11', 1, 2, 'Oxy Spray + Masker Sensitif (Rida)', 4, 5, 'Oxy Spray', '2019-07-18 12:14:25', '2019-07-18 12:15:11', NULL, NULL),
(21, 46, 0, 'TR21', 10, '2019-07-18 13:18:00', 1, 2, 'Akupuntur', 4, 14, 'Akp (bu eka)', '2019-07-18 13:17:34', '2019-07-18 13:18:00', NULL, NULL),
(22, 45, 0, 'TR22', 11, '2019-07-18 15:00:58', 1, 2, 'prem vit c + laser glow', 4, 5, 'premium vit c + laser low', '2019-07-18 14:11:42', '2019-07-18 15:00:58', NULL, NULL),
(23, 43, 0, 'TR23', 12, '2019-07-18 14:58:33', 1, 2, 'oxy spray + masker sensitif', 4, 5, 'oxy spray', '2019-07-18 14:57:30', '2019-07-18 14:58:33', NULL, NULL),
(24, 45, 0, 'TR24', 13, '2019-07-18 15:00:06', NULL, 2, 'konsul', 4, 5, 'premium vit c dan laser glow', '2019-07-18 14:59:42', '2019-07-18 15:00:06', NULL, NULL),
(25, 48, 0, 'TR25', 14, '2019-07-18 15:11:01', 1, 2, 'facial', 4, 5, 'black peel', '2019-07-18 15:10:45', '2019-07-18 15:11:01', NULL, NULL),
(26, 55, 0, 'TR26', 15, '2019-07-18 15:19:07', 1, 2, 'facial', 4, 5, 'oxy spray', '2019-07-18 15:18:53', '2019-07-18 15:19:07', NULL, NULL),
(27, 53, 0, 'TR27', 16, '2019-07-18 15:36:36', 1, 2, 'premium vit c+serum vit c', 4, 5, 'premium vit c + serum vit c', '2019-07-18 15:36:15', '2019-07-18 15:36:36', NULL, NULL),
(28, 54, 0, 'TR28', 17, '2019-07-18 15:39:08', 1, 2, 'facial premium vit c+serum vit c+sinar merah', 4, 5, 'premium vit c+serum vit c+sinar merah', '2019-07-18 15:38:48', '2019-07-18 15:39:08', NULL, NULL),
(29, 58, 0, 'TR29', 18, '2019-07-18 15:46:41', 1, 2, 'premium vit c', 4, 5, 'prewmium vit c', '2019-07-18 15:46:29', '2019-07-18 15:46:41', NULL, NULL),
(30, 61, 0, 'TR30', 19, '2019-07-18 16:00:47', 1, 2, 'akupuntur', 4, 5, 'akupuntur', '2019-07-18 16:00:33', '2019-07-18 16:00:47', NULL, NULL),
(31, 57, 0, 'TR31', 20, '2019-07-18 18:08:19', 1, 2, 'facial premium vit c+serum vit c', 4, 5, 'premium vit c+serum', '2019-07-18 18:03:29', '2019-07-18 18:08:19', NULL, NULL),
(32, 59, 0, 'TR32', 21, '2019-07-18 18:09:31', 1, 2, 'prem acne+akp jerawat', 4, 5, 'premium acne+akp jerawat', '2019-07-18 18:04:18', '2019-07-18 18:09:31', NULL, NULL),
(33, 56, 0, 'TR33', 22, '2019-07-18 18:10:01', 1, 2, 'Premium vit c+laser glow', 4, 5, 'premium vit c+laser glowing', '2019-07-18 18:05:25', '2019-07-18 18:10:01', NULL, NULL),
(34, 58, 0, 'TR34', 23, '2019-07-18 18:10:21', 1, 2, 'premium vit c', 4, 5, 'premium vit c', '2019-07-18 18:06:08', '2019-07-18 18:10:21', NULL, NULL),
(35, 47, 0, 'TR35', 24, '2019-07-18 18:10:49', 1, 2, 'premium vit c+serum vit c+baby glowing', 4, 5, 'premium vit c+serum vit c+laser baby glowing', '2019-07-18 18:07:49', '2019-07-18 18:10:49', NULL, NULL),
(36, 63, 0, 'TR36', 25, '2019-07-18 18:15:09', 1, 2, 'Akp+sinar+laser jerawat', 4, 5, 'laser jerawat', '2019-07-18 18:14:34', '2019-07-18 18:15:09', NULL, NULL),
(37, 49, 0, 'TR37', 26, '2019-07-18 18:17:26', 1, 2, 'premium acne+serum vit c+akp', 4, 5, 'premium acne + serum vit c+akp', '2019-07-18 18:16:52', '2019-07-18 18:17:26', NULL, NULL),
(38, 67, 0, 'TR38', 1, '2019-07-19 13:00:49', 1, 2, 'Galvanic + Lumispa', 4, 7, 'Galvanic Lumispa', '2019-07-19 13:00:37', '2019-07-19 13:00:49', NULL, NULL),
(39, 66, 0, 'TR39', 2, '2019-07-19 13:01:45', 1, 2, 'Galvanic Lumispa', 4, 7, 'galvanic lumispa', '2019-07-19 13:01:20', '2019-07-19 13:01:45', NULL, NULL),
(40, 27, 0, 'TR40', 1, '2019-07-21 16:38:00', 3, 2, 'ok', 1, NULL, NULL, '2019-07-21 16:38:00', NULL, NULL, NULL),
(41, 86, 0, 'TR41', 1, '2019-07-22 10:17:10', 3, 2, 'Laser flek (rida)', 4, NULL, 'Tambahan Facial Prem Sensitif + Serum Vit C', '2019-07-22 10:02:34', '2019-07-22 10:17:10', NULL, NULL),
(42, 87, 0, 'TR42', 2, '2019-07-22 10:17:19', 1, 2, 'Oxy Spray ( Bu eka )', 4, NULL, NULL, '2019-07-22 10:16:30', '2019-07-22 10:17:19', NULL, NULL),
(43, 92, 0, 'TR43', 3, '2019-07-22 12:14:51', 1, 2, 'facial premium acne + serum acne', 4, NULL, NULL, '2019-07-22 12:11:04', '2019-07-22 12:14:51', NULL, NULL),
(44, 93, 0, 'TR44', 4, '2019-07-22 12:57:05', 1, 2, 'Prem Acne + Serum (inayah)', 4, NULL, NULL, '2019-07-22 12:19:36', '2019-07-22 12:57:05', NULL, NULL),
(45, 94, 0, 'TR45', 5, '2019-07-22 15:31:15', 1, 2, 'facial premium vit c + Laser flek', 4, NULL, NULL, '2019-07-22 15:31:09', '2019-07-22 15:31:15', NULL, NULL),
(46, 107, 0, 'TR46', 1, '2019-07-23 12:49:10', 1, 2, 'Lumispa (rq Bu eka)', 4, NULL, NULL, '2019-07-23 09:01:27', '2019-07-23 12:49:10', NULL, NULL),
(47, 110, 0, 'TR47', 2, '2019-07-23 12:49:16', 1, 2, 'prem + akp jerawat + suntik ( billa)', 4, NULL, NULL, '2019-07-23 12:08:15', '2019-07-23 12:49:16', NULL, NULL),
(48, 112, 0, 'TR48', 3, '2019-07-23 12:50:16', 1, 2, 'Peeling mandeclin 40%', 4, NULL, NULL, '2019-07-23 12:50:09', '2019-07-23 12:50:16', NULL, NULL),
(49, 113, 0, 'TR49', 4, '2019-07-23 12:51:49', 1, 2, 'Facial Premium + Laser Bopeng', 4, NULL, NULL, '2019-07-23 12:51:44', '2019-07-23 12:51:49', NULL, NULL),
(50, 145, 0, 'TR50', 1, '2019-07-25 10:23:13', 1, 2, 'Oxy Glow + Laser glow (rq Rida)', 1, NULL, NULL, '2019-07-25 10:23:13', NULL, NULL, NULL),
(51, 202, 0, 'TR51', 1, '2019-07-29 21:29:54', 1, 2, 'catat', 4, NULL, 'sudah pernah facial', '2019-07-29 21:29:40', '2019-07-29 21:29:54', NULL, NULL),
(52, 239, 0, 'TR52', 1, '2019-07-31 10:43:51', 1, 2, 'peelin poly sa + 4 (rida)', 4, NULL, NULL, '2019-07-31 10:41:06', '2019-07-31 10:43:51', NULL, NULL),
(53, 147, 0, 'TR53', 2, '2019-07-31 10:44:04', 1, 2, 'laser jerawat, akupuntur (bu eka)', 4, NULL, NULL, '2019-07-31 10:41:39', '2019-07-31 10:44:04', NULL, NULL),
(54, 240, 0, 'TR54', 3, '2019-07-31 14:37:05', 1, 2, 'lumispa (risma)', 4, NULL, NULL, '2019-07-31 10:42:24', '2019-07-31 14:37:05', NULL, NULL),
(55, 86, 0, 'TR55', 4, '2019-07-31 14:37:11', 3, 2, 'laser flek (tya)', 4, NULL, NULL, '2019-07-31 10:43:00', '2019-07-31 14:37:11', NULL, NULL),
(56, 168, 0, 'TR56', 5, '2019-07-31 17:16:33', 3, 2, 'laser glow (tya)', 4, NULL, NULL, '2019-07-31 10:43:26', '2019-07-31 17:16:33', NULL, NULL),
(57, 39, 0, 'TR57', 6, '2019-07-31 17:16:42', 1, 2, 'Peeling Mandelic + Giga Whitepeel Melanopeel', 4, NULL, NULL, '2019-07-31 14:36:57', '2019-07-31 17:16:42', NULL, NULL),
(58, 267, 0, 'TR58', 1, '2019-08-01 11:23:40', 3, 2, 'Filler', 4, NULL, NULL, '2019-08-01 11:23:34', '2019-08-01 11:23:40', NULL, NULL),
(59, 268, 0, 'TR59', 2, '2019-08-01 11:24:18', 3, 2, 'Laser Glow', 4, NULL, NULL, '2019-08-01 11:24:11', '2019-08-01 11:24:18', NULL, NULL),
(60, 251, 0, 'TR60', 3, '2019-08-01 11:25:37', 1, 2, 'Peeling mandelic 40% (Mella)', 4, NULL, NULL, '2019-08-01 11:25:30', '2019-08-01 11:25:37', NULL, NULL),
(62, 1, 707, 'TR62', 1, '2019-09-08 19:07:00', 3, 2, '123', 4, NULL, 'Keterangan/Catatan Pasien', '2019-09-08 19:08:08', '2019-09-08 19:08:21', NULL, NULL),
(63, 55, 795, 'TR63', 1, '2019-09-20 23:03:00', 1, 2, 'Flek', 4, NULL, NULL, '2019-09-21 13:03:21', '2019-09-21 13:04:06', NULL, NULL),
(64, 729, 794, 'TR64', 1, '2019-09-20 23:04:00', 1, 2, 'flek', 4, NULL, NULL, '2019-09-21 13:04:38', '2019-09-21 13:05:26', NULL, NULL),
(65, 870, 952, 'TR65', 1, '2019-10-23 17:57:00', 3, 5, 'kosnultasi', 1, NULL, NULL, '2019-10-23 17:58:13', NULL, NULL, NULL),
(66, 86, 1099, 'TR66', 1, '2019-11-25 10:42:00', 7, 5, 'plasma laser', 4, NULL, 'sensitif', '2019-11-25 10:43:23', '2019-11-25 10:43:51', NULL, NULL),
(67, 1035, NULL, 'TR67', 2, '2019-11-25 10:44:00', 1, 2, 'laser bopeng + facial', 1, NULL, NULL, '2019-11-25 10:45:41', NULL, NULL, NULL),
(68, 1056, 1116, 'TR68', 1, '2019-11-27 15:51:00', 7, 4, 'baby glow', 4, NULL, 'sudah selesai', '2019-11-27 15:52:43', '2019-11-27 15:54:21', NULL, NULL),
(69, 883, 1121, 'TR69', 2, '2019-11-27 15:54:00', 8, 5, 'sama bila', 1, NULL, NULL, '2019-11-27 15:55:47', NULL, NULL, NULL),
(70, 469, NULL, 'TR70', 1, '2019-11-28 12:14:00', 1, 2, 'oxy spray + cauter', 1, NULL, NULL, '2019-11-28 12:29:31', NULL, NULL, NULL),
(71, 1059, NULL, 'TR71', 2, '2019-11-28 12:29:00', 1, 2, 'premium acne', 1, NULL, NULL, '2019-11-28 12:30:52', NULL, NULL, NULL),
(72, 1059, NULL, 'TR72', 3, '2019-11-28 12:29:00', 1, 2, 'premium acne', 1, NULL, NULL, '2019-11-28 12:30:57', NULL, NULL, NULL),
(73, 469, 1123, 'TR73', 4, '2019-11-28 17:08:00', 3, 5, 'konsultasi', 1, NULL, NULL, '2019-11-28 17:08:41', NULL, NULL, NULL),
(74, 1060, 1124, 'TR74', 5, '2019-11-28 17:08:00', 1, 4, 'konsultasi', 1, NULL, NULL, '2019-11-28 17:10:43', NULL, NULL, NULL),
(75, 352, 1137, 'TR75', 1, '2019-12-02 12:14:00', 1, 5, 'lu,ispa', 4, NULL, 'tidak ada merah(+)aman', '2019-12-02 12:14:59', '2019-12-02 12:15:17', NULL, NULL),
(76, 1101, NULL, 'TR76', 1, '2019-12-05 09:45:00', 1, 2, 'Oxy Spray (inayah)', 4, NULL, NULL, '2019-12-05 09:46:12', '2019-12-07 11:37:02', NULL, NULL),
(77, 629, NULL, 'TR77', 2, '2019-12-05 10:08:00', 1, 2, 'Premium Vit C + Serum + Sinar, Laser Glow (Billa)', 4, NULL, NULL, '2019-12-05 10:09:38', '2019-12-07 11:37:11', NULL, NULL),
(78, 1101, 1164, 'TR78', 3, '2019-12-05 12:22:00', 8, 5, 'konsultasi', 1, NULL, NULL, '2019-12-05 12:22:51', NULL, NULL, NULL),
(79, 1109, NULL, 'TR79', 1, '2019-12-07 11:35:00', 1, 2, 'Facial Premium + Akupuntur', 4, NULL, NULL, '2019-12-07 11:36:49', '2019-12-07 11:37:20', NULL, NULL),
(80, 1127, 1182, 'TR80', 1, '2019-12-12 11:19:00', 1, 2, 'Facial Premium + Laser Flek', 4, NULL, NULL, '2019-12-12 11:20:16', '2019-12-12 11:24:18', NULL, NULL),
(81, 751, NULL, 'TR81', 2, '2019-12-12 11:23:00', 1, 2, 'lumispa', 4, NULL, NULL, '2019-12-12 11:23:40', '2019-12-12 11:24:25', NULL, NULL),
(82, 176, NULL, 'TR82', 3, '2019-12-12 11:24:00', 8, 2, 'laser tato', 4, NULL, NULL, '2019-12-12 11:24:55', '2019-12-12 11:25:01', NULL, NULL),
(83, 858, NULL, 'TR83', 4, '2019-12-12 11:24:00', 1, 2, 'Akupuntur', 4, NULL, NULL, '2019-12-12 11:25:34', '2019-12-12 11:25:42', NULL, NULL),
(84, 1047, 1186, 'TR84', 5, '2019-12-12 11:47:00', 1, 2, 'Premium akupuntur', 4, NULL, NULL, '2019-12-12 11:47:56', '2019-12-20 16:59:33', NULL, NULL),
(85, 1182, NULL, 'TR85', 1, '2019-12-20 16:55:00', 8, 5, NULL, 4, NULL, NULL, '2019-12-20 16:56:30', '2019-12-20 16:56:42', NULL, NULL),
(86, 529, NULL, 'TR86', 2, '2019-12-20 16:56:00', 7, 2, 'PASIEN LSER FLEK', 4, NULL, NULL, '2019-12-20 16:58:44', '2019-12-20 16:59:14', NULL, NULL),
(87, 612, 1316, 'TR87', 1, '2019-12-28 11:50:00', 1, 2, 'Peeling GA 20%', 4, NULL, NULL, '2019-12-28 11:51:29', '2019-12-29 11:03:01', NULL, NULL),
(88, 749, 1317, 'TR88', 2, '2019-12-28 11:51:00', 1, 2, 'Peeling GA 15%', 4, NULL, NULL, '2019-12-28 11:52:01', '2019-12-29 11:03:10', NULL, NULL),
(89, 1228, 1319, 'TR89', 3, '2019-12-28 12:05:00', 1, 2, 'Facial Premium + Serum + Sinar', 4, NULL, NULL, '2019-12-28 12:06:23', '2019-12-29 11:03:21', NULL, NULL),
(90, 631, 1318, 'TR90', 4, '2019-12-28 12:16:00', 1, 2, 'Galvanic + Lumispa', 4, NULL, NULL, '2019-12-28 12:17:57', '2019-12-29 11:03:31', NULL, NULL),
(91, 978, 1320, 'TR91', 5, '2019-12-28 16:21:00', 1, 8, 'konsultasi', 4, NULL, NULL, '2019-12-28 16:31:30', '2019-12-29 11:03:39', NULL, NULL),
(92, 495, NULL, 'TR92', 1, '2020-01-03 09:45:00', 1, 8, 'Prem Vit C', 4, NULL, NULL, '2020-01-03 09:48:05', '2020-01-03 09:48:12', NULL, NULL),
(93, 1127, NULL, 'TR93', 2, '2020-01-03 09:48:00', 7, 2, 'Laser Flek', 4, NULL, NULL, '2020-01-03 09:48:57', '2020-01-03 09:49:03', NULL, NULL),
(94, 230, NULL, 'TR94', 3, '2020-01-03 09:48:00', 1, 5, 'Lumispa', 4, NULL, NULL, '2020-01-03 09:49:34', '2020-01-03 09:49:43', NULL, NULL),
(95, 362, NULL, 'TR95', 4, '2020-01-03 10:26:00', 1, 2, 'Lumispa', 4, NULL, NULL, '2020-01-03 10:27:16', '2020-01-03 11:00:14', NULL, NULL),
(96, 1250, NULL, 'TR96', 5, '2020-01-03 10:36:00', 8, 2, 'Laser tato', 4, NULL, NULL, '2020-01-03 10:37:01', '2020-01-03 10:37:08', NULL, NULL),
(97, 1250, 1349, 'TR97', 6, '2020-01-03 10:59:00', 8, 2, '-', 4, NULL, NULL, '2020-01-03 10:59:59', '2020-01-03 11:00:06', NULL, NULL),
(98, 1252, 1352, 'TR98', 7, '2020-01-03 11:00:00', 1, 2, '-', 4, NULL, NULL, '2020-01-03 11:00:31', '2020-01-03 11:18:51', NULL, NULL),
(99, 1251, 1350, 'TR99', 8, '2020-01-03 11:00:00', 5, 2, '-', 4, NULL, NULL, '2020-01-03 11:00:52', '2020-01-03 11:18:58', NULL, NULL),
(100, 1254, 1354, 'TR100', 9, '2020-01-03 11:00:00', 1, 2, 'Prem + Serum + Sinar', 4, NULL, NULL, '2020-01-03 11:01:29', '2020-01-03 11:19:05', NULL, NULL),
(101, 589, 1356, 'TR101', 10, '2020-01-03 11:24:00', 1, 2, 'Prem Acne + Akupuntur + Sinar', 4, NULL, 'Noted : Akupuntur terlebih dahulu', '2020-01-03 11:24:45', '2020-01-03 11:25:06', NULL, NULL),
(102, 1257, NULL, 'TR102', 1, '2020-01-04 10:43:00', 1, 2, 'galvanic dan laser flek', 4, NULL, NULL, '2020-01-04 10:44:47', '2020-01-04 10:48:34', NULL, NULL),
(103, 1036, NULL, 'TR103', 2, '2020-01-04 10:44:00', 1, 2, 'laser bopeng', 4, NULL, NULL, '2020-01-04 10:45:55', '2020-01-04 10:48:23', NULL, NULL),
(104, 1271, 1389, 'TR104', 1, '2020-01-06 11:36:00', 1, 2, 'Cauter', 4, NULL, NULL, '2020-01-06 11:36:59', '2020-01-06 11:37:10', NULL, NULL),
(105, 1271, 1389, 'TR105', 2, '2020-01-06 11:36:00', 1, 2, 'Cauter', 4, NULL, NULL, '2020-01-06 11:37:00', '2020-01-06 11:37:19', NULL, NULL),
(106, 1155, NULL, 'TR106', 3, '2020-01-06 11:40:00', 8, 2, '-', 4, NULL, NULL, '2020-01-06 11:41:56', '2020-01-06 11:48:38', NULL, NULL),
(107, 272, 1391, 'TR107', 4, '2020-01-06 11:48:00', 1, 8, 'Prem Acne', 4, NULL, NULL, '2020-01-06 11:48:28', '2020-01-06 11:48:49', NULL, NULL),
(108, 1285, 1408, 'TR108', 1, '2020-01-08 12:01:00', 1, 2, 'Prem', 4, NULL, NULL, '2020-01-08 12:01:27', '2020-01-08 12:01:35', NULL, NULL),
(109, 1350, 1492, 'TR109', 1, '2020-01-20 10:44:00', 1, 2, 'facial sensitif', 4, NULL, NULL, '2020-01-20 10:44:41', '2020-01-20 10:44:50', NULL, NULL),
(110, 1353, 1497, 'TR110', 2, '2020-01-20 14:14:00', 1, 2, 'Premium Acne + Akupuntur', 4, NULL, NULL, '2020-01-20 14:15:03', '2020-01-20 14:16:22', NULL, NULL),
(111, 139, 1502, 'TR111', 3, '2020-01-20 14:15:00', 1, 2, 'Peeling', 4, NULL, NULL, '2020-01-20 14:15:37', '2020-01-20 14:16:32', NULL, NULL),
(112, 1270, 1499, 'TR112', 4, '2020-01-20 14:15:00', 1, 2, 'black peel', 4, NULL, NULL, '2020-01-20 14:16:16', '2020-01-20 14:16:40', NULL, NULL),
(113, 1156, NULL, 'TR113', 1, '2020-01-27 11:35:00', 5, 2, 'Slimming + Laser Flek + Infus', 4, NULL, NULL, '2020-01-27 11:36:25', '2020-01-27 11:37:43', NULL, NULL),
(114, 1347, NULL, 'TR114', 2, '2020-01-27 11:36:00', 1, 2, 'Lumispa', 4, NULL, NULL, '2020-01-27 11:36:49', '2020-01-27 11:37:52', NULL, NULL),
(115, 1306, NULL, 'TR115', 3, '2020-01-27 11:37:00', 1, 2, 'Premium Acne', 4, NULL, NULL, '2020-01-27 11:38:22', '2020-01-27 11:38:29', NULL, NULL),
(116, 1182, NULL, 'TR116', 4, '2020-01-27 11:38:00', 8, 2, 'Laser Flek', 4, NULL, NULL, '2020-01-27 11:38:57', '2020-01-27 11:46:07', NULL, NULL),
(117, 706, 1554, 'TR117', 5, '2020-01-27 12:23:00', 7, 2, 'Laser Black Doll + Suntik Mata', 4, NULL, NULL, '2020-01-27 12:23:49', '2020-01-27 14:44:22', NULL, NULL),
(118, 1392, 1555, 'TR118', 6, '2020-01-27 12:24:00', 7, 2, 'Laser Glow', 1, NULL, NULL, '2020-01-27 12:24:35', NULL, NULL, NULL),
(119, 124, 1556, 'TR119', 7, '2020-01-27 14:21:00', 8, 2, 'Laser Flek', 1, NULL, NULL, '2020-01-27 14:21:55', NULL, NULL, NULL),
(120, 1400, 1561, 'TR120', 1, '2020-01-28 14:16:00', 1, 2, '-', 1, NULL, NULL, '2020-01-28 14:17:11', NULL, NULL, NULL),
(121, 1, NULL, 'TR121', 1, '2020-02-05 23:53:00', 5, 2, 'treatment', 4, NULL, 'test', '2020-02-05 23:53:34', '2020-02-05 23:53:52', NULL, NULL),
(122, 1455, NULL, 'TR122', 1, '2020-02-06 00:17:00', 3, 2, 'treatment', 4, NULL, 'test', '2020-02-06 00:17:29', '2020-02-06 00:17:57', NULL, NULL),
(123, 1417, NULL, 'TR123', 1, '2020-02-07 09:36:00', 7, 7, 'Laser Flek dan Suntik Bawah Mata (Intan)', 4, NULL, NULL, '2020-02-07 09:37:50', '2020-02-07 09:37:59', NULL, NULL),
(124, 422, NULL, 'TR124', 2, '2020-02-07 10:09:00', 1, 2, 'Prem Acne (Bu Eka)', 4, NULL, NULL, '2020-02-07 10:10:30', '2020-02-07 10:10:38', NULL, NULL),
(125, 1, 1627, 'TR125', 3, '2020-02-07 22:18:00', 3, 2, 'merah wajahnya', 4, NULL, NULL, '2020-02-07 22:18:52', '2020-02-07 22:19:06', NULL, NULL),
(126, 728, NULL, 'TR126', 1, '2020-02-08 11:31:00', 5, 8, 'Akp Sliming + Oxy Glow', 4, NULL, NULL, '2020-02-08 11:32:21', '2020-02-08 11:32:31', NULL, NULL),
(127, 417, NULL, 'TR127', 2, '2020-02-08 11:32:00', 1, 2, 'Premium Acne + Akupuntur + Sinar (Bu Eka)', 4, NULL, NULL, '2020-02-08 11:34:02', '2020-02-08 11:34:09', NULL, NULL),
(128, 824, NULL, 'TR128', 3, '2020-02-08 11:33:00', 1, 6, 'Galvanic (Rida)', 4, NULL, NULL, '2020-02-08 11:36:14', '2020-02-08 11:36:20', NULL, NULL),
(129, 1469, NULL, 'TR129', 4, '2020-02-08 11:40:00', 1, 5, 'Lumispa', 4, NULL, NULL, '2020-02-08 11:41:20', '2020-02-08 11:41:31', NULL, NULL),
(130, 176, NULL, 'TR130', 5, '2020-02-08 11:41:00', 1, 5, 'Prem Acne + Serum', 4, NULL, NULL, '2020-02-08 11:41:59', '2020-02-08 11:42:08', NULL, NULL),
(131, 1317, NULL, 'TR131', 6, '2020-02-08 11:46:00', 1, 2, 'Galvanic ( Bu Eka)', 4, NULL, NULL, '2020-02-08 11:47:36', '2020-02-08 11:51:57', NULL, NULL),
(132, 1347, 1630, 'TR132', 7, '2020-02-08 11:52:00', 1, 4, 'Oxy Spray', 4, NULL, NULL, '2020-02-08 11:53:22', '2020-02-08 11:53:35', NULL, NULL),
(133, 1374, NULL, 'TR133', 1, '2020-02-10 09:52:00', 1, 6, 'Lumispa + Laser Flek (rida)', 4, NULL, NULL, '2020-02-10 09:53:21', '2020-02-10 09:53:34', NULL, NULL),
(134, 1354, NULL, 'TR134', 2, '2020-02-10 10:46:00', 1, 8, 'Galvanic + Lumispa (Bila)', 4, NULL, NULL, '2020-02-10 10:47:01', '2020-02-10 10:47:10', NULL, NULL),
(135, 1482, 1646, 'TR135', 3, '2020-02-10 11:06:00', 1, 2, 'Premium ( Bu Eka )', 4, NULL, NULL, '2020-02-10 11:07:19', '2020-02-10 11:07:29', NULL, NULL),
(136, 1481, 1645, 'TR136', 4, '2020-02-10 11:07:00', 1, 2, 'Prem Acne', 4, NULL, NULL, '2020-02-10 11:08:05', '2020-02-10 11:08:14', NULL, NULL),
(137, 936, 1651, 'TR137', 5, '2020-02-10 13:31:00', 1, 8, 'Lumispa (Bila)', 4, NULL, NULL, '2020-02-10 13:31:39', '2020-02-10 13:31:46', NULL, NULL),
(138, 1120, NULL, 'TR138', 6, '2020-02-10 13:32:00', 7, 8, 'Prem', 4, NULL, NULL, '2020-02-10 13:33:10', '2020-02-10 13:33:19', NULL, NULL),
(139, 1488, 1650, 'TR139', 7, '2020-02-10 15:49:00', 1, 2, '-', 4, NULL, NULL, '2020-02-10 15:50:09', '2020-02-10 15:51:56', NULL, NULL),
(140, 1487, 1648, 'TR140', 8, '2020-02-10 15:52:00', 1, 2, '-', 1, NULL, NULL, '2020-02-10 15:52:22', NULL, NULL, NULL),
(141, 1, 1656, 'TR141', 9, '2020-02-10 20:32:00', 1, 2, 'sensitif', 4, NULL, NULL, '2020-02-10 20:32:26', '2020-02-10 20:33:10', NULL, NULL),
(142, 368, 1652, 'TR142', 10, '2020-02-10 22:45:00', 3, 2, 'galvanic', 4, NULL, NULL, '2020-02-10 22:45:50', '2020-02-10 22:46:43', NULL, NULL),
(143, 587, NULL, 'TR143', 1, '2020-02-11 09:49:00', 1, 6, 'Galvanic', 4, NULL, NULL, '2020-02-11 09:49:48', '2020-02-11 09:53:24', NULL, NULL),
(144, 1491, 1657, 'TR144', 2, '2020-02-11 10:10:00', 1, 2, NULL, 4, NULL, NULL, '2020-02-11 10:10:21', '2020-02-11 10:10:46', NULL, NULL),
(145, 1491, 1657, 'TR145', 3, '2020-02-11 10:10:00', 1, 2, 'Premium Vit C + Serum', 4, NULL, NULL, '2020-02-11 10:10:36', '2020-02-11 10:11:06', NULL, NULL),
(146, 272, 1658, 'TR146', 4, '2020-02-11 10:59:00', 1, 8, NULL, 4, NULL, NULL, '2020-02-11 10:59:27', '2020-02-11 10:59:35', NULL, NULL),
(147, 1382, 1662, 'TR147', 5, '2020-02-11 15:41:00', 1, 2, NULL, 4, NULL, NULL, '2020-02-11 15:42:13', '2020-02-11 16:03:05', NULL, NULL),
(148, 1277, 1664, 'TR148', 6, '2020-02-11 15:43:00', 1, 2, NULL, 4, NULL, NULL, '2020-02-11 15:43:27', '2020-02-11 16:02:56', NULL, NULL),
(149, 1111, 1663, 'TR149', 7, '2020-02-11 15:43:00', 5, 4, NULL, 4, NULL, NULL, '2020-02-11 15:44:02', '2020-02-11 16:02:48', NULL, NULL),
(150, 1494, 1667, 'TR150', 8, '2020-02-11 15:44:00', 1, 4, NULL, 4, NULL, NULL, '2020-02-11 15:44:36', '2020-02-11 16:02:34', NULL, NULL),
(151, 1419, 1669, 'TR151', 9, '2020-02-11 15:44:00', 1, 4, NULL, 4, NULL, NULL, '2020-02-11 15:45:09', '2020-02-11 16:02:21', NULL, NULL),
(152, 1496, 1672, 'TR152', 10, '2020-02-11 15:45:00', 3, 4, NULL, 4, NULL, NULL, '2020-02-11 15:45:38', '2020-02-11 16:02:10', NULL, NULL),
(153, 1495, 1671, 'TR153', 11, '2020-02-11 15:46:00', 1, 4, NULL, 4, NULL, NULL, '2020-02-11 15:47:19', '2020-02-11 16:01:50', NULL, NULL),
(154, 1408, 1673, 'TR154', 12, '2020-02-11 16:00:00', 7, 4, NULL, 4, NULL, NULL, '2020-02-11 16:01:11', '2020-02-11 16:01:39', NULL, NULL),
(155, 1299, 1676, 'TR155', 1, '2020-02-12 10:29:00', 1, 6, NULL, 4, NULL, NULL, '2020-02-12 10:29:28', '2020-02-12 10:29:38', NULL, NULL),
(156, 418, NULL, 'TR156', 2, '2020-02-12 10:36:00', 5, 5, 'Akupuntur Slimming (Mela)', 4, NULL, NULL, '2020-02-12 10:37:04', '2020-02-12 10:37:13', NULL, NULL),
(157, 911, NULL, 'TR157', 3, '2020-02-12 10:37:00', 1, 2, 'Galvanic Lumispa (Bu Eka)', 4, NULL, NULL, '2020-02-12 10:37:50', '2020-02-12 10:37:59', NULL, NULL),
(158, 824, NULL, 'TR158', 4, '2020-02-12 10:38:00', 8, 2, 'Laser Flek (Intan)', 4, NULL, NULL, '2020-02-12 10:38:40', '2020-02-12 10:38:47', NULL, NULL),
(159, 961, NULL, 'TR159', 5, '2020-02-12 10:38:00', 8, 2, 'Laser Flek (Siva)', 4, NULL, NULL, '2020-02-12 10:39:50', '2020-02-12 10:41:52', NULL, NULL),
(160, 441, 1680, 'TR160', 6, '2020-02-12 11:34:00', 7, 2, 'Retouch Filler (Intan)', 4, NULL, NULL, '2020-02-12 11:35:05', '2020-02-12 11:35:29', NULL, NULL),
(161, 203, NULL, 'TR161', 7, '2020-02-12 14:03:00', 1, 2, 'Galva + Lumi (Bu Eka)', 4, NULL, NULL, '2020-02-12 14:05:00', '2020-02-12 14:05:09', NULL, NULL),
(162, 1335, NULL, 'TR162', 8, '2020-02-12 14:22:00', 1, 2, 'Akupuntur Acne ( Firda )', 4, NULL, NULL, '2020-02-12 14:22:48', '2020-02-12 14:28:00', NULL, NULL),
(163, 203, 1683, 'TR163', 9, '2020-02-12 14:28:00', 1, 2, NULL, 4, NULL, NULL, '2020-02-12 14:28:19', '2020-02-12 14:40:21', NULL, NULL),
(164, 1098, NULL, 'TR164', 10, '2020-02-12 15:10:00', 8, 2, 'Laser Flek (Siva)', 4, NULL, NULL, '2020-02-12 15:10:59', '2020-02-12 15:11:06', NULL, NULL),
(165, 86, 1686, 'TR165', 1, '2020-02-13 11:47:00', 5, 5, 'Sliming akp (Mela)', 4, NULL, NULL, '2020-02-13 11:47:47', '2020-02-13 11:48:28', NULL, NULL),
(166, 86, 1686, 'TR166', 2, '2020-02-13 11:47:00', 5, 5, 'Sliming akp (Mela)', 4, NULL, NULL, '2020-02-13 11:47:55', '2020-02-13 11:48:42', NULL, NULL),
(167, 1501, 1687, 'TR167', 3, '2020-02-13 11:48:00', 1, 2, 'Premium (Bu Eka)', 4, NULL, NULL, '2020-02-13 11:49:08', '2020-02-13 11:49:30', NULL, NULL),
(168, 1502, 1688, 'TR168', 4, '2020-02-13 11:49:00', 1, 2, NULL, 4, NULL, NULL, '2020-02-13 11:50:10', '2020-02-13 11:50:25', NULL, NULL),
(169, 1464, NULL, 'TR169', 5, '2020-02-13 11:50:00', 8, 7, 'Gizel (Siva)', 4, NULL, NULL, '2020-02-13 11:51:15', '2020-02-13 11:51:24', NULL, NULL),
(170, 145, NULL, 'TR170', 6, '2020-02-13 11:51:00', 7, 4, 'Oxy Glow + L Black Doll (Bu Eka)', 4, NULL, NULL, '2020-02-13 11:52:30', '2020-02-13 11:52:38', NULL, NULL),
(171, 1503, NULL, 'TR171', 7, '2020-02-13 11:52:00', 1, 6, 'Oxy Spray (rida)', 4, NULL, NULL, '2020-02-13 11:53:19', '2020-02-13 11:53:28', NULL, NULL),
(172, 155, NULL, 'TR172', 8, '2020-02-13 11:53:00', 1, 4, 'Prem (Firda)', 4, NULL, NULL, '2020-02-13 11:54:15', '2020-02-13 11:54:23', NULL, NULL),
(173, 1511, 1698, 'TR173', 1, '2020-02-15 13:33:00', 1, 4, NULL, 4, NULL, NULL, '2020-02-15 13:33:42', '2020-02-15 13:33:51', NULL, NULL),
(174, 1460, 1614, 'TR174', 2, '2020-02-15 13:33:00', 1, 4, NULL, 4, NULL, NULL, '2020-02-15 13:34:15', '2020-02-15 13:34:26', NULL, NULL),
(175, 1512, 1699, 'TR175', 3, '2020-02-15 13:57:00', 1, 4, NULL, 4, NULL, NULL, '2020-02-15 13:57:43', '2020-02-15 13:58:53', NULL, NULL),
(176, 1524, 1704, 'TR176', 1, '2020-02-17 11:10:00', 1, 4, NULL, 4, NULL, NULL, '2020-02-17 11:14:53', '2020-02-17 11:15:15', NULL, NULL),
(177, 1515, NULL, 'TR177', 2, '2020-02-17 11:19:00', 1, 5, 'Cauter', 4, NULL, NULL, '2020-02-17 11:20:05', '2020-02-17 11:20:20', NULL, NULL),
(178, 1526, 1706, 'TR178', 3, '2020-02-17 11:57:00', 1, 4, NULL, 4, NULL, NULL, '2020-02-17 11:57:48', '2020-02-17 11:58:04', NULL, NULL),
(179, 1532, 1708, 'TR179', 4, '2020-02-17 11:58:00', 1, 7, NULL, 4, NULL, NULL, '2020-02-17 11:58:51', '2020-02-17 12:01:23', NULL, NULL),
(180, 161, 1709, 'TR180', 5, '2020-02-17 12:00:00', 7, 4, NULL, 4, NULL, NULL, '2020-02-17 12:01:13', '2020-02-17 12:01:35', NULL, NULL),
(181, 1274, NULL, 'TR181', 6, '2020-02-17 12:01:00', 7, 4, 'Laser glow (siva)', 4, NULL, NULL, '2020-02-17 12:02:30', '2020-02-17 12:02:40', NULL, NULL),
(182, 1531, 1707, 'TR182', 7, '2020-02-17 12:16:00', 1, 4, NULL, 4, NULL, NULL, '2020-02-17 12:17:11', '2020-02-17 12:17:48', NULL, NULL),
(183, 1533, 1712, 'TR183', 8, '2020-02-17 12:18:00', 8, 4, NULL, 4, NULL, NULL, '2020-02-17 12:19:07', '2020-02-17 12:51:29', NULL, NULL),
(184, 1534, 1713, 'TR184', 9, '2020-02-17 14:57:00', 1, 4, NULL, 1, NULL, NULL, '2020-02-17 14:57:43', NULL, NULL, NULL),
(185, 1530, NULL, 'TR185', 1, '2020-02-18 10:10:00', 3, 7, NULL, 1, NULL, NULL, '2020-02-18 08:11:19', NULL, NULL, NULL),
(186, 1409, NULL, 'TR186', 2, '2020-02-18 10:54:00', 1, 6, 'Galvanic (rida)', 4, NULL, NULL, '2020-02-18 10:55:10', '2020-02-18 10:55:22', NULL, NULL),
(187, 1540, NULL, 'TR187', 3, '2020-02-18 11:30:00', 1, 6, 'Facial Detox + Serum (rida)', 4, NULL, NULL, '2020-02-18 11:30:48', '2020-02-18 11:30:57', NULL, NULL),
(188, 480, NULL, 'TR188', 1, '2020-02-19 11:06:00', 1, 8, 'Oxy spray + akp acne (bila)', 4, NULL, NULL, '2020-02-19 11:07:38', '2020-02-19 11:13:10', NULL, NULL),
(189, 1111, NULL, 'TR189', 2, '2020-02-19 11:16:00', 1, 6, 'lumispa + laser glow (rida)', 4, NULL, NULL, '2020-02-19 11:17:55', '2020-02-19 11:18:09', NULL, NULL),
(190, 480, NULL, 'TR190', 3, '2020-02-19 11:18:00', 1, 4, 'Galvanic + Lumispa', 4, NULL, NULL, '2020-02-19 11:18:51', '2020-02-19 11:19:02', NULL, NULL),
(191, 1547, 1731, 'TR191', 4, '2020-02-19 12:32:00', 1, 4, NULL, 4, NULL, NULL, '2020-02-19 12:45:05', '2020-03-11 11:37:00', NULL, NULL),
(192, 120, NULL, 'TR192', 1, '2020-02-21 10:57:00', 8, 4, 'Laser Flek (intan)', 4, NULL, NULL, '2020-02-21 10:58:25', '2020-03-11 11:37:11', NULL, NULL),
(193, 1547, 1737, 'TR193', 2, '2020-02-21 11:47:00', 5, 6, NULL, 1, NULL, NULL, '2020-02-21 11:48:03', NULL, NULL, NULL),
(194, 145, 1750, 'TR194', 1, '2020-03-11 11:36:00', 1, 2, NULL, 4, NULL, NULL, '2020-03-11 11:36:22', '2020-03-11 11:37:22', NULL, NULL),
(195, 1561, 1751, 'TR195', 2, '2020-03-11 11:36:00', 1, 4, NULL, 4, NULL, NULL, '2020-03-11 11:36:48', '2020-03-11 11:37:35', NULL, NULL),
(196, 991, NULL, 'TR196', 3, '2020-03-11 11:45:00', 7, 4, 'Laser Black Doll (rahma)', 4, NULL, NULL, '2020-03-11 11:46:25', '2020-03-11 12:12:16', NULL, NULL),
(197, 856, 1753, 'TR197', 4, '2020-03-11 12:06:00', 7, 4, 'Laser black doll + Ipl (Siva)', 4, NULL, NULL, '2020-03-11 12:07:11', '2020-03-11 12:12:06', NULL, NULL),
(198, 1562, 1754, 'TR198', 5, '2020-03-11 12:37:00', 1, 4, NULL, 4, NULL, NULL, '2020-03-11 12:37:21', '2020-03-11 12:37:38', NULL, NULL),
(199, 991, 1755, 'TR199', 6, '2020-03-11 13:06:00', 7, 4, NULL, 4, NULL, NULL, '2020-03-11 13:07:16', '2020-03-11 13:07:24', NULL, NULL),
(200, 480, NULL, 'TR200', 7, '2020-03-11 13:07:00', 7, 4, 'Prem acne + serum + laser flek', 4, NULL, NULL, '2020-03-11 13:09:15', '2020-03-11 13:09:27', NULL, NULL),
(201, 447, 1756, 'TR201', 8, '2020-03-11 13:46:00', 1, 4, NULL, 4, NULL, NULL, '2020-03-11 13:46:40', '2020-03-11 13:46:50', NULL, NULL),
(202, 1222, NULL, 'TR202', 9, '2020-03-11 13:46:00', 1, 5, NULL, 4, NULL, NULL, '2020-03-11 13:47:47', '2020-03-11 13:47:55', NULL, NULL),
(203, 1289, 1757, 'TR203', 10, '2020-03-11 13:48:00', 1, 4, NULL, 4, NULL, NULL, '2020-03-11 13:48:41', '2020-03-11 13:48:49', NULL, NULL),
(204, 1563, 1758, 'TR204', 11, '2020-03-11 14:57:00', 1, 4, NULL, 4, NULL, NULL, '2020-03-11 14:57:17', '2020-03-11 14:57:27', NULL, NULL),
(205, 1565, 1759, 'TR205', 12, '2020-03-11 15:04:00', 1, 4, NULL, 4, NULL, NULL, '2020-03-11 15:05:05', '2020-03-11 15:05:52', NULL, NULL),
(206, 1564, 1760, 'TR206', 13, '2020-03-11 15:05:00', 1, 4, NULL, 4, NULL, NULL, '2020-03-11 15:05:41', '2020-03-11 15:06:13', NULL, NULL),
(207, 1568, 1763, 'TR207', 14, '2020-03-11 16:44:00', 1, 4, NULL, 4, NULL, NULL, '2020-03-11 16:44:54', '2020-03-11 16:46:28', NULL, NULL),
(208, 1567, NULL, 'TR208', 15, '2020-03-11 16:46:00', 3, 4, NULL, 4, NULL, NULL, '2020-03-11 16:47:04', '2020-03-11 16:47:12', NULL, NULL),
(209, 1566, 1761, 'TR209', 16, '2020-03-11 17:03:00', 1, 4, NULL, 4, NULL, NULL, '2020-03-11 17:03:33', '2020-03-11 17:03:48', NULL, NULL),
(210, 86, NULL, 'TR210', 1, '2020-03-12 10:22:00', 5, 5, 'Slimming + Akp ke 4', 4, NULL, NULL, '2020-03-12 10:23:22', '2020-03-12 10:23:31', NULL, NULL),
(211, 87, 1766, 'TR211', 2, '2020-03-12 11:01:00', 1, 4, NULL, 4, NULL, NULL, '2020-03-12 11:02:13', '2020-03-12 11:03:12', NULL, NULL),
(212, 1356, NULL, 'TR212', 3, '2020-03-12 11:02:00', 8, 4, 'Laser blackdoll (siva)', 4, NULL, NULL, '2020-03-12 11:03:03', '2020-03-12 11:03:22', NULL, NULL),
(213, 513, 1768, 'TR213', 4, '2020-03-12 11:15:00', 1, 4, 'prem sensitif + serum + sinar hijau (Bu Eka)', 4, NULL, NULL, '2020-03-12 11:16:27', '2020-03-12 11:18:26', NULL, NULL),
(214, 337, NULL, 'TR214', 5, '2020-03-12 12:09:00', 1, 4, 'lumispa (fitri)', 4, NULL, NULL, '2020-03-12 12:10:49', '2020-03-12 12:50:36', NULL, NULL),
(215, 33, 11, 'TR215', 6, '2020-03-12 12:50:00', 1, 4, NULL, 4, NULL, NULL, '2020-03-12 12:50:26', '2020-03-12 12:50:47', NULL, NULL),
(216, 27, 1, 'TR216', 7, '2020-03-12 12:50:00', 1, 4, NULL, 4, NULL, NULL, '2020-03-12 12:51:13', '2020-03-12 12:52:20', NULL, NULL),
(217, 1397, NULL, 'TR217', 8, '2020-03-12 12:51:00', 1, 4, 'lumispa', 4, NULL, NULL, '2020-03-12 12:52:09', '2020-03-12 12:52:46', NULL, NULL),
(218, 399, NULL, 'TR218', 9, '2020-03-12 12:52:00', 7, 4, 'ipl (siva)', 4, NULL, NULL, '2020-03-12 12:54:06', '2020-03-12 12:54:14', NULL, NULL),
(219, 216, NULL, 'TR219', 10, '2020-03-12 13:29:00', 1, 4, 'Premium acne', 4, NULL, NULL, '2020-03-12 13:30:27', '2020-03-12 13:30:36', NULL, NULL),
(220, 1566, NULL, 'TR220', 1, '2020-03-13 10:45:00', 8, 4, 'Laser flek ke 1 (rahma)', 4, NULL, NULL, '2020-03-13 10:46:43', '2020-03-13 10:51:41', NULL, NULL),
(221, 1169, NULL, 'TR221', 2, '2020-03-13 11:05:00', 1, 5, 'peeling black peel (mela)', 4, NULL, NULL, '2020-03-13 11:06:21', '2020-03-13 11:06:53', NULL, NULL),
(222, 1378, NULL, 'TR222', 3, '2020-03-13 11:12:00', 1, 4, 'Peeling giga whitepeel melanopeel', 4, NULL, NULL, '2020-03-13 11:12:48', '2020-03-13 11:12:57', NULL, NULL),
(223, 883, NULL, 'TR223', 4, '2020-03-13 13:24:00', 7, 4, 'Laser plasma + suntik keloid (intan)', 1, NULL, NULL, '2020-03-13 13:25:30', NULL, NULL, NULL),
(224, 1081, NULL, 'TR224', 1, '2020-03-14 11:22:00', 1, 4, 'lumispa (fitri)', 1, NULL, NULL, '2020-03-14 11:23:49', NULL, NULL, NULL),
(225, 587, NULL, 'TR225', 1, '2020-03-16 09:38:00', 1, 8, 'lumispa (bila)', 4, NULL, NULL, '2020-03-16 09:39:10', '2020-03-16 09:39:19', NULL, NULL),
(226, 1374, 1787, 'TR226', 2, '2020-03-16 11:35:00', 1, 4, NULL, 1, NULL, NULL, '2020-03-16 11:35:52', NULL, NULL, NULL),
(227, 1581, 1788, 'TR227', 3, '2020-03-16 11:36:00', 1, 4, NULL, 1, NULL, NULL, '2020-03-16 11:36:08', NULL, NULL, NULL),
(228, 1583, 1789, 'TR228', 4, '2020-03-16 11:36:00', 1, 4, NULL, 1, NULL, NULL, '2020-03-16 11:36:28', NULL, NULL, NULL),
(229, 1582, 1790, 'TR229', 5, '2020-03-16 11:36:00', 1, 4, NULL, 1, NULL, NULL, '2020-03-16 11:36:50', NULL, NULL, NULL),
(230, 699, 1791, 'TR230', 6, '2020-03-16 11:36:00', 1, 4, NULL, 1, NULL, NULL, '2020-03-16 11:37:09', NULL, NULL, NULL),
(231, 1090, 1792, 'TR231', 7, '2020-03-16 11:37:00', 1, 4, NULL, 1, NULL, NULL, '2020-03-16 11:37:27', NULL, NULL, NULL),
(232, 1584, 1793, 'TR232', 8, '2020-03-16 14:50:00', 1, 4, NULL, 1, NULL, NULL, '2020-03-16 14:51:03', NULL, NULL, NULL),
(233, 1286, NULL, 'TR233', 1, '2020-03-17 10:17:00', 5, 4, 'bleaching dan infus (bu eka dan rahma)', 4, NULL, NULL, '2020-03-17 10:21:36', '2020-03-17 10:23:24', NULL, NULL),
(234, 1373, NULL, 'TR234', 2, '2020-03-17 10:22:00', 3, 4, 'Infus (intan)', 4, NULL, NULL, '2020-03-17 10:22:29', '2020-03-17 10:23:14', NULL, NULL),
(235, 1592, NULL, 'TR235', 3, '2020-03-17 11:11:00', 3, 4, 'infus (siva)', 4, NULL, NULL, '2020-03-17 11:11:34', '2020-03-17 11:11:44', NULL, NULL),
(236, 1583, NULL, 'TR236', 4, '2020-03-17 11:51:00', 1, 4, 'Premium acne (mela)', 4, NULL, NULL, '2020-03-17 11:51:56', '2020-03-17 11:52:06', NULL, NULL),
(237, 1220, NULL, 'TR237', 5, '2020-03-17 13:41:00', 3, 4, 'infus terakhir (siva)', 4, NULL, NULL, '2020-03-17 13:42:49', '2020-03-17 13:42:58', NULL, NULL),
(238, 963, NULL, 'TR238', 6, '2020-03-17 14:21:00', 1, 5, NULL, 4, NULL, NULL, '2020-03-17 14:30:01', '2020-03-17 14:37:09', NULL, NULL),
(239, 1027, 1822, 'TR239', 7, '2020-03-17 14:36:00', 1, 4, 'laser glow (mela)', 4, NULL, NULL, '2020-03-17 14:36:56', '2020-03-17 14:37:23', NULL, NULL),
(240, 1509, 1819, 'TR240', 8, '2020-03-17 14:37:00', 1, 4, 'laser glow (rahma)', 4, NULL, NULL, '2020-03-17 14:37:50', '2020-03-17 14:40:05', NULL, NULL),
(241, 311, 1821, 'TR241', 9, '2020-03-17 14:38:00', 1, 4, NULL, 4, NULL, NULL, '2020-03-17 14:38:12', '2020-03-17 14:39:55', NULL, NULL),
(242, 1063, 1824, 'TR242', 10, '2020-03-17 14:38:00', 1, 4, NULL, 4, NULL, NULL, '2020-03-17 14:38:30', '2020-03-17 14:39:46', NULL, NULL),
(243, 1593, 1823, 'TR243', 11, '2020-03-17 14:38:00', 1, 4, NULL, 4, NULL, NULL, '2020-03-17 14:38:47', '2020-03-17 14:39:28', NULL, NULL),
(244, 963, 1825, 'TR244', 12, '2020-03-17 14:38:00', 1, 4, NULL, 4, NULL, NULL, '2020-03-17 14:39:02', '2020-03-17 14:39:10', NULL, NULL),
(245, 1592, 1817, 'TR245', 13, '2020-03-17 15:29:00', 1, 4, NULL, 4, NULL, NULL, '2020-03-17 15:30:01', '2020-03-17 15:30:11', NULL, NULL),
(246, 104, NULL, 'TR246', 1, '2020-03-18 10:02:00', 1, 4, 'Premium Acne (Fitri)', 4, NULL, NULL, '2020-03-18 10:03:13', '2020-03-18 10:03:22', NULL, NULL),
(247, 112, 1827, 'TR247', 2, '2020-03-18 11:07:00', 1, 4, NULL, 4, NULL, NULL, '2020-03-18 11:07:36', '2020-03-18 11:32:26', NULL, NULL),
(248, 344, 1829, 'TR248', 3, '2020-03-18 11:21:00', 1, 4, 'Galvanic (Risma)', 4, NULL, NULL, '2020-03-18 11:21:59', '2020-03-18 11:32:36', NULL, NULL),
(249, 120, NULL, 'TR249', 4, '2020-03-18 11:25:00', 8, 4, 'Laser flek (rahma)', 4, NULL, NULL, '2020-03-18 11:25:41', '2020-03-18 11:32:47', NULL, NULL),
(250, 1596, 1830, 'TR250', 5, '2020-03-18 11:33:00', 8, 4, 'laser flek (siva)', 4, NULL, NULL, '2020-03-18 11:34:03', '2020-03-18 11:34:12', NULL, NULL),
(251, 1597, 1832, 'TR251', 6, '2020-03-18 11:58:00', 1, 4, NULL, 4, NULL, NULL, '2020-03-18 11:58:23', '2020-03-18 11:58:36', NULL, NULL),
(252, 219, 1834, 'TR252', 7, '2020-03-18 12:25:00', 1, 4, 'Oxy Glow + Laser Glow + Infus (Fitri dan Rahma)', 4, NULL, NULL, '2020-03-18 12:25:50', '2020-03-18 12:26:04', NULL, NULL),
(253, 506, 1836, 'TR253', 8, '2020-03-18 13:15:00', 1, 4, 'Premium vit c + serum', 4, NULL, NULL, '2020-03-18 13:16:33', '2020-03-18 15:18:09', NULL, NULL),
(254, 1599, NULL, 'TR254', 9, '2020-03-18 14:32:00', 1, 8, NULL, 4, NULL, NULL, '2020-03-18 14:33:48', '2020-03-18 15:18:19', NULL, NULL),
(255, 1598, 1837, 'TR255', 10, '2020-03-18 15:02:00', 1, 4, NULL, 4, NULL, NULL, '2020-03-18 15:02:45', '2020-03-18 15:18:29', NULL, NULL),
(256, 921, 1842, 'TR256', 11, '2020-03-18 15:03:00', 1, 4, NULL, 4, NULL, NULL, '2020-03-18 15:03:07', '2020-03-18 15:18:40', NULL, NULL),
(257, 1374, 1841, 'TR257', 12, '2020-03-18 15:03:00', 1, 4, NULL, 4, NULL, NULL, '2020-03-18 15:03:29', '2020-03-18 15:18:52', NULL, NULL),
(258, 1599, 1840, 'TR258', 13, '2020-03-18 15:03:00', 1, 4, NULL, 4, NULL, NULL, '2020-03-18 15:03:59', '2020-03-18 15:19:08', NULL, NULL),
(259, 204, 1838, 'TR259', 14, '2020-03-18 15:04:00', 1, 4, NULL, 4, NULL, NULL, '2020-03-18 15:04:18', '2020-03-18 15:38:36', NULL, NULL),
(260, 1600, NULL, 'TR260', 15, '2020-03-18 15:17:00', 1, 5, 'lumispa (mela)', 4, NULL, NULL, '2020-03-18 15:18:00', '2020-03-18 15:38:47', NULL, NULL),
(261, 1595, 1828, 'TR261', 16, '2020-03-18 16:38:00', 1, 4, NULL, 4, NULL, NULL, '2020-03-18 16:38:36', '2020-03-18 16:38:44', NULL, NULL),
(262, 540, 1779, 'TR262', 17, '2020-03-18 16:38:00', 1, 4, NULL, 1, NULL, NULL, '2020-03-18 16:39:28', NULL, NULL, NULL),
(263, 37, 14, 'TR263', 18, '2020-03-18 16:40:00', 1, 4, NULL, 1, NULL, NULL, '2020-03-18 16:41:15', NULL, NULL, NULL),
(264, 1603, NULL, 'TR264', 19, '2020-03-18 16:41:00', 1, 4, 'akp (risma)', 1, NULL, NULL, '2020-03-18 16:41:52', NULL, NULL, NULL),
(265, 1567, NULL, 'TR265', 20, '2020-03-18 16:42:00', 3, 4, 'infus (rahma)', 1, NULL, NULL, '2020-03-18 16:42:52', NULL, NULL, NULL),
(266, 1461, 1847, 'TR266', 1, '2020-03-19 10:40:00', 1, 4, NULL, 1, NULL, NULL, '2020-03-19 10:40:21', NULL, NULL, NULL),
(267, 1439, 1848, 'TR267', 2, '2020-03-19 10:40:00', 1, 4, NULL, 4, NULL, NULL, '2020-03-19 10:40:57', '2020-03-19 10:43:16', NULL, NULL),
(268, 86, NULL, 'TR268', 3, '2020-03-19 10:41:00', 5, 4, NULL, 4, NULL, NULL, '2020-03-19 10:42:05', '2020-03-19 10:42:56', NULL, NULL),
(269, 87, NULL, 'TR269', 4, '2020-03-19 10:42:00', 1, 4, NULL, 4, NULL, NULL, '2020-03-19 10:42:38', '2020-03-19 10:42:46', NULL, NULL),
(270, 1604, 1849, 'TR270', 5, '2020-03-19 11:12:00', 1, 4, NULL, 4, NULL, NULL, '2020-03-19 11:12:18', '2020-03-19 11:13:02', NULL, NULL),
(271, 1514, 1850, 'TR271', 6, '2020-03-19 11:12:00', 7, 4, NULL, 4, NULL, NULL, '2020-03-19 11:12:36', '2020-03-19 11:13:12', NULL, NULL),
(272, 1605, 1852, 'TR272', 7, '2020-03-19 11:12:00', 1, 4, NULL, 4, NULL, NULL, '2020-03-19 11:12:52', '2020-03-19 11:13:22', NULL, NULL),
(273, 352, 1853, 'TR273', 8, '2020-03-19 11:37:00', 1, 4, NULL, 4, NULL, NULL, '2020-03-19 11:37:55', '2020-03-19 11:39:55', NULL, NULL),
(274, 422, NULL, 'TR274', 1, '2020-03-21 14:07:00', 1, 5, 'Prem acne + akp + sinar', 4, NULL, NULL, '2020-03-21 14:07:40', '2020-03-21 14:07:47', NULL, NULL),
(275, 1535, NULL, 'TR275', 2, '2020-03-21 14:08:00', 1, 4, 'Peeling black peel (risma)', 4, NULL, NULL, '2020-03-21 14:08:27', '2020-03-21 14:08:34', NULL, NULL),
(276, 1607, NULL, 'TR276', 3, '2020-03-21 14:08:00', 1, 5, 'Galvanic + Lumispa', 4, NULL, NULL, '2020-03-21 14:09:16', '2020-03-21 14:09:23', NULL, NULL),
(277, 685, NULL, 'TR277', 4, '2020-03-21 14:09:00', 1, 4, 'Galva + Lumispa (Risna)', 4, NULL, NULL, '2020-03-21 14:10:07', '2020-03-21 15:39:58', NULL, NULL),
(278, 1609, 1865, 'TR278', 5, '2020-03-21 14:48:00', 1, 4, NULL, 4, NULL, NULL, '2020-03-21 14:48:17', '2020-03-21 14:52:56', NULL, NULL),
(279, 1608, 1857, 'TR279', 6, '2020-03-21 14:48:00', 1, 4, NULL, 4, NULL, NULL, '2020-03-21 14:48:39', '2020-03-21 14:48:46', NULL, NULL),
(280, 1610, 1864, 'TR280', 7, '2020-03-21 15:39:00', 7, 5, NULL, 4, NULL, NULL, '2020-03-21 15:39:40', '2020-03-21 15:39:48', NULL, NULL),
(281, 1264, 1866, 'TR281', 8, '2020-03-21 15:40:00', 1, 4, NULL, 4, NULL, NULL, '2020-03-21 15:40:25', '2020-03-21 15:40:33', NULL, NULL),
(282, 743, NULL, 'TR282', 1, '2020-03-23 10:40:00', 1, 4, 'lumispa + galvanic', 4, NULL, NULL, '2020-03-23 10:45:54', '2020-03-23 10:47:02', NULL, NULL),
(283, 1084, NULL, 'TR283', 2, '2020-03-23 10:46:00', 1, 4, 'lumispa', 4, NULL, NULL, '2020-03-23 10:46:29', '2020-03-23 10:47:13', NULL, NULL),
(284, 511, NULL, 'TR284', 3, '2020-03-23 12:55:00', 7, 4, NULL, 4, NULL, NULL, '2020-03-23 12:56:02', '2020-03-23 12:57:09', NULL, NULL),
(285, 1591, NULL, 'TR285', 4, '2020-03-23 13:10:00', 1, 2, NULL, 4, NULL, NULL, '2020-03-23 13:10:40', '2020-03-23 13:10:59', NULL, NULL),
(286, 977, 1875, 'TR286', 5, '2020-03-23 13:31:00', 1, 4, NULL, 4, NULL, NULL, '2020-03-23 13:31:53', '2020-03-23 14:19:50', NULL, NULL),
(287, 1614, 1874, 'TR287', 6, '2020-03-23 13:32:00', 1, 4, NULL, 4, NULL, NULL, '2020-03-23 13:33:12', '2020-03-23 14:20:01', NULL, NULL),
(288, 1582, 1873, 'TR288', 7, '2020-03-23 14:17:00', 1, 4, NULL, 4, NULL, NULL, '2020-03-23 14:17:51', '2020-03-23 14:20:13', NULL, NULL),
(289, 1615, 1876, 'TR289', 8, '2020-03-23 14:18:00', 1, 4, NULL, 4, NULL, NULL, '2020-03-23 14:18:10', '2020-03-23 14:20:30', NULL, NULL),
(290, 1521, 1878, 'TR290', 9, '2020-03-23 14:18:00', 3, 4, NULL, 4, NULL, NULL, '2020-03-23 14:18:32', '2020-03-23 14:20:42', NULL, NULL),
(291, 1479, 1877, 'TR291', 10, '2020-03-23 14:18:00', 1, 5, NULL, 4, NULL, NULL, '2020-03-23 14:18:53', '2020-03-23 14:20:53', NULL, NULL),
(292, 1616, 1879, 'TR292', 11, '2020-03-23 14:19:00', 1, 4, NULL, 4, NULL, NULL, '2020-03-23 14:19:10', '2020-03-23 14:29:14', NULL, NULL),
(293, 1617, 1880, 'TR293', 12, '2020-03-23 14:19:00', 1, 6, NULL, 4, NULL, NULL, '2020-03-23 14:19:32', '2020-03-23 14:29:34', NULL, NULL),
(294, 1025, NULL, 'TR294', 13, '2020-03-23 17:48:00', 8, 7, NULL, 1, NULL, NULL, '2020-03-23 17:49:32', NULL, NULL, NULL),
(295, 136, NULL, 'TR295', 14, '2020-03-23 17:49:00', 3, 4, NULL, 1, NULL, NULL, '2020-03-23 17:50:26', NULL, NULL, NULL),
(296, 1620, NULL, 'TR296', 15, '2020-03-23 17:51:00', NULL, 4, NULL, 1, NULL, NULL, '2020-03-23 17:51:51', NULL, NULL, NULL),
(297, 177, NULL, 'TR297', 1, '2020-03-24 11:51:00', 1, 2, NULL, 1, NULL, NULL, '2020-03-24 11:51:25', NULL, NULL, NULL),
(298, 1592, NULL, 'TR298', 2, '2020-03-24 11:51:00', 5, 4, NULL, 1, NULL, NULL, '2020-03-24 11:52:08', NULL, NULL, NULL),
(299, 1621, 1891, 'TR299', 3, '2020-03-24 13:29:00', 1, 8, NULL, 1, NULL, NULL, '2020-03-24 13:29:40', NULL, NULL, NULL),
(300, 1464, NULL, 'TR300', 4, '2020-03-24 13:31:00', 7, 4, NULL, 1, NULL, NULL, '2020-03-24 13:31:29', NULL, NULL, NULL),
(301, 1422, 1893, 'TR301', 5, '2020-03-24 13:52:00', 1, 4, NULL, 1, NULL, NULL, '2020-03-24 13:52:59', NULL, NULL, NULL),
(302, 113, 1894, 'TR302', 6, '2020-03-24 13:54:00', 1, 4, NULL, 1, NULL, NULL, '2020-03-24 13:55:17', NULL, NULL, NULL),
(303, 1268, NULL, 'TR303', 7, '2020-03-24 14:00:00', 1, 4, NULL, 1, NULL, NULL, '2020-03-24 16:48:54', NULL, NULL, NULL),
(304, 1623, NULL, 'TR304', 8, '2020-03-24 16:25:00', 7, 7, 'Botox & Suntik lemak', 1, NULL, NULL, '2020-03-24 16:50:58', NULL, NULL, NULL),
(305, 337, 1899, 'TR305', 1, '2020-03-25 10:38:00', 7, 2, NULL, 4, NULL, NULL, '2020-03-25 10:38:30', '2020-03-25 10:38:43', NULL, NULL),
(306, 1448, 1900, 'TR306', 2, '2020-03-25 11:08:00', 1, 4, NULL, 1, NULL, NULL, '2020-03-25 11:08:52', NULL, NULL, NULL),
(307, 1198, 1902, 'TR307', 3, '2020-03-25 12:01:00', 1, 4, NULL, 1, NULL, NULL, '2020-03-25 12:01:15', NULL, NULL, NULL),
(308, 589, NULL, 'TR308', 4, '2020-03-25 12:02:00', 1, 4, NULL, 1, NULL, NULL, '2020-03-25 12:03:07', NULL, NULL, NULL),
(309, 1488, 1903, 'TR309', 5, '2020-03-25 12:27:00', 1, 4, NULL, 1, NULL, NULL, '2020-03-25 12:28:02', NULL, NULL, NULL),
(310, 589, NULL, 'TR310', 6, '2020-03-25 13:51:00', 1, 7, NULL, 1, NULL, NULL, '2020-03-25 13:53:15', NULL, NULL, NULL),
(311, 1628, 1906, 'TR311', 7, '2020-03-25 15:53:00', 1, 4, NULL, 1, NULL, NULL, '2020-03-25 15:54:11', NULL, NULL, NULL),
(312, 1629, 1907, 'TR312', 8, '2020-03-25 16:31:00', 1, 4, NULL, 1, NULL, NULL, '2020-03-25 16:31:54', NULL, NULL, NULL),
(313, 1640, 1934, 'TR313', 1, '2020-03-30 10:38:00', 1, 4, NULL, 1, NULL, NULL, '2020-03-30 10:39:06', NULL, NULL, NULL),
(314, 1336, NULL, 'TR314', 2, '2020-03-30 10:48:00', 1, 4, NULL, 1, NULL, NULL, '2020-03-30 10:49:12', NULL, NULL, NULL),
(315, 1031, NULL, 'TR315', 3, '2020-03-30 10:49:00', 1, 4, NULL, 1, NULL, NULL, '2020-03-30 10:49:41', NULL, NULL, NULL),
(316, 657, NULL, 'TR316', 4, '2020-03-30 12:50:00', 1, 4, 'Risma', 1, NULL, NULL, '2020-03-30 16:11:14', NULL, NULL, NULL),
(317, 1374, NULL, 'TR317', 5, '2020-03-30 14:00:00', 8, 7, NULL, 1, NULL, NULL, '2020-03-30 16:13:24', NULL, NULL, NULL),
(318, 1521, NULL, 'TR318', 6, '2020-03-30 14:50:00', 8, 4, 'dr nurul', 1, NULL, NULL, '2020-03-30 16:16:45', NULL, NULL, NULL),
(319, 1641, NULL, 'TR319', 7, '2020-03-30 14:00:00', 7, 7, NULL, 1, NULL, NULL, '2020-03-30 16:23:33', NULL, NULL, NULL),
(320, 1628, NULL, 'TR320', 8, '2020-03-30 15:45:00', 1, 4, 'Bu eka', 1, NULL, NULL, '2020-03-30 16:24:47', NULL, NULL, NULL),
(321, 956, NULL, 'TR321', 9, '2020-03-30 15:30:00', 1, 5, NULL, 1, NULL, NULL, '2020-03-30 16:26:08', NULL, NULL, NULL),
(322, 587, NULL, 'TR322', 1, '2020-03-31 10:41:00', 1, 4, NULL, 1, NULL, NULL, '2020-03-31 10:41:54', NULL, NULL, NULL),
(323, 354, NULL, 'TR323', 2, '2020-03-31 10:41:00', 7, 4, NULL, 1, NULL, NULL, '2020-03-31 10:42:15', NULL, NULL, NULL),
(324, 1650, NULL, 'TR324', 3, '2020-03-31 11:15:00', 3, 4, 'Rahma', 1, NULL, NULL, '2020-03-31 11:45:17', NULL, NULL, NULL),
(325, 1592, NULL, 'TR325', 4, '2020-03-31 14:03:00', 8, 7, 'Rahma', 1, NULL, NULL, '2020-03-31 14:04:51', NULL, NULL, NULL),
(326, 1609, NULL, 'TR326', 5, '2020-03-31 14:07:00', 7, 7, 'Mela', 1, NULL, NULL, '2020-03-31 14:08:26', NULL, NULL, NULL),
(327, 1655, 1953, 'TR327', 1, '2020-04-01 10:53:00', 1, 4, NULL, 1, NULL, NULL, '2020-04-01 10:53:40', NULL, NULL, NULL),
(328, 1274, NULL, 'TR328', 2, '2020-04-01 10:53:00', 1, 4, NULL, 1, NULL, NULL, '2020-04-01 10:54:07', NULL, NULL, NULL),
(329, 1212, 1954, 'TR329', 3, '2020-04-01 11:09:00', 1, 4, NULL, 1, NULL, NULL, '2020-04-01 11:09:37', NULL, NULL, NULL),
(330, 1656, 1955, 'TR330', 4, '2020-04-01 13:01:00', 1, 4, NULL, 1, NULL, NULL, '2020-04-01 13:02:14', NULL, NULL, NULL),
(331, 1440, NULL, 'TR331', 5, '2020-04-01 12:45:00', NULL, 7, 'Mela', 1, NULL, NULL, '2020-04-01 13:24:20', NULL, NULL, NULL),
(332, 1514, NULL, 'TR332', 6, '2020-04-01 13:24:00', 7, 7, 'Mela', 1, NULL, NULL, '2020-04-01 13:27:45', NULL, NULL, NULL),
(333, 1069, NULL, 'TR333', 7, '2020-04-01 13:54:00', 1, 4, 'Bu eka', 1, NULL, NULL, '2020-04-01 13:55:40', NULL, NULL, NULL),
(334, 394, NULL, 'TR334', 8, '2020-04-01 14:45:00', 1, 4, 'Bu Eka', 1, NULL, NULL, '2020-04-01 16:19:12', NULL, NULL, NULL),
(335, 140, NULL, 'TR335', 9, '2020-04-01 15:30:00', 1, 7, 'Risma', 1, NULL, NULL, '2020-04-01 16:20:31', NULL, NULL, NULL),
(336, 1055, NULL, 'TR336', 10, '2020-04-01 16:20:00', 1, 7, 'Bu eka', 1, NULL, NULL, '2020-04-01 16:21:58', NULL, NULL, NULL),
(337, 771, NULL, 'TR337', 1, '2020-04-07 11:07:00', 7, 4, NULL, 1, NULL, NULL, '2020-04-07 11:07:26', NULL, NULL, NULL),
(338, 1620, NULL, 'TR338', 2, '2020-04-07 11:07:00', 3, 4, NULL, 1, NULL, NULL, '2020-04-07 11:07:54', NULL, NULL, NULL),
(339, 1676, 2006, 'TR339', 1, '2020-04-08 11:23:00', 1, 4, NULL, 1, NULL, NULL, '2020-04-08 11:23:37', NULL, NULL, NULL),
(340, 1677, 2007, 'TR340', 2, '2020-04-08 11:25:00', 1, 4, NULL, 1, NULL, NULL, '2020-04-08 11:26:04', NULL, NULL, NULL),
(341, 819, 2008, 'TR341', 3, '2020-04-08 11:27:00', 1, 4, NULL, 1, NULL, NULL, '2020-04-08 11:27:23', NULL, NULL, NULL),
(342, 337, 2009, 'TR342', 4, '2020-04-08 11:27:00', 1, 4, NULL, 1, NULL, NULL, '2020-04-08 11:27:36', NULL, NULL, NULL),
(343, 589, 2011, 'TR343', 5, '2020-04-08 12:28:00', 1, 4, NULL, 4, NULL, 'sudah facial tapi merah', '2020-04-08 12:28:48', '2020-04-10 17:43:51', NULL, NULL),
(344, 1202, NULL, 'TR344', 1, '2020-04-13 12:41:00', 7, 4, NULL, 1, NULL, NULL, '2020-04-13 12:43:25', NULL, NULL, NULL),
(345, 1586, NULL, 'TR345', 2, '2020-04-13 12:43:00', 7, 4, NULL, 1, NULL, NULL, '2020-04-13 12:44:51', NULL, NULL, NULL),
(346, 1274, NULL, 'TR346', 3, '2020-04-13 13:16:00', 7, 4, NULL, 1, NULL, NULL, '2020-04-13 13:17:00', NULL, NULL, NULL),
(347, 1672, 2044, 'TR347', 4, '2020-04-13 13:18:00', 1, 4, NULL, 1, NULL, NULL, '2020-04-13 13:19:06', NULL, NULL, NULL),
(348, 1341, 2053, 'TR348', 1, '2020-04-14 11:35:00', 1, 4, NULL, 1, NULL, NULL, '2020-04-14 11:35:40', NULL, NULL, NULL),
(349, 1174, NULL, 'TR349', 2, '2020-04-14 13:30:00', 1, 4, 'Risma - Blackpeel', 4, NULL, NULL, '2020-04-14 13:30:54', '2020-04-14 13:31:16', NULL, NULL),
(350, 1623, NULL, 'TR350', 3, '2020-04-14 11:00:00', 7, 7, 'Suntik Pipi', 1, NULL, NULL, '2020-04-14 13:32:56', NULL, NULL, NULL),
(351, 1610, NULL, 'TR351', 4, '2020-04-14 11:45:00', 7, 4, 'dr nurul', 1, NULL, NULL, '2020-04-14 13:33:59', NULL, NULL, NULL),
(352, 1525, NULL, 'TR352', 5, '2020-04-14 13:00:00', 1, 4, 'Poly SA 4G - Risma', 1, NULL, NULL, '2020-04-14 15:37:45', NULL, NULL, NULL),
(353, 1592, NULL, 'TR353', 6, '2020-04-14 13:30:00', 7, 7, 'Intan - L.bibir', 1, NULL, NULL, '2020-04-14 15:39:06', NULL, NULL, NULL);
INSERT INTO `treatments` (`id`, `patient_id`, `appointment_id`, `treatment_no`, `seq`, `date`, `room_id`, `staff_id`, `notes`, `status_id`, `service_id`, `service_notes`, `created_at`, `updated_at`, `created_by`, `updated_by`) VALUES
(354, 1415, NULL, 'TR354', 7, '2020-04-14 15:39:00', 7, 4, 'Intan', 1, NULL, NULL, '2020-04-14 15:40:23', NULL, NULL, NULL),
(355, 1005, NULL, 'TR355', 8, '2020-04-14 15:40:00', NULL, 4, 'Risma', 1, NULL, NULL, '2020-04-14 15:41:20', NULL, NULL, NULL),
(356, 1181, NULL, 'TR356', 1, '2020-04-21 11:00:00', 3, 4, 'Infus Booster - Rahma', 1, NULL, NULL, '2020-04-21 12:49:45', NULL, NULL, NULL),
(357, 990, NULL, 'TR357', 2, '2020-04-21 11:30:00', 7, 7, 'Mela', 1, NULL, NULL, '2020-04-21 12:51:21', NULL, NULL, NULL),
(358, 86, NULL, 'TR358', 3, '2020-04-21 12:40:00', 1, 4, 'Risma', 1, NULL, NULL, '2020-04-21 14:11:34', NULL, NULL, NULL),
(359, 87, NULL, 'TR359', 4, '2020-04-21 12:00:00', 1, 5, NULL, 1, NULL, NULL, '2020-04-21 14:15:11', NULL, NULL, NULL),
(360, 86, NULL, 'TR360', 5, '2020-04-21 14:15:00', 1, 7, 'rahma', 1, NULL, NULL, '2020-04-21 14:21:21', NULL, NULL, NULL),
(361, 1711, NULL, 'TR361', 6, '2020-04-21 14:22:00', 7, 7, 'rahma', 1, NULL, NULL, '2020-04-21 14:23:58', NULL, NULL, NULL),
(362, 1749, 2178, 'TR362', 1, '2020-05-04 10:57:00', 1, 4, NULL, 1, NULL, NULL, '2020-05-04 10:57:52', NULL, NULL, NULL),
(363, 1750, 2179, 'TR363', 2, '2020-05-04 10:58:00', 1, 4, NULL, 1, NULL, NULL, '2020-05-04 10:58:08', NULL, NULL, NULL),
(364, 86, 2188, 'TR364', 1, '2020-05-05 10:57:00', 8, 4, NULL, 1, NULL, NULL, '2020-05-05 10:57:41', NULL, NULL, NULL),
(365, 1400, 2189, 'TR365', 2, '2020-05-05 10:57:00', 8, 4, NULL, 1, NULL, NULL, '2020-05-05 10:57:58', NULL, NULL, NULL),
(366, 1516, 2190, 'TR366', 3, '2020-05-05 10:58:00', 1, 4, NULL, 1, NULL, NULL, '2020-05-05 10:58:12', NULL, NULL, NULL),
(367, 1753, 2191, 'TR367', 4, '2020-05-05 11:05:00', 1, 4, NULL, 1, NULL, NULL, '2020-05-05 11:05:26', NULL, NULL, NULL),
(368, 836, 2193, 'TR368', 5, '2020-05-05 11:05:00', 1, 4, NULL, 1, NULL, NULL, '2020-05-05 11:05:47', NULL, NULL, NULL),
(369, 1619, 2198, 'TR369', 6, '2020-05-05 15:44:00', 1, 4, NULL, 1, NULL, NULL, '2020-05-05 15:44:43', NULL, NULL, NULL),
(370, 1112, 2199, 'TR370', 7, '2020-05-05 15:44:00', 1, 4, NULL, 1, NULL, NULL, '2020-05-05 15:44:58', NULL, NULL, NULL),
(371, 459, 2200, 'TR371', 8, '2020-05-05 15:45:00', 1, 4, NULL, 1, NULL, NULL, '2020-05-05 15:45:16', NULL, NULL, NULL);

-- --------------------------------------------------------

--
-- Table structure for table `treatment_details`
--

CREATE TABLE `treatment_details` (
  `id` int(11) NOT NULL,
  `treatment_id` int(11) NOT NULL,
  `name` varchar(194) NOT NULL,
  `description` varchar(194) DEFAULT NULL,
  `created_at` datetime NOT NULL,
  `updated_at` datetime DEFAULT NULL
) ENGINE=InnoDB DEFAULT CHARSET=latin1 ROW_FORMAT=DYNAMIC;

--
-- Dumping data for table `treatment_details`
--

INSERT INTO `treatment_details` (`id`, `treatment_id`, `name`, `description`, `created_at`, `updated_at`) VALUES
(815, 67, 'TR-001 - FACIAL STANDAR - Facials', NULL, '2019-11-25 10:45:41', NULL),
(816, 67, 'TR-047 - LASER - Baby Spa', NULL, '2019-11-25 10:45:41', NULL),
(817, 70, 'TR-003 - FACIAL MEDIUM - Facials', NULL, '2019-11-28 12:29:31', NULL),
(818, 71, 'TR-001 - FACIAL STANDAR - Facials', NULL, '2019-11-28 12:30:52', NULL),
(819, 72, 'TR-001 - FACIAL STANDAR - Facials', NULL, '2019-11-28 12:30:57', NULL),
(820, 76, 'TR-005 - FACIAL PREMIUM - Facials', 'oxy spray', '2019-12-05 09:46:12', NULL),
(821, 77, 'TR-001 - FACIAL STANDAR - Facials', NULL, '2019-12-05 10:09:38', NULL),
(822, 77, 'TR-047 - LASER - Baby Spa', NULL, '2019-12-05 10:09:38', NULL),
(823, 79, 'TR-006 - FACIAL PREMIUM AKUPUNTUR - Facials', NULL, '2019-12-07 11:36:49', NULL),
(824, 81, 'TR-003 - FACIAL MEDIUM - Facials', NULL, '2019-12-12 11:23:40', NULL),
(825, 82, 'TR-047 - LASER - Baby Spa', NULL, '2019-12-12 11:24:55', NULL),
(826, 83, 'TR-014 - AKUPUNTUR - Akupuntur', NULL, '2019-12-12 11:25:34', NULL),
(827, 85, 'TR-047 - LASER - Baby Spa', NULL, '2019-12-20 16:56:30', NULL),
(828, 86, 'TR-001 - FACIAL STANDAR - Facials', NULL, '2019-12-20 16:58:44', NULL),
(829, 92, 'TR-001 - FACIAL STANDAR - Facials', NULL, '2020-01-03 09:48:05', NULL),
(830, 93, 'L001 - Laser Flek - Laser', NULL, '2020-01-03 09:48:57', NULL),
(831, 94, 'TR-003 - FACIAL MEDIUM - Facials', NULL, '2020-01-03 09:49:34', NULL),
(832, 95, 'TR-003 - FACIAL MEDIUM - Facials', NULL, '2020-01-03 10:27:16', NULL),
(833, 96, 'L001 - Laser Flek - Laser', NULL, '2020-01-03 10:37:01', NULL),
(834, 102, 'TR-009 - FACIAL GALVANIC SERUM - Facials', 'plus laser flek', '2020-01-04 10:44:47', NULL),
(835, 103, 'L001 - Laser Flek - Laser', 'bopeng', '2020-01-04 10:45:55', NULL),
(836, 106, 'L001 - Laser Flek - Laser', NULL, '2020-01-06 11:41:56', NULL),
(837, 113, 'TR-016 - PAKET MAIZEN SLIMING - Akupuntur', NULL, '2020-01-27 11:36:25', NULL),
(838, 113, 'L001 - Laser Flek - Laser', NULL, '2020-01-27 11:36:25', NULL),
(839, 113, 'TR-038 - INFUS VIT C - Baby Spa', NULL, '2020-01-27 11:36:25', NULL),
(840, 114, '089 - facial lumispa - Facials', NULL, '2020-01-27 11:36:49', NULL),
(841, 115, 'TR-001 - FACIAL STANDAR - Facials', NULL, '2020-01-27 11:38:22', NULL),
(842, 116, 'L001 - Laser Flek - Laser', NULL, '2020-01-27 11:38:57', NULL),
(843, 121, 'TR-001 - FACIAL STANDAR - Facials', NULL, '2020-02-05 23:53:34', NULL),
(844, 122, 'TR-001 - FACIAL STANDAR - Facials', NULL, '2020-02-06 00:17:29', NULL),
(845, 122, 'TR-003 - FACIAL MEDIUM - Facials', NULL, '2020-02-06 00:17:29', NULL),
(846, 123, 'L001 - Laser Flek - Laser', NULL, '2020-02-07 09:37:50', NULL),
(847, 123, 'S00-1 - Suntik Flek ringan - Suntik', 'Bawah Mata', '2020-02-07 09:37:50', NULL),
(848, 124, 'TR-001 - FACIAL STANDAR - Facials', NULL, '2020-02-07 10:10:30', NULL),
(849, 126, 'TR-015 - PAKET AKUPUNTUR SLIMING - Akupuntur', NULL, '2020-02-08 11:32:21', NULL),
(850, 126, 'TR-003 - FACIAL MEDIUM - Facials', 'Oxy Glow', '2020-02-08 11:32:21', NULL),
(851, 127, 'TR-005 - FACIAL PREMIUM - Facials', NULL, '2020-02-08 11:34:02', NULL),
(852, 127, 'TR-014 - AKUPUNTUR - Akupuntur', NULL, '2020-02-08 11:34:02', NULL),
(853, 128, 'TR-007 - FACIAL GALVANIC - Facials', NULL, '2020-02-08 11:36:14', NULL),
(854, 129, '089 - facial lumispa - Facials', NULL, '2020-02-08 11:41:20', NULL),
(855, 130, 'TR-005 - FACIAL PREMIUM - Facials', NULL, '2020-02-08 11:41:59', NULL),
(856, 131, 'TR-007 - FACIAL GALVANIC - Facials', NULL, '2020-02-08 11:47:36', NULL),
(857, 133, '089 - facial lumispa - Facials', NULL, '2020-02-10 09:53:22', NULL),
(858, 133, 'L001 - Laser Flek - Laser', NULL, '2020-02-10 09:53:22', NULL),
(859, 134, 'TR-007 - FACIAL GALVANIC - Facials', NULL, '2020-02-10 10:47:01', NULL),
(860, 134, '089 - facial lumispa - Facials', NULL, '2020-02-10 10:47:01', NULL),
(861, 143, 'TR-007 - FACIAL GALVANIC - Facials', NULL, '2020-02-11 09:49:48', NULL),
(862, 156, 'TR-015 - PAKET AKUPUNTUR SLIMING - Akupuntur', NULL, '2020-02-12 10:37:04', NULL),
(863, 157, 'TR-007 - FACIAL GALVANIC - Facials', NULL, '2020-02-12 10:37:50', NULL),
(864, 157, '089 - facial lumispa - Facials', NULL, '2020-02-12 10:37:50', NULL),
(865, 158, 'L001 - Laser Flek - Laser', NULL, '2020-02-12 10:38:40', NULL),
(866, 159, 'L001 - Laser Flek - Laser', NULL, '2020-02-12 10:39:50', NULL),
(867, 161, 'TR-009 - FACIAL GALVANIC SERUM - Facials', NULL, '2020-02-12 14:05:00', NULL),
(868, 161, '089 - facial lumispa - Facials', NULL, '2020-02-12 14:05:00', NULL),
(869, 162, 'TR-014 - AKUPUNTUR - Akupuntur', NULL, '2020-02-12 14:22:48', NULL),
(870, 164, 'L001 - Laser Flek - Laser', NULL, '2020-02-12 15:10:59', NULL),
(871, 169, 'L001 - Laser Flek - Laser', NULL, '2020-02-13 11:51:15', NULL),
(872, 170, 'TR-001 - FACIAL STANDAR - Facials', NULL, '2020-02-13 11:52:30', NULL),
(873, 170, 'L005 - Plasma laser - Laser', NULL, '2020-02-13 11:52:30', NULL),
(874, 171, 'TR-001 - FACIAL STANDAR - Facials', NULL, '2020-02-13 11:53:19', NULL),
(875, 172, 'TR-005 - FACIAL PREMIUM - Facials', NULL, '2020-02-13 11:54:15', NULL),
(876, 177, 'TR-001 - FACIAL STANDAR - Facials', NULL, '2020-02-17 11:20:05', NULL),
(877, 181, 'L003 - Laser Glowing - Laser', NULL, '2020-02-17 12:02:30', NULL),
(878, 185, 'TR-001 - FACIAL STANDAR - Facials', NULL, '2020-02-18 08:11:19', NULL),
(879, 186, 'TR-007 - FACIAL GALVANIC - Facials', NULL, '2020-02-18 10:55:10', NULL),
(880, 187, 'TR-001 - FACIAL STANDAR - Facials', NULL, '2020-02-18 11:30:48', NULL),
(881, 188, 'TR-001 - FACIAL STANDAR - Facials', NULL, '2020-02-19 11:07:38', NULL),
(882, 188, 'TR-014 - AKUPUNTUR - Akupuntur', NULL, '2020-02-19 11:07:38', NULL),
(883, 189, 'L003 - Laser Glowing - Laser', NULL, '2020-02-19 11:17:55', NULL),
(884, 189, '089 - facial lumispa - Facials', NULL, '2020-02-19 11:17:55', NULL),
(885, 190, 'TR-007 - FACIAL GALVANIC - Facials', NULL, '2020-02-19 11:18:51', NULL),
(886, 190, '089 - facial lumispa - Facials', NULL, '2020-02-19 11:18:51', NULL),
(887, 192, 'L001 - Laser Flek - Laser', NULL, '2020-02-21 10:58:25', NULL),
(888, 196, 'L001 - Laser Flek - Laser', NULL, '2020-03-11 11:46:25', NULL),
(889, 200, 'TR-005 - FACIAL PREMIUM - Facials', NULL, '2020-03-11 13:09:15', NULL),
(890, 200, 'L001 - Laser Flek - Laser', NULL, '2020-03-11 13:09:15', NULL),
(891, 202, 'TR-007 - FACIAL GALVANIC - Facials', NULL, '2020-03-11 13:47:47', NULL),
(892, 208, 'TR-035 - PAKET SUNTIK VIT C 10X - Baby Spa', NULL, '2020-03-11 16:47:04', NULL),
(893, 210, 'TR-015 - PAKET AKUPUNTUR SLIMING - Akupuntur', NULL, '2020-03-12 10:23:22', NULL),
(894, 212, 'L001 - Laser Flek - Laser', NULL, '2020-03-12 11:03:03', NULL),
(895, 214, '089 - facial lumispa - Facials', NULL, '2020-03-12 12:10:49', NULL),
(896, 217, '089 - facial lumispa - Facials', NULL, '2020-03-12 12:52:09', NULL),
(897, 218, 'L003 - Laser Glowing - Laser', NULL, '2020-03-12 12:54:06', NULL),
(898, 219, 'TR-005 - FACIAL PREMIUM - Facials', NULL, '2020-03-12 13:30:27', NULL),
(899, 220, 'L001 - Laser Flek - Laser', NULL, '2020-03-13 10:46:43', NULL),
(900, 221, 'TR-010 - PEELING STANDAR - Peeling', NULL, '2020-03-13 11:06:21', NULL),
(901, 222, 'TR-010 - PEELING STANDAR - Peeling', NULL, '2020-03-13 11:12:48', NULL),
(902, 223, 'L001 - Laser Flek - Laser', NULL, '2020-03-13 13:25:30', NULL),
(903, 224, '089 - facial lumispa - Facials', NULL, '2020-03-14 11:23:49', NULL),
(904, 225, '089 - facial lumispa - Facials', NULL, '2020-03-16 09:39:10', NULL),
(905, 233, 'TR-038 - INFUS VIT C - Baby Spa', NULL, '2020-03-17 10:21:36', NULL),
(906, 234, 'TR-038 - INFUS VIT C - Baby Spa', NULL, '2020-03-17 10:22:29', NULL),
(907, 235, 'TR-038 - INFUS VIT C - Baby Spa', NULL, '2020-03-17 11:11:34', NULL),
(908, 236, 'TR-005 - FACIAL PREMIUM - Facials', NULL, '2020-03-17 11:51:56', NULL),
(909, 237, 'TR-038 - INFUS VIT C - Baby Spa', NULL, '2020-03-17 13:42:49', NULL),
(910, 238, 'TR-001 - FACIAL STANDAR - Facials', 'cauter', '2020-03-17 14:30:01', NULL),
(911, 246, 'TR-005 - FACIAL PREMIUM - Facials', NULL, '2020-03-18 10:03:13', NULL),
(912, 249, 'L001 - Laser Flek - Laser', NULL, '2020-03-18 11:25:41', NULL),
(913, 254, 'TR-002 - FACIAL STANDAR AKUPUNTUR - Facials', 'Oxy Spray', '2020-03-18 14:33:49', NULL),
(914, 260, '089 - facial lumispa - Facials', NULL, '2020-03-18 15:18:00', NULL),
(915, 264, 'TR-014 - AKUPUNTUR - Akupuntur', NULL, '2020-03-18 16:41:52', NULL),
(916, 265, 'TR-038 - INFUS VIT C - Baby Spa', NULL, '2020-03-18 16:42:52', NULL),
(917, 268, 'TR-005 - FACIAL PREMIUM - Facials', 'Oxy Spray', '2020-03-19 10:42:05', NULL),
(918, 268, 'TR-014 - AKUPUNTUR - Akupuntur', 'Akp Perut', '2020-03-19 10:42:05', NULL),
(919, 269, '001 - Konsultasi - Non-Kategori', 'Peeling giga white peel + melano', '2020-03-19 10:42:38', NULL),
(920, 274, 'TR-005 - FACIAL PREMIUM - Facials', NULL, '2020-03-21 14:07:40', NULL),
(921, 274, 'TR-014 - AKUPUNTUR - Akupuntur', NULL, '2020-03-21 14:07:40', NULL),
(922, 275, 'TR-012 - PEELING PREMIUM - Peeling', NULL, '2020-03-21 14:08:27', NULL),
(923, 276, 'TR-007 - FACIAL GALVANIC - Facials', NULL, '2020-03-21 14:09:16', NULL),
(924, 276, '089 - facial lumispa - Facials', NULL, '2020-03-21 14:09:16', NULL),
(925, 277, 'TR-009 - FACIAL GALVANIC SERUM - Facials', NULL, '2020-03-21 14:10:07', NULL),
(926, 277, '089 - facial lumispa - Facials', NULL, '2020-03-21 14:10:07', NULL),
(927, 282, '089 - facial lumispa - Facials', NULL, '2020-03-23 10:45:54', NULL),
(928, 282, 'TR-007 - FACIAL GALVANIC - Facials', NULL, '2020-03-23 10:45:54', NULL),
(929, 283, '089 - facial lumispa - Facials', NULL, '2020-03-23 10:46:29', NULL),
(930, 284, 'L003 - Laser Glowing - Laser', NULL, '2020-03-23 12:56:02', NULL),
(931, 285, 'TR-005 - FACIAL PREMIUM - Facials', NULL, '2020-03-23 13:10:40', NULL),
(932, 294, 'L004 - Laser Bopeng - Laser', 'Rahma', '2020-03-23 17:49:32', NULL),
(933, 295, 'TR-038 - INFUS VIT C - Baby Spa', NULL, '2020-03-23 17:50:26', NULL),
(934, 296, 'TR-038 - INFUS VIT C - Baby Spa', 'Rahma', '2020-03-23 17:51:51', NULL),
(935, 297, '089 - facial lumispa - Facials', NULL, '2020-03-24 11:51:25', NULL),
(936, 298, 'TR-038 - INFUS VIT C - Baby Spa', NULL, '2020-03-24 11:52:08', NULL),
(937, 298, 'TR-022 - BABY SPA WATER TREATMENT - Baby Spa', 'bleaching', '2020-03-24 11:52:08', NULL),
(938, 300, 'L001 - Laser Flek - Laser', 'Gizel', '2020-03-24 13:31:29', NULL),
(939, 303, 'TR-001 - FACIAL STANDAR - Facials', 'Fitri', '2020-03-24 16:48:54', NULL),
(940, 304, 'TR-001 - FACIAL STANDAR - Facials', 'Rahma', '2020-03-24 16:50:58', NULL),
(941, 308, 'TR-014 - AKUPUNTUR - Akupuntur', NULL, '2020-03-25 12:03:07', NULL),
(942, 310, 'TR-013 - PEELING EXCLUSIF - Peeling', 'Bu eka', '2020-03-25 13:53:15', NULL),
(943, 314, 'TR-005 - FACIAL PREMIUM - Facials', NULL, '2020-03-30 10:49:12', NULL),
(944, 315, 'TR-005 - FACIAL PREMIUM - Facials', NULL, '2020-03-30 10:49:41', NULL),
(945, 316, '089 - facial lumispa - Facials', 'Risma', '2020-03-30 16:11:14', NULL),
(946, 317, 'L001 - Laser Flek - Laser', 'Rahma', '2020-03-30 16:13:24', NULL),
(947, 318, 'L001 - Laser Flek - Laser', 'dr nurul / rahma', '2020-03-30 16:16:45', NULL),
(948, 319, 'TR-001 - FACIAL STANDAR - Facials', '+ botox + suntik lemak / rahma / bu eka', '2020-03-30 16:23:33', NULL),
(949, 320, '089 - facial lumispa - Facials', NULL, '2020-03-30 16:24:47', NULL),
(950, 321, 'TR-001 - FACIAL STANDAR - Facials', NULL, '2020-03-30 16:26:08', NULL),
(951, 322, 'TR-005 - FACIAL PREMIUM - Facials', NULL, '2020-03-31 10:41:54', NULL),
(952, 323, 'TR-034 - SUNTIK VIT C - Baby Spa', 'lemak', '2020-03-31 10:42:15', NULL),
(953, 324, 'TR-040 - INFUS VIT C+GLUTATHIONE - Baby Spa', NULL, '2020-03-31 11:45:17', NULL),
(954, 325, 'L005 - Plasma laser - Laser', NULL, '2020-03-31 14:04:51', NULL),
(955, 325, 'TR-040 - INFUS VIT C+GLUTATHIONE - Baby Spa', NULL, '2020-03-31 14:04:51', NULL),
(956, 326, 'TR-014 - AKUPUNTUR - Akupuntur', NULL, '2020-03-31 14:08:26', NULL),
(957, 326, 'L002 - Laser jerawat - Laser', NULL, '2020-03-31 14:08:26', NULL),
(958, 328, 'TR-007 - FACIAL GALVANIC - Facials', NULL, '2020-04-01 10:54:07', NULL),
(959, 328, '089 - facial lumispa - Facials', NULL, '2020-04-01 10:54:07', NULL),
(960, 331, 'L001 - Laser Flek - Laser', NULL, '2020-04-01 13:24:20', NULL),
(961, 332, 'L003 - Laser Glowing - Laser', NULL, '2020-04-01 13:27:45', NULL),
(962, 333, 'TR-005 - FACIAL PREMIUM - Facials', NULL, '2020-04-01 13:55:40', NULL),
(963, 334, 'TR-001 - FACIAL STANDAR - Facials', NULL, '2020-04-01 16:19:12', NULL),
(964, 335, 'TR-014 - AKUPUNTUR - Akupuntur', NULL, '2020-04-01 16:20:31', NULL),
(965, 336, 'TR-004 - FACIAL MEDIUM AKUPUNTUR - Facials', NULL, '2020-04-01 16:21:58', NULL),
(966, 337, 'TR-034 - SUNTIK VIT C - Baby Spa', NULL, '2020-04-07 11:07:26', NULL),
(967, 338, 'TR-038 - INFUS VIT C - Baby Spa', NULL, '2020-04-07 11:07:54', NULL),
(968, 344, 'TR-034 - SUNTIK VIT C - Baby Spa', 'pipi', '2020-04-13 12:43:25', NULL),
(969, 345, 'L001 - Laser Flek - Laser', NULL, '2020-04-13 12:44:51', NULL),
(970, 346, 'TR-038 - INFUS VIT C - Baby Spa', NULL, '2020-04-13 13:17:00', NULL),
(971, 346, 'L001 - Laser Flek - Laser', NULL, '2020-04-13 13:17:00', NULL),
(972, 349, 'TR-011 - PEELING MEDIUM - Peeling', NULL, '2020-04-14 13:30:54', NULL),
(973, 350, 'TR-001 - FACIAL STANDAR - Facials', 'Intan', '2020-04-14 13:32:56', NULL),
(974, 351, 'L002 - Laser jerawat - Laser', 'Intan', '2020-04-14 13:33:59', NULL),
(975, 353, 'L005 - Plasma laser - Laser', NULL, '2020-04-14 15:39:06', NULL),
(976, 354, 'L004 - Laser Bopeng - Laser', NULL, '2020-04-14 15:40:23', NULL),
(977, 354, 'TR-034 - SUNTIK VIT C - Baby Spa', NULL, '2020-04-14 15:40:23', NULL),
(978, 355, 'L002 - Laser jerawat - Laser', NULL, '2020-04-14 15:41:20', NULL),
(979, 356, 'TR-030 - Infus Vit. C - Infus', NULL, '2020-04-21 12:49:45', NULL),
(980, 357, 'TR-015 - Cauter (Sedang) - Cauter', NULL, '2020-04-21 12:51:21', NULL),
(981, 358, 'TR-023 - Facial Premium - Facials', NULL, '2020-04-21 14:11:34', NULL),
(982, 359, 'TR-026 - Galva + Lumi - Non Kategori', NULL, '2020-04-21 14:15:11', NULL),
(983, 360, 'TR-018 - Derma Roller + PRP - Derma', NULL, '2020-04-21 14:21:21', NULL),
(984, 361, 'TR-047 - Paket Laser Bopeng - Laser', NULL, '2020-04-21 14:23:58', NULL);

-- --------------------------------------------------------

--
-- Table structure for table `treatment_invoices`
--

CREATE TABLE `treatment_invoices` (
  `treatment_id` int(11) NOT NULL,
  `invoice_id` int(11) DEFAULT NULL
) ENGINE=InnoDB DEFAULT CHARSET=latin1 ROW_FORMAT=DYNAMIC;

--
-- Dumping data for table `treatment_invoices`
--

INSERT INTO `treatment_invoices` (`treatment_id`, `invoice_id`) VALUES
(67, 647),
(70, 662),
(71, 663),
(72, 664),
(76, 688),
(77, 689),
(79, 695),
(81, 700),
(82, 701),
(83, 702),
(85, 768),
(86, 769),
(92, 827),
(93, 828),
(94, 829),
(95, 830),
(96, 831),
(102, 851),
(103, 852),
(106, 865),
(113, 963),
(114, 964),
(115, 965),
(116, 966),
(121, 1000),
(122, 1004),
(123, 1015),
(124, 1016),
(126, 1021),
(127, 1022),
(128, 1023),
(129, 1024),
(130, 1025),
(131, 1026),
(133, 1034),
(134, 1035),
(143, 1046),
(156, 1059),
(157, 1060),
(158, 1061),
(159, 1062),
(161, 1065),
(162, 1067),
(164, 1069),
(169, 1074),
(170, 1075),
(171, 1076),
(172, 1077),
(177, 1088),
(181, 1093),
(185, 1098),
(186, 1099),
(187, 1100),
(188, 1104),
(189, 1105),
(190, 1106),
(192, 1109),
(196, 1128),
(200, 1132),
(202, 1135),
(208, 1140),
(210, 1142),
(212, 1144),
(214, 1149),
(217, 1150),
(218, 1151),
(219, 1152),
(220, 1153),
(221, 1154),
(222, 1155),
(223, 1156),
(224, 1164),
(225, 1165),
(233, 1191),
(234, 1192),
(235, 1193),
(236, 1194),
(237, 1196),
(238, 1202),
(246, 1205),
(249, 1215),
(254, 1222),
(260, 1225),
(264, 1226),
(265, 1227),
(268, 1230),
(269, 1231),
(274, 1237),
(275, 1238),
(276, 1239),
(277, 1240),
(282, 1249),
(283, 1250),
(284, 1251),
(285, 1252),
(294, 1268),
(295, 1269),
(296, 1270),
(297, 1271),
(298, 1272),
(300, 1274),
(303, 1281),
(304, 1282),
(308, 1286),
(310, 1288),
(314, 1313),
(315, 1314),
(316, 1320),
(317, 1321),
(318, 1322),
(319, 1324),
(320, 1325),
(321, 1326),
(322, 1327),
(323, 1328),
(324, 1329),
(325, 1334),
(326, 1335),
(328, 1339),
(331, 1341),
(332, 1343),
(333, 1346),
(334, 1349),
(335, 1350),
(336, 1351),
(337, 1378),
(338, 1379),
(344, 1411),
(345, 1412),
(346, 1413),
(349, 1430),
(350, 1431),
(351, 1432),
(353, 1435),
(354, 1436),
(355, 1437),
(356, 1473),
(357, 1474),
(358, 1476),
(359, 1477),
(360, 1478),
(361, 1479);

--
-- Indexes for dumped tables
--

--
-- Indexes for table `abilities`
--
ALTER TABLE `abilities`
  ADD PRIMARY KEY (`id`) USING BTREE,
  ADD KEY `abilities_scope_index` (`scope`) USING BTREE;

--
-- Indexes for table `admission_types`
--
ALTER TABLE `admission_types`
  ADD PRIMARY KEY (`id`) USING BTREE,
  ADD UNIQUE KEY `u_appointment_name` (`name`) USING BTREE,
  ADD KEY `fk_role_id` (`role_id`) USING BTREE,
  ADD KEY `fk_room_group_idx` (`room_group_id`) USING BTREE;

--
-- Indexes for table `appointments`
--
ALTER TABLE `appointments`
  ADD PRIMARY KEY (`id`) USING BTREE,
  ADD KEY `fk_patient_id` (`patient_id`) USING BTREE,
  ADD KEY `fk_staff_id` (`staff_id`) USING BTREE,
  ADD KEY `fk_status_id` (`status_id`) USING BTREE;

--
-- Indexes for table `appointments_copy`
--
ALTER TABLE `appointments_copy`
  ADD PRIMARY KEY (`id`) USING BTREE,
  ADD KEY `fk_patient_id` (`patient_id`) USING BTREE,
  ADD KEY `fk_staff_id` (`staff_id`) USING BTREE,
  ADD KEY `fk_appointment_type` (`appointment_type_id`) USING BTREE,
  ADD KEY `fk_status_id` (`status_id`) USING BTREE;

--
-- Indexes for table `appointment_invoices`
--
ALTER TABLE `appointment_invoices`
  ADD PRIMARY KEY (`appointment_id`) USING BTREE,
  ADD KEY `fk_inv_id` (`invoice_id`) USING BTREE;

--
-- Indexes for table `appointment_status`
--
ALTER TABLE `appointment_status`
  ADD PRIMARY KEY (`id`) USING BTREE,
  ADD UNIQUE KEY `u_status_name` (`name`) USING BTREE;

--
-- Indexes for table `assigned_roles`
--
ALTER TABLE `assigned_roles`
  ADD PRIMARY KEY (`id`) USING BTREE,
  ADD KEY `assigned_roles_entity_index` (`entity_id`,`entity_type`,`scope`) USING BTREE,
  ADD KEY `assigned_roles_role_id_index` (`role_id`) USING BTREE,
  ADD KEY `assigned_roles_scope_index` (`scope`) USING BTREE;

--
-- Indexes for table `attribute_blood_banks`
--
ALTER TABLE `attribute_blood_banks`
  ADD PRIMARY KEY (`id`) USING BTREE,
  ADD UNIQUE KEY `u_blood_name` (`blood_name`) USING BTREE;

--
-- Indexes for table `attribute_departments`
--
ALTER TABLE `attribute_departments`
  ADD PRIMARY KEY (`id`) USING BTREE;

--
-- Indexes for table `attribute_gender`
--
ALTER TABLE `attribute_gender`
  ADD PRIMARY KEY (`id`) USING BTREE,
  ADD UNIQUE KEY `u_name` (`name`) USING BTREE;

--
-- Indexes for table `attribute_info_media`
--
ALTER TABLE `attribute_info_media`
  ADD PRIMARY KEY (`id`) USING BTREE;

--
-- Indexes for table `attribute_info_sources`
--
ALTER TABLE `attribute_info_sources`
  ADD PRIMARY KEY (`id`) USING BTREE;

--
-- Indexes for table `attribute_marital_status`
--
ALTER TABLE `attribute_marital_status`
  ADD PRIMARY KEY (`id`) USING BTREE,
  ADD KEY `u_marital_name` (`name`) USING BTREE;

--
-- Indexes for table `attribute_religions`
--
ALTER TABLE `attribute_religions`
  ADD PRIMARY KEY (`id`) USING BTREE,
  ADD UNIQUE KEY `u_name` (`name`) USING BTREE;

--
-- Indexes for table `attribute_works`
--
ALTER TABLE `attribute_works`
  ADD PRIMARY KEY (`id`) USING BTREE;

--
-- Indexes for table `departments`
--
ALTER TABLE `departments`
  ADD PRIMARY KEY (`id`) USING BTREE;

--
-- Indexes for table `diagnoses`
--
ALTER TABLE `diagnoses`
  ADD PRIMARY KEY (`id`) USING BTREE,
  ADD KEY `fk_appointment_idx` (`appointment_id`) USING BTREE,
  ADD KEY `diagnose_item_id` (`diagnose_item_id`);

--
-- Indexes for table `diagnose_items`
--
ALTER TABLE `diagnose_items`
  ADD PRIMARY KEY (`id`) USING BTREE;

--
-- Indexes for table `floors`
--
ALTER TABLE `floors`
  ADD PRIMARY KEY (`id`) USING BTREE;

--
-- Indexes for table `incentives`
--
ALTER TABLE `incentives`
  ADD PRIMARY KEY (`id`) USING BTREE;

--
-- Indexes for table `incentive_details`
--
ALTER TABLE `incentive_details`
  ADD PRIMARY KEY (`id`) USING BTREE,
  ADD KEY `incentive_ids` (`incentive_id`) USING BTREE;

--
-- Indexes for table `incentive_staff`
--
ALTER TABLE `incentive_staff`
  ADD PRIMARY KEY (`id`) USING BTREE,
  ADD KEY `staff_id` (`staff_id`) USING BTREE,
  ADD KEY `incentive_id` (`incentive_id`) USING BTREE;

--
-- Indexes for table `incentive_staff_details`
--
ALTER TABLE `incentive_staff_details`
  ADD PRIMARY KEY (`id`) USING BTREE,
  ADD KEY `fk_staff_idx` (`staff_id`) USING BTREE,
  ADD KEY `fk_incentive_idx` (`incentive_id`) USING BTREE,
  ADD KEY `fk_inv_idx` (`invoice_id`) USING BTREE;

--
-- Indexes for table `indonesia_cities`
--
ALTER TABLE `indonesia_cities`
  ADD PRIMARY KEY (`id`) USING BTREE,
  ADD KEY `cities_province_id_foreign` (`province_id`) USING BTREE;

--
-- Indexes for table `indonesia_districts`
--
ALTER TABLE `indonesia_districts`
  ADD PRIMARY KEY (`id`) USING BTREE,
  ADD KEY `districts_city_id_foreign` (`city_id`) USING BTREE;

--
-- Indexes for table `indonesia_provinces`
--
ALTER TABLE `indonesia_provinces`
  ADD PRIMARY KEY (`id`) USING BTREE;

--
-- Indexes for table `indonesia_villages`
--
ALTER TABLE `indonesia_villages`
  ADD PRIMARY KEY (`id`) USING BTREE,
  ADD KEY `villages_district_id_foreign` (`district_id`) USING BTREE;

--
-- Indexes for table `invoices`
--
ALTER TABLE `invoices`
  ADD PRIMARY KEY (`id`) USING BTREE,
  ADD KEY `fk_inv_patient_idx` (`patient_id`) USING BTREE,
  ADD KEY `appointment_id` (`appointment_id`);

--
-- Indexes for table `invoice_details`
--
ALTER TABLE `invoice_details`
  ADD PRIMARY KEY (`id`) USING BTREE,
  ADD KEY `fk_invoice_id` (`invoice_id`) USING BTREE,
  ADD KEY `fk_product_id` (`product_id`) USING BTREE;

--
-- Indexes for table `invoice_service_details`
--
ALTER TABLE `invoice_service_details`
  ADD PRIMARY KEY (`id`) USING BTREE,
  ADD KEY `fk_invoice_id` (`invoice_id`) USING BTREE,
  ADD KEY `fk_product_id` (`product_id`) USING BTREE;

--
-- Indexes for table `migrations`
--
ALTER TABLE `migrations`
  ADD PRIMARY KEY (`id`) USING BTREE;

--
-- Indexes for table `patients`
--
ALTER TABLE `patients`
  ADD PRIMARY KEY (`id`) USING BTREE,
  ADD KEY `fk_blood_id` (`blood_id`) USING BTREE,
  ADD KEY `fk_work_id` (`work_id`) USING BTREE,
  ADD KEY `fks_patient_idx` (`patient_flag_id`) USING BTREE,
  ADD KEY `fk_village_idx` (`village_id`) USING BTREE,
  ADD KEY `fk_district_id` (`district_id`) USING BTREE,
  ADD KEY `fk_city_id` (`city_id`) USING BTREE,
  ADD KEY `fk_religion_id` (`religion_id`) USING BTREE;

--
-- Indexes for table `patient_admissions`
--
ALTER TABLE `patient_admissions`
  ADD PRIMARY KEY (`id`) USING BTREE,
  ADD KEY `fk_patient_id` (`patient_id`) USING BTREE,
  ADD KEY `fk_status_id` (`status_id`) USING BTREE,
  ADD KEY `fk_admission_type` (`admission_type_id`) USING BTREE;

--
-- Indexes for table `patient_before_afters`
--
ALTER TABLE `patient_before_afters`
  ADD PRIMARY KEY (`id`) USING BTREE,
  ADD KEY `fk_patient_idxg` (`patient_id`) USING BTREE;

--
-- Indexes for table `patient_flags`
--
ALTER TABLE `patient_flags`
  ADD PRIMARY KEY (`id`) USING BTREE,
  ADD UNIQUE KEY `u_name_flag` (`name`,`color_code`) USING BTREE;

--
-- Indexes for table `patient_media_info`
--
ALTER TABLE `patient_media_info`
  ADD PRIMARY KEY (`id`) USING BTREE,
  ADD KEY `fk_media_id` (`media_id`) USING BTREE,
  ADD KEY `fk_patient_ids` (`patient_id`) USING BTREE;

--
-- Indexes for table `patient_queues`
--
ALTER TABLE `patient_queues`
  ADD PRIMARY KEY (`id`) USING BTREE,
  ADD KEY `fk_patient_idx` (`patient_id`) USING BTREE,
  ADD KEY `fk_appointment_type_idx` (`appointment_type_id`) USING BTREE;

--
-- Indexes for table `patient_timelines`
--
ALTER TABLE `patient_timelines`
  ADD PRIMARY KEY (`id`) USING BTREE,
  ADD KEY `fkt_patient_id` (`patient_id`) USING BTREE;

--
-- Indexes for table `patient_timeline_details`
--
ALTER TABLE `patient_timeline_details`
  ADD PRIMARY KEY (`id`) USING BTREE,
  ADD KEY `fk_timeline_id` (`timeline_id`) USING BTREE;

--
-- Indexes for table `permissions`
--
ALTER TABLE `permissions`
  ADD PRIMARY KEY (`id`) USING BTREE,
  ADD KEY `permissions_entity_index` (`entity_id`,`entity_type`,`scope`) USING BTREE,
  ADD KEY `permissions_ability_id_index` (`ability_id`) USING BTREE,
  ADD KEY `permissions_scope_index` (`scope`) USING BTREE;

--
-- Indexes for table `prescriptions`
--
ALTER TABLE `prescriptions`
  ADD PRIMARY KEY (`id`) USING BTREE,
  ADD KEY `fk_patient_idz` (`patient_id`) USING BTREE,
  ADD KEY `fk_appointment_id` (`appointment_id`) USING BTREE;

--
-- Indexes for table `prescription_details`
--
ALTER TABLE `prescription_details`
  ADD PRIMARY KEY (`id`) USING BTREE,
  ADD KEY `fk_prescription_id` (`prescription_id`) USING BTREE,
  ADD KEY `product_id` (`product_id`);

--
-- Indexes for table `prescription_treatments`
--
ALTER TABLE `prescription_treatments`
  ADD PRIMARY KEY (`id`) USING BTREE,
  ADD KEY `fk_prescription_id` (`prescription_id`) USING BTREE,
  ADD KEY `services_id` (`services_id`);

--
-- Indexes for table `products`
--
ALTER TABLE `products`
  ADD PRIMARY KEY (`id`) USING BTREE,
  ADD KEY `fk_category_id` (`category_id`) USING BTREE;

--
-- Indexes for table `product_categories`
--
ALTER TABLE `product_categories`
  ADD PRIMARY KEY (`id`) USING BTREE,
  ADD KEY `fk_parent_id` (`parent_id`) USING BTREE;

--
-- Indexes for table `product_packages`
--
ALTER TABLE `product_packages`
  ADD PRIMARY KEY (`id`) USING BTREE;

--
-- Indexes for table `product_package_details`
--
ALTER TABLE `product_package_details`
  ADD PRIMARY KEY (`id`) USING BTREE;

--
-- Indexes for table `roles`
--
ALTER TABLE `roles`
  ADD PRIMARY KEY (`id`) USING BTREE,
  ADD UNIQUE KEY `roles_name_unique` (`name`,`scope`) USING BTREE,
  ADD KEY `roles_scope_index` (`scope`) USING BTREE;

--
-- Indexes for table `rooms`
--
ALTER TABLE `rooms`
  ADD PRIMARY KEY (`id`) USING BTREE,
  ADD KEY `fk_room_group_id` (`room_group_id`) USING BTREE;

--
-- Indexes for table `room_groups`
--
ALTER TABLE `room_groups`
  ADD PRIMARY KEY (`id`) USING BTREE,
  ADD KEY `fk_floor_id` (`floor_id`) USING BTREE;

--
-- Indexes for table `room_types`
--
ALTER TABLE `room_types`
  ADD PRIMARY KEY (`id`) USING BTREE;

--
-- Indexes for table `services`
--
ALTER TABLE `services`
  ADD PRIMARY KEY (`id`) USING BTREE,
  ADD KEY `fk_category_id` (`category_id`) USING BTREE;

--
-- Indexes for table `service_categories`
--
ALTER TABLE `service_categories`
  ADD PRIMARY KEY (`id`) USING BTREE;

--
-- Indexes for table `staff`
--
ALTER TABLE `staff`
  ADD PRIMARY KEY (`id`) USING BTREE,
  ADD UNIQUE KEY `u_employee_id` (`employee_id`) USING BTREE,
  ADD KEY `fk_department_id` (`department_id`) USING BTREE,
  ADD KEY `fk_designation_id` (`designation_id`) USING BTREE,
  ADD KEY `fk_user_idxs` (`user_id`) USING BTREE;

--
-- Indexes for table `staff_designations`
--
ALTER TABLE `staff_designations`
  ADD PRIMARY KEY (`id`) USING BTREE,
  ADD UNIQUE KEY `u_designation_name` (`name`) USING BTREE;

--
-- Indexes for table `treatments`
--
ALTER TABLE `treatments`
  ADD PRIMARY KEY (`id`) USING BTREE,
  ADD KEY `fk_patient_id` (`patient_id`) USING BTREE,
  ADD KEY `fk_staff_id` (`staff_id`) USING BTREE,
  ADD KEY `fk_status_id` (`status_id`) USING BTREE;

--
-- Indexes for table `treatment_details`
--
ALTER TABLE `treatment_details`
  ADD PRIMARY KEY (`id`) USING BTREE,
  ADD KEY `fk_prescription_id` (`treatment_id`) USING BTREE;

--
-- Indexes for table `treatment_invoices`
--
ALTER TABLE `treatment_invoices`
  ADD PRIMARY KEY (`treatment_id`) USING BTREE,
  ADD KEY `fk_inv_id` (`invoice_id`) USING BTREE;

--
-- AUTO_INCREMENT for dumped tables
--

--
-- AUTO_INCREMENT for table `abilities`
--
ALTER TABLE `abilities`
  MODIFY `id` int(10) UNSIGNED NOT NULL AUTO_INCREMENT, AUTO_INCREMENT=28;

--
-- AUTO_INCREMENT for table `admission_types`
--
ALTER TABLE `admission_types`
  MODIFY `id` tinyint(4) UNSIGNED NOT NULL AUTO_INCREMENT, AUTO_INCREMENT=4;

--
-- AUTO_INCREMENT for table `appointments`
--
ALTER TABLE `appointments`
  MODIFY `id` int(11) NOT NULL AUTO_INCREMENT, AUTO_INCREMENT=2217;

--
-- AUTO_INCREMENT for table `appointments_copy`
--
ALTER TABLE `appointments_copy`
  MODIFY `id` int(11) NOT NULL AUTO_INCREMENT, AUTO_INCREMENT=14;

--
-- AUTO_INCREMENT for table `appointment_status`
--
ALTER TABLE `appointment_status`
  MODIFY `id` tinyint(4) NOT NULL AUTO_INCREMENT, AUTO_INCREMENT=5;

--
-- AUTO_INCREMENT for table `assigned_roles`
--
ALTER TABLE `assigned_roles`
  MODIFY `id` int(10) UNSIGNED NOT NULL AUTO_INCREMENT, AUTO_INCREMENT=32;

--
-- AUTO_INCREMENT for table `attribute_blood_banks`
--
ALTER TABLE `attribute_blood_banks`
  MODIFY `id` tinyint(4) NOT NULL AUTO_INCREMENT, AUTO_INCREMENT=5;

--
-- AUTO_INCREMENT for table `attribute_departments`
--
ALTER TABLE `attribute_departments`
  MODIFY `id` int(11) NOT NULL AUTO_INCREMENT, AUTO_INCREMENT=4;

--
-- AUTO_INCREMENT for table `attribute_gender`
--
ALTER TABLE `attribute_gender`
  MODIFY `id` tinyint(4) NOT NULL AUTO_INCREMENT, AUTO_INCREMENT=3;

--
-- AUTO_INCREMENT for table `attribute_info_media`
--
ALTER TABLE `attribute_info_media`
  MODIFY `id` tinyint(4) NOT NULL AUTO_INCREMENT, AUTO_INCREMENT=6;

--
-- AUTO_INCREMENT for table `attribute_info_sources`
--
ALTER TABLE `attribute_info_sources`
  MODIFY `id` tinyint(4) NOT NULL AUTO_INCREMENT, AUTO_INCREMENT=23;

--
-- AUTO_INCREMENT for table `attribute_marital_status`
--
ALTER TABLE `attribute_marital_status`
  MODIFY `id` tinyint(4) NOT NULL AUTO_INCREMENT, AUTO_INCREMENT=3;

--
-- AUTO_INCREMENT for table `attribute_religions`
--
ALTER TABLE `attribute_religions`
  MODIFY `id` tinyint(4) NOT NULL AUTO_INCREMENT, AUTO_INCREMENT=5;

--
-- AUTO_INCREMENT for table `attribute_works`
--
ALTER TABLE `attribute_works`
  MODIFY `id` tinyint(4) NOT NULL AUTO_INCREMENT, AUTO_INCREMENT=13;

--
-- AUTO_INCREMENT for table `departments`
--
ALTER TABLE `departments`
  MODIFY `id` tinyint(4) NOT NULL AUTO_INCREMENT, AUTO_INCREMENT=9;

--
-- AUTO_INCREMENT for table `diagnoses`
--
ALTER TABLE `diagnoses`
  MODIFY `id` int(11) NOT NULL AUTO_INCREMENT, AUTO_INCREMENT=1499;

--
-- AUTO_INCREMENT for table `diagnose_items`
--
ALTER TABLE `diagnose_items`
  MODIFY `id` int(11) NOT NULL AUTO_INCREMENT, AUTO_INCREMENT=39;

--
-- AUTO_INCREMENT for table `floors`
--
ALTER TABLE `floors`
  MODIFY `id` tinyint(4) NOT NULL AUTO_INCREMENT, AUTO_INCREMENT=6;

--
-- AUTO_INCREMENT for table `incentives`
--
ALTER TABLE `incentives`
  MODIFY `id` int(11) NOT NULL AUTO_INCREMENT, AUTO_INCREMENT=16;

--
-- AUTO_INCREMENT for table `incentive_details`
--
ALTER TABLE `incentive_details`
  MODIFY `id` int(11) NOT NULL AUTO_INCREMENT, AUTO_INCREMENT=87;

--
-- AUTO_INCREMENT for table `incentive_staff`
--
ALTER TABLE `incentive_staff`
  MODIFY `id` int(11) NOT NULL AUTO_INCREMENT, AUTO_INCREMENT=3;

--
-- AUTO_INCREMENT for table `incentive_staff_details`
--
ALTER TABLE `incentive_staff_details`
  MODIFY `id` int(11) NOT NULL AUTO_INCREMENT, AUTO_INCREMENT=27;

--
-- AUTO_INCREMENT for table `invoices`
--
ALTER TABLE `invoices`
  MODIFY `id` int(11) NOT NULL AUTO_INCREMENT, AUTO_INCREMENT=1572;

--
-- AUTO_INCREMENT for table `invoice_details`
--
ALTER TABLE `invoice_details`
  MODIFY `id` int(11) NOT NULL AUTO_INCREMENT, AUTO_INCREMENT=6613;

--
-- AUTO_INCREMENT for table `invoice_service_details`
--
ALTER TABLE `invoice_service_details`
  MODIFY `id` int(11) NOT NULL AUTO_INCREMENT;

--
-- AUTO_INCREMENT for table `migrations`
--
ALTER TABLE `migrations`
  MODIFY `id` int(10) UNSIGNED NOT NULL AUTO_INCREMENT, AUTO_INCREMENT=5;

--
-- AUTO_INCREMENT for table `patients`
--
ALTER TABLE `patients`
  MODIFY `id` int(11) NOT NULL AUTO_INCREMENT, AUTO_INCREMENT=1762;

--
-- AUTO_INCREMENT for table `patient_admissions`
--
ALTER TABLE `patient_admissions`
  MODIFY `id` int(11) NOT NULL AUTO_INCREMENT, AUTO_INCREMENT=1493;

--
-- AUTO_INCREMENT for table `patient_before_afters`
--
ALTER TABLE `patient_before_afters`
  MODIFY `id` int(11) NOT NULL AUTO_INCREMENT, AUTO_INCREMENT=211;

--
-- AUTO_INCREMENT for table `patient_flags`
--
ALTER TABLE `patient_flags`
  MODIFY `id` tinyint(4) NOT NULL AUTO_INCREMENT, AUTO_INCREMENT=5;

--
-- AUTO_INCREMENT for table `patient_media_info`
--
ALTER TABLE `patient_media_info`
  MODIFY `id` int(11) NOT NULL AUTO_INCREMENT, AUTO_INCREMENT=1731;

--
-- AUTO_INCREMENT for table `patient_queues`
--
ALTER TABLE `patient_queues`
  MODIFY `id` int(11) NOT NULL AUTO_INCREMENT;

--
-- AUTO_INCREMENT for table `patient_timelines`
--
ALTER TABLE `patient_timelines`
  MODIFY `id` int(11) NOT NULL AUTO_INCREMENT, AUTO_INCREMENT=108;

--
-- AUTO_INCREMENT for table `patient_timeline_details`
--
ALTER TABLE `patient_timeline_details`
  MODIFY `id` int(11) NOT NULL AUTO_INCREMENT, AUTO_INCREMENT=237;

--
-- AUTO_INCREMENT for table `permissions`
--
ALTER TABLE `permissions`
  MODIFY `id` int(10) UNSIGNED NOT NULL AUTO_INCREMENT, AUTO_INCREMENT=92;

--
-- AUTO_INCREMENT for table `prescriptions`
--
ALTER TABLE `prescriptions`
  MODIFY `id` int(11) NOT NULL AUTO_INCREMENT, AUTO_INCREMENT=1488;

--
-- AUTO_INCREMENT for table `prescription_details`
--
ALTER TABLE `prescription_details`
  MODIFY `id` int(11) NOT NULL AUTO_INCREMENT, AUTO_INCREMENT=5011;

--
-- AUTO_INCREMENT for table `prescription_treatments`
--
ALTER TABLE `prescription_treatments`
  MODIFY `id` int(11) NOT NULL AUTO_INCREMENT, AUTO_INCREMENT=1662;

--
-- AUTO_INCREMENT for table `products`
--
ALTER TABLE `products`
  MODIFY `id` int(11) NOT NULL AUTO_INCREMENT, AUTO_INCREMENT=171;

--
-- AUTO_INCREMENT for table `product_categories`
--
ALTER TABLE `product_categories`
  MODIFY `id` int(11) NOT NULL AUTO_INCREMENT, AUTO_INCREMENT=28;

--
-- AUTO_INCREMENT for table `product_packages`
--
ALTER TABLE `product_packages`
  MODIFY `id` int(11) NOT NULL AUTO_INCREMENT, AUTO_INCREMENT=2;

--
-- AUTO_INCREMENT for table `product_package_details`
--
ALTER TABLE `product_package_details`
  MODIFY `id` int(11) NOT NULL AUTO_INCREMENT, AUTO_INCREMENT=9;

--
-- AUTO_INCREMENT for table `roles`
--
ALTER TABLE `roles`
  MODIFY `id` int(10) UNSIGNED NOT NULL AUTO_INCREMENT, AUTO_INCREMENT=8;

--
-- AUTO_INCREMENT for table `rooms`
--
ALTER TABLE `rooms`
  MODIFY `id` int(11) NOT NULL AUTO_INCREMENT, AUTO_INCREMENT=9;

--
-- AUTO_INCREMENT for table `room_groups`
--
ALTER TABLE `room_groups`
  MODIFY `id` int(11) NOT NULL AUTO_INCREMENT, AUTO_INCREMENT=6;

--
-- AUTO_INCREMENT for table `room_types`
--
ALTER TABLE `room_types`
  MODIFY `id` int(11) NOT NULL AUTO_INCREMENT, AUTO_INCREMENT=4;

--
-- AUTO_INCREMENT for table `services`
--
ALTER TABLE `services`
  MODIFY `id` int(11) NOT NULL AUTO_INCREMENT, AUTO_INCREMENT=90;

--
-- AUTO_INCREMENT for table `service_categories`
--
ALTER TABLE `service_categories`
  MODIFY `id` tinyint(4) NOT NULL AUTO_INCREMENT, AUTO_INCREMENT=15;

--
-- AUTO_INCREMENT for table `staff`
--
ALTER TABLE `staff`
  MODIFY `id` int(11) NOT NULL AUTO_INCREMENT, AUTO_INCREMENT=9;

--
-- AUTO_INCREMENT for table `staff_designations`
--
ALTER TABLE `staff_designations`
  MODIFY `id` tinyint(4) NOT NULL AUTO_INCREMENT, AUTO_INCREMENT=6;

--
-- AUTO_INCREMENT for table `treatments`
--
ALTER TABLE `treatments`
  MODIFY `id` int(11) NOT NULL AUTO_INCREMENT, AUTO_INCREMENT=372;

--
-- AUTO_INCREMENT for table `treatment_details`
--
ALTER TABLE `treatment_details`
  MODIFY `id` int(11) NOT NULL AUTO_INCREMENT, AUTO_INCREMENT=985;

--
-- Constraints for dumped tables
--

--
-- Constraints for table `admission_types`
--
ALTER TABLE `admission_types`
  ADD CONSTRAINT `fk_role_id` FOREIGN KEY (`role_id`) REFERENCES `roles` (`id`),
  ADD CONSTRAINT `fk_room_group_idx` FOREIGN KEY (`room_group_id`) REFERENCES `room_groups` (`id`);

--
-- Constraints for table `appointments`
--
ALTER TABLE `appointments`
  ADD CONSTRAINT `fk_patient_id` FOREIGN KEY (`patient_id`) REFERENCES `patients` (`id`),
  ADD CONSTRAINT `fk_staff_id` FOREIGN KEY (`staff_id`) REFERENCES `staff` (`id`),
  ADD CONSTRAINT `fk_status_id` FOREIGN KEY (`status_id`) REFERENCES `appointment_status` (`id`);

--
-- Constraints for table `appointments_copy`
--
ALTER TABLE `appointments_copy`
  ADD CONSTRAINT `appointments_copy_ibfk_1` FOREIGN KEY (`appointment_type_id`) REFERENCES `admission_types` (`id`),
  ADD CONSTRAINT `appointments_copy_ibfk_2` FOREIGN KEY (`patient_id`) REFERENCES `patients` (`id`),
  ADD CONSTRAINT `appointments_copy_ibfk_3` FOREIGN KEY (`staff_id`) REFERENCES `staff` (`id`),
  ADD CONSTRAINT `appointments_copy_ibfk_4` FOREIGN KEY (`status_id`) REFERENCES `appointment_status` (`id`);

--
-- Constraints for table `appointment_invoices`
--
ALTER TABLE `appointment_invoices`
  ADD CONSTRAINT `fk_app_id` FOREIGN KEY (`appointment_id`) REFERENCES `appointments` (`id`),
  ADD CONSTRAINT `fk_inv_id` FOREIGN KEY (`invoice_id`) REFERENCES `invoices` (`id`);

--
-- Constraints for table `assigned_roles`
--
ALTER TABLE `assigned_roles`
  ADD CONSTRAINT `assigned_roles_role_id_foreign` FOREIGN KEY (`role_id`) REFERENCES `roles` (`id`) ON DELETE CASCADE ON UPDATE CASCADE;

--
-- Constraints for table `diagnoses`
--
ALTER TABLE `diagnoses`
  ADD CONSTRAINT `diagnoses_ibfk_1` FOREIGN KEY (`diagnose_item_id`) REFERENCES `diagnose_items` (`id`),
  ADD CONSTRAINT `fk_appointment_idx` FOREIGN KEY (`appointment_id`) REFERENCES `appointments` (`id`);

--
-- Constraints for table `incentive_details`
--
ALTER TABLE `incentive_details`
  ADD CONSTRAINT `incentive_ids` FOREIGN KEY (`incentive_id`) REFERENCES `incentives` (`id`) ON DELETE CASCADE;

--
-- Constraints for table `incentive_staff`
--
ALTER TABLE `incentive_staff`
  ADD CONSTRAINT `incentive_id` FOREIGN KEY (`incentive_id`) REFERENCES `incentives` (`id`),
  ADD CONSTRAINT `staff_id` FOREIGN KEY (`staff_id`) REFERENCES `staff` (`id`);

--
-- Constraints for table `incentive_staff_details`
--
ALTER TABLE `incentive_staff_details`
  ADD CONSTRAINT `fk_incentive_idx` FOREIGN KEY (`incentive_id`) REFERENCES `incentives` (`id`),
  ADD CONSTRAINT `fk_inv_idx` FOREIGN KEY (`invoice_id`) REFERENCES `invoices` (`id`),
  ADD CONSTRAINT `fk_staff_idx` FOREIGN KEY (`staff_id`) REFERENCES `staff` (`id`);

--
-- Constraints for table `indonesia_cities`
--
ALTER TABLE `indonesia_cities`
  ADD CONSTRAINT `cities_province_id_foreign` FOREIGN KEY (`province_id`) REFERENCES `indonesia_provinces` (`id`);

--
-- Constraints for table `indonesia_districts`
--
ALTER TABLE `indonesia_districts`
  ADD CONSTRAINT `districts_city_id_foreign` FOREIGN KEY (`city_id`) REFERENCES `indonesia_cities` (`id`);

--
-- Constraints for table `indonesia_villages`
--
ALTER TABLE `indonesia_villages`
  ADD CONSTRAINT `villages_district_id_foreign` FOREIGN KEY (`district_id`) REFERENCES `indonesia_districts` (`id`);

--
-- Constraints for table `invoices`
--
ALTER TABLE `invoices`
  ADD CONSTRAINT `fk_inv_patient_idx` FOREIGN KEY (`patient_id`) REFERENCES `patients` (`id`),
  ADD CONSTRAINT `invoices_ibfk_1` FOREIGN KEY (`appointment_id`) REFERENCES `appointments` (`id`) ON UPDATE CASCADE;

--
-- Constraints for table `invoice_details`
--
ALTER TABLE `invoice_details`
  ADD CONSTRAINT `fk_invoice_id` FOREIGN KEY (`invoice_id`) REFERENCES `invoices` (`id`);

--
-- Constraints for table `invoice_service_details`
--
ALTER TABLE `invoice_service_details`
  ADD CONSTRAINT `invoice_service_details_ibfk_1` FOREIGN KEY (`invoice_id`) REFERENCES `invoices` (`id`),
  ADD CONSTRAINT `invoice_service_details_ibfk_2` FOREIGN KEY (`product_id`) REFERENCES `products` (`id`);

--
-- Constraints for table `patients`
--
ALTER TABLE `patients`
  ADD CONSTRAINT `fk_blood_id` FOREIGN KEY (`blood_id`) REFERENCES `attribute_blood_banks` (`id`),
  ADD CONSTRAINT `fk_city_id` FOREIGN KEY (`city_id`) REFERENCES `indonesia_cities` (`id`),
  ADD CONSTRAINT `fk_district_id` FOREIGN KEY (`district_id`) REFERENCES `indonesia_districts` (`id`),
  ADD CONSTRAINT `fk_religion_id` FOREIGN KEY (`religion_id`) REFERENCES `attribute_religions` (`id`),
  ADD CONSTRAINT `fk_village_idx` FOREIGN KEY (`village_id`) REFERENCES `indonesia_villages` (`id`),
  ADD CONSTRAINT `fk_work_id` FOREIGN KEY (`work_id`) REFERENCES `attribute_works` (`id`),
  ADD CONSTRAINT `fks_patient_idx` FOREIGN KEY (`patient_flag_id`) REFERENCES `patient_flags` (`id`);

--
-- Constraints for table `patient_admissions`
--
ALTER TABLE `patient_admissions`
  ADD CONSTRAINT `patient_admissions_ibfk_1` FOREIGN KEY (`admission_type_id`) REFERENCES `admission_types` (`id`),
  ADD CONSTRAINT `patient_admissions_ibfk_2` FOREIGN KEY (`patient_id`) REFERENCES `patients` (`id`),
  ADD CONSTRAINT `patient_admissions_ibfk_4` FOREIGN KEY (`status_id`) REFERENCES `appointment_status` (`id`);

--
-- Constraints for table `patient_before_afters`
--
ALTER TABLE `patient_before_afters`
  ADD CONSTRAINT `fk_patient_idxg` FOREIGN KEY (`patient_id`) REFERENCES `patients` (`id`);

--
-- Constraints for table `patient_media_info`
--
ALTER TABLE `patient_media_info`
  ADD CONSTRAINT `fk_media_id` FOREIGN KEY (`media_id`) REFERENCES `attribute_info_media` (`id`),
  ADD CONSTRAINT `fk_patient_ids` FOREIGN KEY (`patient_id`) REFERENCES `patients` (`id`) ON DELETE CASCADE ON UPDATE CASCADE;

--
-- Constraints for table `patient_queues`
--
ALTER TABLE `patient_queues`
  ADD CONSTRAINT `fk_appointment_type_idx` FOREIGN KEY (`appointment_type_id`) REFERENCES `admission_types` (`id`),
  ADD CONSTRAINT `fk_patient_idx` FOREIGN KEY (`patient_id`) REFERENCES `patients` (`id`);

--
-- Constraints for table `patient_timelines`
--
ALTER TABLE `patient_timelines`
  ADD CONSTRAINT `fkt_patient_id` FOREIGN KEY (`patient_id`) REFERENCES `patients` (`id`);

--
-- Constraints for table `patient_timeline_details`
--
ALTER TABLE `patient_timeline_details`
  ADD CONSTRAINT `fk_timeline_id` FOREIGN KEY (`timeline_id`) REFERENCES `patient_timelines` (`id`);

--
-- Constraints for table `permissions`
--
ALTER TABLE `permissions`
  ADD CONSTRAINT `permissions_ability_id_foreign` FOREIGN KEY (`ability_id`) REFERENCES `abilities` (`id`) ON DELETE CASCADE ON UPDATE CASCADE;

--
-- Constraints for table `prescriptions`
--
ALTER TABLE `prescriptions`
  ADD CONSTRAINT `fk_appointment_id` FOREIGN KEY (`appointment_id`) REFERENCES `appointments` (`id`),
  ADD CONSTRAINT `fk_patient_idz` FOREIGN KEY (`patient_id`) REFERENCES `patients` (`id`);

--
-- Constraints for table `prescription_details`
--
ALTER TABLE `prescription_details`
  ADD CONSTRAINT `fk_prescription_id` FOREIGN KEY (`prescription_id`) REFERENCES `prescriptions` (`id`),
  ADD CONSTRAINT `prescription_details_ibfk_1` FOREIGN KEY (`product_id`) REFERENCES `products` (`id`) ON UPDATE CASCADE;

--
-- Constraints for table `prescription_treatments`
--
ALTER TABLE `prescription_treatments`
  ADD CONSTRAINT `prescription_treatments_ibfk_1` FOREIGN KEY (`prescription_id`) REFERENCES `prescriptions` (`id`),
  ADD CONSTRAINT `prescription_treatments_ibfk_2` FOREIGN KEY (`services_id`) REFERENCES `services` (`id`) ON UPDATE CASCADE,
  ADD CONSTRAINT `prescription_treatments_ibfk_3` FOREIGN KEY (`services_id`) REFERENCES `services` (`id`) ON UPDATE CASCADE;

--
-- Constraints for table `products`
--
ALTER TABLE `products`
  ADD CONSTRAINT `fk_category_id` FOREIGN KEY (`category_id`) REFERENCES `product_categories` (`id`);

--
-- Constraints for table `product_categories`
--
ALTER TABLE `product_categories`
  ADD CONSTRAINT `fk_parent_id` FOREIGN KEY (`parent_id`) REFERENCES `product_categories` (`id`);

--
-- Constraints for table `rooms`
--
ALTER TABLE `rooms`
  ADD CONSTRAINT `fk_room_group_id` FOREIGN KEY (`room_group_id`) REFERENCES `room_groups` (`id`);

--
-- Constraints for table `room_groups`
--
ALTER TABLE `room_groups`
  ADD CONSTRAINT `fk_floor_id` FOREIGN KEY (`floor_id`) REFERENCES `floors` (`id`);

--
-- Constraints for table `services`
--
ALTER TABLE `services`
  ADD CONSTRAINT `services_ibfk_1` FOREIGN KEY (`category_id`) REFERENCES `service_categories` (`id`);

--
-- Constraints for table `staff`
--
ALTER TABLE `staff`
  ADD CONSTRAINT `fk_department_id` FOREIGN KEY (`department_id`) REFERENCES `departments` (`id`),
  ADD CONSTRAINT `fk_designation_id` FOREIGN KEY (`designation_id`) REFERENCES `staff_designations` (`id`),
  ADD CONSTRAINT `fk_user_idxs` FOREIGN KEY (`user_id`) REFERENCES `users` (`id`);

--
-- Constraints for table `treatments`
--
ALTER TABLE `treatments`
  ADD CONSTRAINT `treatments_ibfk_1` FOREIGN KEY (`patient_id`) REFERENCES `patients` (`id`),
  ADD CONSTRAINT `treatments_ibfk_2` FOREIGN KEY (`staff_id`) REFERENCES `staff` (`id`),
  ADD CONSTRAINT `treatments_ibfk_3` FOREIGN KEY (`status_id`) REFERENCES `appointment_status` (`id`);

--
-- Constraints for table `treatment_details`
--
ALTER TABLE `treatment_details`
  ADD CONSTRAINT `treatment_details_ibfk_1` FOREIGN KEY (`treatment_id`) REFERENCES `treatments` (`id`);

--
-- Constraints for table `treatment_invoices`
--
ALTER TABLE `treatment_invoices`
  ADD CONSTRAINT `treatment_invoices_ibfk_1` FOREIGN KEY (`treatment_id`) REFERENCES `treatments` (`id`),
  ADD CONSTRAINT `treatment_invoices_ibfk_2` FOREIGN KEY (`invoice_id`) REFERENCES `invoices` (`id`);
COMMIT;

